000
CXUS54 KBRO 010800
CF6HRL
PRELIMINARY LOCAL CLIMATOLOGICAL DATA (WS FORM: F-6)
STATION: HARLINGEN
MONTH: SEPTEMBER
YEAR: 2023
LATITUDE: 26 13 N
LONGITUDE: 97 40 W
TEMPERATURE IN F: :PCPN: SNOW: WIND :SUNSHINE: SKY :PK WND
================================================================================
1 2 3 4 5 6A 6B 7 8 9 10 11 12 13 14 15 16 17 18
12Z AVG MX 2MIN
DY MAX MIN AVG DEP HDD CDD WTR SNW DPTH SPD SPD DIR MIN PSBL S-S WX SPD DR
================================================================================
1 100 73 87 2 0 22 0.00 0.0 0 5.2 20 60 M M 1 31 70
2 99 71 85 1 0 20 0.00 0.0 0 6.2 20 100 M M 1 28 100
3 102 72 87 3 0 22 0.00 0.0 0 8.9 25 100 M M 1 32 110
4 102 78 90 6 0 25 0.00 0.0 0 13.8 25 140 M M 1 39 160
5 101 80 91 7 0 26 0.00 0.0 0 14.0 25 160 M M 1 31 160
6 100 76 88 4 0 23 0.00 0.0 0 9.6 21 100 M M 1 26 80
7 101 74 88 4 0 23 0.00 0.0 0 7.6 21 90 M M 1 34 100
8 103 74 89 5 0 24 0.00 0.0 0 8.2 20 90 M M 1 33 80
9 102 73 88 5 0 23 0.00 0.0 0 7.0 22 90 M M 0 29 90
10 102 75 89 6 0 24 0.00 0.0 0 8.1 23 80 M M 0 30 80
11 100 76 88 5 0 23 0.00 0.0 0 8.4 20 90 M M 1 28 120
12 99 73 86 3 0 21 0.00 0.0 0 8.5 20 110 M M 2 27 100
13 100 73 87 4 0 22 0.00 0.0 0 9.6 25 120 M M 1 33 120
14 101 76 89 6 0 24 0.00 0.0 0 11.5 24 150 M M 1 31 150
15 101 77 89 7 0 24 T 0.0 0 11.1 22 130 M M 2 30 130
16 100 74 87 5 0 22 2.43 0.0 0 6.5 48 310 M M 2 123 74 70
17 93 73 83 1 0 18 0.07 0.0 0 7.3 20 330 M M 2 13 26 320
18 94 73 84 2 0 19 0.00 0.0 0 7.0 21 80 M M 1 1 29 80
19 95 72 84 2 0 19 0.00 0.0 0 5.6 20 80 M M 0 1 25 100
20 98 71 85 3 0 20 0.00 0.0 0 6.0 20 80 M M 0 1 24 80
21 97 73 85 3 0 20 0.00 0.0 0 9.6 22 120 M M 1 30 90
22 99 75 87 6 0 22 0.00 0.0 0 10.0 22 140 M M 1 1 27 140
23 99 76 88 7 0 23 0.00 0.0 0 10.9 21 130 M M 1 26 130
24 99 76 88 7 0 23 0.00 0.0 0 11.5 23 120 M M 1 31 150
25 97 75 86 5 0 21 0.00 0.0 0 9.8 21 110 M M 1 35 130
26 96 74 85 4 0 20 0.00 0.0 0 6.4 18 100 M M 1 24 90
27 96 72 84 3 0 19 0.00 0.0 0 6.1 20 80 M M 1 27 100
28 93 73 83 3 0 18 0.42 0.0 0 6.3 29 90 M M 1 35 80
29 94 72 83 3 0 18 0.03 0.0 0 6.4 16 80 M M 1 22 80
30 96 72 84 4 0 19 T 0.0 0 6.5 18 80 M M 1 27 80
================================================================================
SM 2959 2222 0 647 2.95 0.0 253.6 M 30
================================================================================
AV 98.6 74.1 8.5 FASTST M M 1 MAX(MPH)
MISC ----> 48 310 74 70
================================================================================
NOTES:
# LAST OF SEVERAL OCCURRENCES
COLUMN 17 PEAK WIND IN M.P.H.
PRELIMINARY LOCAL CLIMATOLOGICAL DATA (WS FORM: F-6) , PAGE 2
STATION: HARLINGEN
MONTH: SEPTEMBER
YEAR: 2023
LATITUDE: 26 13 N
LONGITUDE: 97 40 W
[TEMPERATURE DATA] [PRECIPITATION DATA] SYMBOLS USED IN COLUMN 16
AVERAGE MONTHLY: 86.4 TOTAL FOR MONTH: 2.95 1 = FOG OR MIST
DPTR FM NORMAL: 4.0 DPTR FM NORMAL: -2.36 2 = FOG REDUCING VISIBILITY
HIGHEST: 103 ON 8 GRTST 24HR 2.50 ON 16-17 TO 1/4 MILE OR LESS
LOWEST: 71 ON 20, 2 3 = THUNDER
SNOW, ICE PELLETS, HAIL 4 = ICE PELLETS
TOTAL MONTH: 0.0 INCH 5 = HAIL
GRTST 24HR 0.0 6 = FREEZING RAIN OR DRIZZLE
GRTST DEPTH: 0 7 = DUSTSTORM OR SANDSTORM:
VSBY 1/2 MILE OR LESS
8 = SMOKE OR HAZE
[NO. OF DAYS WITH] [WEATHER - DAYS WITH] 9 = BLOWING SNOW
X = TORNADO
MAX 32 OR BELOW: 0 0.01 INCH OR MORE: 4
MAX 90 OR ABOVE: 30 0.10 INCH OR MORE: 2
MIN 32 OR BELOW: 0 0.50 INCH OR MORE: 1
MIN 0 OR BELOW: 0 1.00 INCH OR MORE: 1
[HDD (BASE 65) ]
TOTAL THIS MO. 0 CLEAR (SCALE 0-3) 30
DPTR FM NORMAL 0 PTCLDY (SCALE 4-7) 0
TOTAL FM JUL 1 0 CLOUDY (SCALE 8-10) 0
DPTR FM NORMAL 0
[CDD (BASE 65) ]
TOTAL THIS MO. 647
DPTR FM NORMAL 127 [PRESSURE DATA]
TOTAL FM JAN 1 4103 HIGHEST SLP M ON M
DPTR FM NORMAL 493 LOWEST SLP 29.74 ON 4
[REMARKS]
#FINAL-09-23#