000
CXUS54 KLZK 011230
CF6HRO
PRELIMINARY LOCAL CLIMATOLOGICAL DATA (WS FORM: F-6)
STATION: HARRISON
MONTH: JULY
YEAR: 2023
LATITUDE: 36 15 N
LONGITUDE: 93 9 W
TEMPERATURE IN F: :PCPN: SNOW: WIND :SUNSHINE: SKY :PK WND
================================================================================
1 2 3 4 5 6A 6B 7 8 9 10 11 12 13 14 15 16 17 18
12Z AVG MX 2MIN
DY MAX MIN AVG DEP HDD CDD WTR SNW DPTH SPD SPD DIR MIN PSBL S-S WX SPD DR
================================================================================
1 92 76 84 7 0 19 0.10 0.0 0 7.3 16 240 M M 2 3 24 280
2 89 68 79 1 0 14 0.00 0.0 0 6.4 15 340 M M 1 24 280
3 92 64 78 0 0 13 0.00 0.0 0 2.4 8 110 M M 1 12 140
4 93 69 81 3 0 16 0.00 0.0 0 3.5 12 100 M M 1 3 22 240
5 87 70 79 1 0 14 0.02 0.0 0 4.7 16 340 M M 2 3 21 320
6 86 67 77 -1 0 12 0.00 0.0 0 3.9 9 50 M M 3 12 290
7 90 67 79 1 0 14 0.00 0.0 0 4.2 14 170 M M 2 3 19 170
8 89 71 80 2 0 15 T 0.0 0 4.4 13 20 M M 3 16 30
9 73 63 68 -10 0 3 0.18 0.0 0 5.2 14 130 M M 7 1 21 40
10 86 58 72 -6 0 7 0.00 0.0 0 4.0 10 150 M M 1 1 15 160
11 85 64 75 -3 0 10 0.00 0.0 0 6.7 14 130 M M 0 19 110
12 94 66 80 2 0 15 0.00 0.0 0 7.6 18 140 M M 3 12 24 110
13 96 71 84 6 0 19 1.14 0.0 0 5.5 22 40 M M 4 13 28 230
14 91 68 80 2 0 15 1.47 0.0 0 5.9 23 310 M M 3 13 37 260
15 88 67 78 -1 0 13 0.01 0.0 0 6.2 14 310 M M 1 18 300
16 91 65 78 -1 0 13 0.00 0.0 0 3.1 12 160 M M 0 15 170
17 90 69 80 1 0 15 0.00 0.0 0 5.4 17 70 M M 1 3 25 70
18 96 67 82 3 0 17 0.00 0.0 0 5.9 14 260 M M 0 22 250
19 93 79 86 7 0 21 0.00 0.0 0 7.2 20 240 M M 0 34 230
20 89 74 82 3 0 17 0.00 0.0 0 3.4 9 280 M M 0 12 290
21 77 64 71 -8 0 6 1.15 0.0 0 3.5 21 310 M M 7 13 32 300
22 84 63 74 -5 0 9 0.00 0.0 0 4.4 10 340 M M 2 12 13 330
23 88 64 76 -3 0 11 T 0.0 0 3.0 12 270 M M 2 16 290
24 89 67 78 -1 0 13 T 0.0 0 4.5 13 190 M M 0 21 360
25 92 66 79 0 0 14 0.00 0.0 0 5.7 14 160 M M 0 17 170
26 92 78 85 6 0 20 0.00 0.0 0 6.3 16 230 M M 0 22 250
27 94 72 83 4 0 18 0.00 0.0 0 5.3 13 280 M M 0 18 280
28 93 74 84 5 0 19 0.00 0.0 0 4.9 13 170 M M 0 19 190
29 94 75 85 6 0 20 T 0.0 0 3.5 15 30 M M 0 20 20
30 95 67 81 2 0 16 0.20 0.0 0 3.4 38 330 M M 2 13 54 330
31 90 67 79 0 0 14 0.28 0.0 0 6.6 16 10 M M 2 3 22 300
================================================================================
SM 2778 2120 0 442 4.55 0.0 154.0 M 50
================================================================================
AV 89.6 68.4 5.0 FASTST M M 2 MAX(MPH)
MISC ----> 38 330 54 330
================================================================================
NOTES:
# LAST OF SEVERAL OCCURRENCES
COLUMN 17 PEAK WIND IN M.P.H.
PRELIMINARY LOCAL CLIMATOLOGICAL DATA (WS FORM: F-6) , PAGE 2
STATION: HARRISON
MONTH: JULY
YEAR: 2023
LATITUDE: 36 15 N
LONGITUDE: 93 9 W
[TEMPERATURE DATA] [PRECIPITATION DATA] SYMBOLS USED IN COLUMN 16
AVERAGE MONTHLY: 79.0 TOTAL FOR MONTH: 4.55 1 = FOG OR MIST
DPTR FM NORMAL: 0.5 DPTR FM NORMAL: 0.88 2 = FOG REDUCING VISIBILITY
HIGHEST: 96 ON 18,13 GRTST 24HR 1.48 ON 14-15 TO 1/4 MILE OR LESS
LOWEST: 58 ON 10 3 = THUNDER
SNOW, ICE PELLETS, HAIL 4 = ICE PELLETS
TOTAL MONTH: 0.0 INCH 5 = HAIL
GRTST 24HR 0.0 6 = FREEZING RAIN OR DRIZZLE
GRTST DEPTH: 0 7 = DUSTSTORM OR SANDSTORM:
VSBY 1/2 MILE OR LESS
8 = SMOKE OR HAZE
[NO. OF DAYS WITH] [WEATHER - DAYS WITH] 9 = BLOWING SNOW
X = TORNADO
MAX 32 OR BELOW: 0 0.01 INCH OR MORE: 9
MAX 90 OR ABOVE: 18 0.10 INCH OR MORE: 7
MIN 32 OR BELOW: 0 0.50 INCH OR MORE: 3
MIN 0 OR BELOW: 0 1.00 INCH OR MORE: 3
[HDD (BASE 65) ]
TOTAL THIS MO. 0 CLEAR (SCALE 0-3) 27
DPTR FM NORMAL 0 PTCLDY (SCALE 4-7) 4
TOTAL FM JUL 1 0 CLOUDY (SCALE 8-10) 0
DPTR FM NORMAL 0
[CDD (BASE 65) ]
TOTAL THIS MO. 442
DPTR FM NORMAL 24 [PRESSURE DATA]
TOTAL FM JAN 1 886 HIGHEST SLP 30.17 ON 31
DPTR FM NORMAL 30 LOWEST SLP 29.77 ON 13
[REMARKS]
#FINAL-07-23#