000
CXUS52 KMHX 260600
CF6HSE
PRELIMINARY LOCAL CLIMATOLOGICAL DATA (WS FORM: F-6)
STATION: CAPE HATTERAS NC
MONTH: APRIL
YEAR: 2024
LATITUDE: 35 13 N
LONGITUDE: 75 37 W
TEMPERATURE IN F: :PCPN: SNOW: WIND :SUNSHINE: SKY :PK WND
================================================================================
1 2 3 4 5 6A 6B 7 8 9 10 11 12 13 14 15 16 17 18
12Z AVG MX 2MIN
DY MAX MIN AVG DEP HDD CDD WTR SNW DPTH SPD SPD DIR MIN PSBL S-S WX SPD DR
================================================================================
1 65 58 62 4 3 0 0.00 0.0 0 11.8 17 240 M M 0 1 28 230
2 68 56 62 4 3 0 0.00 0.0 0 11.1 20 220 M M 0 1 33 220
3 69 63 66 8 0 1 0.32 0.0 0 16.6 29 210 M M 2 13 44 200
4 64 55 60 2 5 0 0.00 0.0 0 11.2 18 310 M M 3 34 300
5 62 50 56 -3 9 0 0.00 0.0 0 9.2 17 300 M M 2 8 34 310
6 59 46 53 -6 12 0 0.00 0.0 0 7.3 16 330 M M 4 32 330
7 59 42 51 -8 14 0 0.00 0.0 0 6.7 14 30 M M 1 26 40
8 63 40 52 -8 13 0 0.00 0.0 0 4.9 12 220 M M 0 17 230
9 66 56 61 1 4 0 T 0.0 0 7.9 14 240 M M 2 1 21 250
10 69 59 64 4 1 0 0.00 0.0 0 5.4 12 220 M M 2 1 19 210
11 68 61 65 5 0 0 0.49 0.0 0 17.2 35 190 M M 8 18 49 190
12 M M M M M M M 0.0 0 17.6 24 170 M M 3 138 50 200
13 70 57 64 3 1 0 0.00 0.0 0 11.0 18 290 M M 0 37 290
14 70 54 62 1 3 0 0.00 0.0 0 7.8 18 220 M M 0 31 220
15 71 65 68 6 0 3 0.00 0.0 0 12.6 17 230 M M 0 29 220
16 72 61 67 5 0 2 0.00 0.0 0 7.6 14 70 M M 1 1 25 40
17 72 63 68 6 0 3 0.00 0.0 0 7.6 16 220 M M 2 1 25 230
18 79 58 69 7 0 4 T 0.0 0 9.1 16 240 M M 1 25 270
19 64 54 59 -4 6 0 0.00 0.0 0 8.0 14 30 M M 5 24 40
20 74 60 67 4 0 2 0.05 0.0 0 5.5 12 70 M M 7 13 21 70
21 66 48 57 -6 8 0 0.72 0.0 0 10.2 18 30 M M 10 1 35 50
22 52 48 50 -14 15 0 0.02 0.0 0 11.4 20 30 M M 9 39 30
23 64 50 57 -7 8 0 0.00 0.0 0 6.5 12 40 M M 0 20 40
24 69 58 64 0 1 0 0.00 0.0 0 9.8 17 230 M M 2 18 30 250
25 69 53 61 -3 4 0 0.00 0.0 0 9.2 18 30 M M 4 1 34 30
================================================================================
SM 1604 1315 110 15 1.60 0.0 243.2 M 68
================================================================================
AV 66.8 54.8 9.7 FASTST M M 3 MAX(MPH)
MISC ----> 35 190 50 200
================================================================================
NOTES:
# LAST OF SEVERAL OCCURRENCES
COLUMN 17 PEAK WIND IN M.P.H.
PRELIMINARY LOCAL CLIMATOLOGICAL DATA (WS FORM: F-6) , PAGE 2
STATION: CAPE HATTERAS NC
MONTH: APRIL
YEAR: 2024
LATITUDE: 35 13 N
LONGITUDE: 75 37 W
[TEMPERATURE DATA] [PRECIPITATION DATA] SYMBOLS USED IN COLUMN 16
AVERAGE MONTHLY: 60.8 TOTAL FOR MONTH: 1.60 1 = FOG OR MIST
DPTR FM NORMAL: -0.2 DPTR FM NORMAL: -1.65 2 = FOG REDUCING VISIBILITY
HIGHEST: 79 ON 18 GRTST 24HR 0.72 ON 21-21 TO 1/4 MILE OR LESS
LOWEST: 40 ON 8 3 = THUNDER
SNOW, ICE PELLETS, HAIL 4 = ICE PELLETS
TOTAL MONTH: 0.0 INCH 5 = HAIL
GRTST 24HR 0.0 6 = FREEZING RAIN OR DRIZZLE
GRTST DEPTH: 0 7 = DUSTSTORM OR SANDSTORM:
VSBY 1/2 MILE OR LESS
8 = SMOKE OR HAZE
[NO. OF DAYS WITH] [WEATHER - DAYS WITH] 9 = BLOWING SNOW
X = TORNADO
MAX 32 OR BELOW: 0 0.01 INCH OR MORE: 5
MAX 90 OR ABOVE: 0 0.10 INCH OR MORE: 3
MIN 32 OR BELOW: 0 0.50 INCH OR MORE: 1
MIN 0 OR BELOW: 0 1.00 INCH OR MORE: 0
[HDD (BASE 65) ]
TOTAL THIS MO. 110 CLEAR (SCALE 0-3) 18
DPTR FM NORMAL -21 PTCLDY (SCALE 4-7) 5
TOTAL FM JUL 1 1999 CLOUDY (SCALE 8-10) 2
DPTR FM NORMAL -130
[CDD (BASE 65) ]
TOTAL THIS MO. 15
DPTR FM NORMAL -16 [PRESSURE DATA]
TOTAL FM JAN 1 15 HIGHEST SLP M ON M
DPTR FM NORMAL -25 LOWEST SLP 29.35 ON 3
[REMARKS]