000
CXUS53 KGID 011449
CLMHSI
CLIMATE REPORT
NATIONAL WEATHER SERVICE HASTINGS NE
949 AM CDT SAT JUL 01 2023
...................................
...THE HASTINGS NE CLIMATE SUMMARY FOR THE MONTH OF JUNE 2023...
CLIMATE NORMAL PERIOD 1991 TO 2020
CLIMATE RECORD PERIOD 1894 TO 2023
WEATHER OBSERVED NORMAL DEPART LAST YEAR`S
VALUE DATE(S) VALUE FROM VALUE DATE(S)
NORMAL
................................................................
TEMPERATURE (F)
RECORD
HIGH 110 06/26/1936
LOW 34 06/04/1951
HIGHEST 94 06/19 98 -4 103 06/13
LOWEST 49 06/12 48 1 45 06/02
AVG. MAXIMUM 83.7 83.8 -0.1 86.6
AVG. MINIMUM 60.8 61.6 -0.8 61.8
MEAN 72.2 72.7 -0.5 74.2
DAYS MAX >= 90 4 8.0 -4.0 10
DAYS MAX <= 32 0 0.0 0.0 0
DAYS MIN <= 32 0 0.0 0.0 0
DAYS MIN <= 0 0 0.0 0.0 0
PRECIPITATION (INCHES)
RECORD
MAXIMUM 11.71 1915
MINIMUM 0.38 1911
TOTALS 5.17 3.67 1.50 2.95
DAILY AVG. 0.17 0.12 0.05 0.10
DAYS >= .01 9 10.7 -1.7 MM
DAYS >= .10 7 6.0 1.0 MM
DAYS >= .50 5 2.4 2.6 MM
DAYS >= 1.00 2 1.0 1.0 MM
GREATEST
24 HR. TOTAL 1.61 06/21 TO 06/21
SNOWFALL (INCHES)
RECORDS
TOTAL T 2022
TOTALS 0.0 0.0 0.0 T
SINCE 7/1 27.9 28.6 -0.7 MM
DAYS >= 1.0 0 MM MM 0
GREATEST
SNOW DEPTH 0 0 MM
24 HR TOTAL 0.0
DEGREE DAYS
HEATING TOTAL 3 16 -13 7
SINCE 7/1 5931 5867 64 MM
COOLING TOTAL 227 247 -20 293
SINCE 1/1 329 321 8 MM
................................................................
WIND (MPH)
AVERAGE WIND SPEED 6.8
HIGHEST WIND SPEED/DIRECTION 37/330 DATE 06/09
HIGHEST GUST SPEED/DIRECTION 50/330 DATE 06/09
SKY COVER
POSSIBLE SUNSHINE (PERCENT) MM
AVERAGE SKY COVER 0.20
NUMBER OF DAYS FAIR 23
NUMBER OF DAYS PC 7
NUMBER OF DAYS CLOUDY 0
AVERAGE RH (PERCENT) 66
WEATHER CONDITIONS. NUMBER OF DAYS WITH
THUNDERSTORM 14 MIXED PRECIP 0
HEAVY RAIN 6 RAIN 6
LIGHT RAIN 14 FREEZING RAIN 0
LT FREEZING RAIN 0 HAIL 0
HEAVY SNOW 0 SNOW 0
LIGHT SNOW 0 SLEET 0
FOG 14 FOG W/VIS <= 1/4 MILE 1
HAZE 12
- INDICATES NEGATIVE NUMBERS.
R INDICATES RECORD WAS SET OR TIED.
MM INDICATES DATA IS MISSING.
T INDICATES TRACE AMOUNT.
$$