000
CXUS53 KGID 011503
CLMHSI
CLIMATE REPORT
NATIONAL WEATHER SERVICE HASTINGS NE
903 AM CST THU FEB 01 2024
...................................
...THE HASTINGS NE CLIMATE SUMMARY FOR THE MONTH OF JANUARY 2024...
CLIMATE NORMAL PERIOD 1991 TO 2020
CLIMATE RECORD PERIOD 1894 TO 2024
WEATHER OBSERVED NORMAL DEPART LAST YEAR`S
VALUE DATE(S) VALUE FROM VALUE DATE(S)
NORMAL
................................................................
TEMPERATURE (F)
RECORD
HIGH 76 01/11/1990
LOW -30 01/12/1912
HIGHEST 62 01/31 61 1 54 01/10
LOWEST -16 01/13 -10 -6 -1 01/29
01/30
AVG. MAXIMUM 28.6 36.4 -7.8 35.2
AVG. MINIMUM 13.3 16.4 -3.1 19.1
MEAN 20.9 26.4 -5.5 27.1
DAYS MAX >= 90 0 0.0 0.0 0
DAYS MAX <= 32 19 11.3 7.7 11
DAYS MIN <= 32 30 30.0 0.0 31
DAYS MIN <= 0 7 3.1 3.9 2
PRECIPITATION (INCHES)
RECORD
MAXIMUM 3.23 1960
MINIMUM 0.00 1986
TOTALS 1.05 0.55 0.50 1.19
DAILY AVG. 0.03 0.02 0.01 0.04
DAYS >= .01 8 5.0 3.0 4
DAYS >= .10 3 1.6 1.4 3
DAYS >= .50 0 0.2 -0.2 1
DAYS >= 1.00 0 0.0 0.0 0
GREATEST
24 HR. TOTAL 0.48 01/08 TO 01/08
SNOWFALL (INCHES)
RECORDS
TOTAL 22.0 1932
TOTALS 15.6 6.5 9.1 11.5
SINCE 7/1 23.0 15.6 7.4 MM
DAYS >= 1.0 3 2.2 0.8 1
GREATEST
SNOW DEPTH 10 01/13 11 01/19
01/20
24 HR TOTAL 6.3 01/31 TO 01/31
DEGREE DAYS
HEATING TOTAL 1357 1196 161 1166
SINCE 7/1 3355 3537 -182 MM
COOLING TOTAL 0 0 0 0
SINCE 1/1 0 0 0 MM
................................................................
WIND (MPH)
AVERAGE WIND SPEED 9.9
HIGHEST WIND SPEED/DIRECTION 38/350 DATE 01/18
HIGHEST GUST SPEED/DIRECTION 59/340 DATE 01/18
SKY COVER
POSSIBLE SUNSHINE (PERCENT) MM
AVERAGE SKY COVER 0.43
NUMBER OF DAYS FAIR 15
NUMBER OF DAYS PC 8
NUMBER OF DAYS CLOUDY 8
AVERAGE RH (PERCENT) 81
WEATHER CONDITIONS. NUMBER OF DAYS WITH
THUNDERSTORM 0 MIXED PRECIP 0
HEAVY RAIN 0 RAIN 0
LIGHT RAIN 0 FREEZING RAIN 0
LT FREEZING RAIN 0 HAIL 0
HEAVY SNOW 2 SNOW 5
LIGHT SNOW 9 SLEET 0
FOG 17 FOG W/VIS <= 1/4 MILE 8
HAZE 5
- INDICATES NEGATIVE NUMBERS.
R INDICATES RECORD WAS SET OR TIED.
MM INDICATES DATA IS MISSING.
T INDICATES TRACE AMOUNT.
$$