000
CXUS53 KAPX 010730
CF6HTL
PRELIMINARY LOCAL CLIMATOLOGICAL DATA (WS FORM: F-6)
STATION: HOUGHTON LAKE MI
MONTH: MAY
YEAR: 2022
LATITUDE: 44 22 N
LONGITUDE: 84 41 W
TEMPERATURE IN F: :PCPN: SNOW: WIND :SUNSHINE: SKY :PK WND
================================================================================
1 2 3 4 5 6A 6B 7 8 9 10 11 12 13 14 15 16 17 18
12Z AVG MX 2MIN
DY MAX MIN AVG DEP HDD CDD WTR SNW DPTH SPD SPD DIR MIN PSBL S-S WX SPD DR
================================================================================
1 57 40 49 0 16 0 0.32 0.0 0 9.8 16 210 M M 10 1 25 200
2 50 45 48 -1 17 0 0.00 0.0 0 8.4 14 280 M M 10 1 20 240
3 48 40 44 -6 21 0 0.34 0.0 0 6.5 18 20 M M 10 1 23 40
4 63 36 50 0 15 0 0.00 0.0 0 6.5 14 240 M M 1 18 40
5 66 31 49 -2 16 0 0.00 0.0 0 5.5 15 140 M M 0 12 21 120
6 63 41 52 1 13 0 0.00 0.0 0 12.3 25 70 M M 0 34 70
7 66 34 50 -2 15 0 0.00 0.0 0 8.9 17 100 M M 0 25 30
8 67 29 48 -4 17 0 0.00 0.0 0 8.5 20 110 M M 0 29 130
9 75 48 62 10 3 0 0.00 0.0 0 12.7 28 130 M M 0 42 160
10 83 59 71 18 0 6 0.00 0.0 0 9.8 18 170 M M 5 26 150
11 77 57 67 14 0 2 0.90 0.0 0 5.7 16 150 M M 2 13 24 150
12 87 60 74 21 0 9 0.00 0.0 0 8.3 17 170 M M 0 24 190
13 86 60 73 19 0 8 0.00 0.0 0 8.0 16 150 M M 0 24 170
14 84 57 71 17 0 6 0.93 0.0 0 5.5 28 200 M M 2 13 43 280
15 76 51 64 9 1 0 T 0.0 0 4.6 14 310 M M 3 12 19 310
16 70 45 58 3 7 0 0.00 0.0 0 9.2 21 320 M M 5 32 300
17 59 39 49 -6 16 0 0.00 0.0 0 9.6 20 300 M M 1 30 300
18 59 35 47 -9 18 0 0.00 0.0 0 6.7 18 170 M M 6 26 180
19 73 51 62 6 3 0 0.00 0.0 0 8.2 16 240 M M 6 27 250
20 82 57 70 14 0 5 0.06 0.0 0 11.2 31 230 M M 5 1 50 240
21 65 48 57 0 8 0 0.02 0.0 0 6.9 13 350 M M 6 3 19 260
22 57 38 48 -9 17 0 0.10 0.0 0 7.5 17 300 M M 7 1 27 280
23 62 33 48 -9 17 0 0.00 0.0 0 5.1 12 170 M M 1 1 21 40
24 67 36 52 -6 13 0 0.00 0.0 0 5.6 13 230 M M 0 18 100
25 65 46 56 -2 9 0 0.18 0.0 0 10.8 22 100 M M 7 1 33 100
26 76 59 68 10 0 3 0.56 0.0 0 7.6 14 230 M M 8 18 22 220
27 66 48 57 -2 8 0 0.00 0.0 0 7.5 16 330 M M 7 1 22 310
28 70 44 57 -2 8 0 T 0.0 0 4.0 10 250 M M 3 1 16 240
29 80 55 68 9 0 3 0.00 0.0 0 9.2 17 160 M M 2 28 150
30 86 66 76 16 0 11 0.00 0.0 0 9.4 18 180 M M 0 25 160
31 86 67 77 17 0 12 0.35 0.0 0 10.7 26 230 M M 3 3 39 230
================================================================================
SM 2171 1455 258 65 3.76 0.0 250.2 M 110
================================================================================
AV 70.0 46.9 8.1 FASTST M M 4 MAX(MPH)
MISC ----> 31 230 50 240
================================================================================
NOTES:
# LAST OF SEVERAL OCCURRENCES
COLUMN 17 PEAK WIND IN M.P.H.
PRELIMINARY LOCAL CLIMATOLOGICAL DATA (WS FORM: F-6) , PAGE 2
STATION: HOUGHTON LAKE MI
MONTH: MAY
YEAR: 2022
LATITUDE: 44 22 N
LONGITUDE: 84 41 W
[TEMPERATURE DATA] [PRECIPITATION DATA] SYMBOLS USED IN COLUMN 16
AVERAGE MONTHLY: 58.5 TOTAL FOR MONTH: 3.76 1 = FOG OR MIST
DPTR FM NORMAL: 3.8 DPTR FM NORMAL: 0.61 2 = FOG REDUCING VISIBILITY
HIGHEST: 87 ON 12 GRTST 24HR 0.93 ON 14-14 TO 1/4 MILE OR LESS
LOWEST: 29 ON 8 3 = THUNDER
SNOW, ICE PELLETS, HAIL 4 = ICE PELLETS
TOTAL MONTH: 0.0 INCH 5 = HAIL
GRTST 24HR 0.0 6 = FREEZING RAIN OR DRIZZLE
GRTST DEPTH: 0 7 = DUSTSTORM OR SANDSTORM:
VSBY 1/2 MILE OR LESS
8 = SMOKE OR HAZE
[NO. OF DAYS WITH] [WEATHER - DAYS WITH] 9 = BLOWING SNOW
X = TORNADO
MAX 32 OR BELOW: 0 0.01 INCH OR MORE: 10
MAX 90 OR ABOVE: 0 0.10 INCH OR MORE: 8
MIN 32 OR BELOW: 2 0.50 INCH OR MORE: 3
MIN 0 OR BELOW: 0 1.00 INCH OR MORE: 0
[HDD (BASE 65) ]
TOTAL THIS MO. 258 CLEAR (SCALE 0-3) 18
DPTR FM NORMAL -80 PTCLDY (SCALE 4-7) 10
TOTAL FM JUL 1 7433 CLOUDY (SCALE 8-10) 3
DPTR FM NORMAL -363
[CDD (BASE 65) ]
TOTAL THIS MO. 65
DPTR FM NORMAL 45 [PRESSURE DATA]
TOTAL FM JAN 1 65 HIGHEST SLP 30.44 ON 23
DPTR FM NORMAL 44 LOWEST SLP 29.35 ON 20
[REMARKS]
#FINAL-05-22#