000
CXUS53 KAPX 011306
CF6HTL
PRELIMINARY LOCAL CLIMATOLOGICAL DATA (WS FORM: F-6)
STATION: HOUGHTON LAKE MI
MONTH: OCTOBER
YEAR: 2023
LATITUDE: 44 22 N
LONGITUDE: 84 41 W
TEMPERATURE IN F: :PCPN: SNOW: WIND :SUNSHINE: SKY :PK WND
================================================================================
1 2 3 4 5 6A 6B 7 8 9 10 11 12 13 14 15 16 17 18
12Z AVG MX 2MIN
DY MAX MIN AVG DEP HDD CDD WTR SNW DPTH SPD SPD DIR MIN PSBL S-S WX SPD DR
================================================================================
1 82 54 68 15 0 3 0.00 0.0 0 3.7 9 160 M M 2 1 14 190
2 83 50 67 15 0 2 0.00 0.0 0 3.9 8 180 M M 0 1 11 270
3 83 49 66 14 0 1 0.00 0.0 0 5.1 10 190 M M 0 1 17 190
4 78 63 71 20 0 6 0.08 0.0 0 9.8 17 190 M M 3 1 27 180
5 66 58 62 11 3 0 0.49 0.0 0 7.9 15 160 M M 9 13 26 190
6 59 47 53 2 12 0 0.01 0.0 0 10.8 20 270 M M 5 33 260
7 51 39 45 -5 20 0 0.12 0.0 0 12.9 23 320 M M 9 1 32 310
8 52 37 45 -5 20 0 T 0.0 0 12.6 26 320 M M 6 40 290
9 49 40 45 -4 20 0 T 0.0 0 14.9 23 280 M M 7 33 260
10 47 41 44 -5 21 0 0.05 0.0 0 10.6 15 280 M M 10 1 24 280
11 56 34 45 -4 20 0 0.00 0.0 0 5.9 13 290 M M 8 1 19 290
12 59 28 44 -4 21 0 0.00 0.0 0 5.2 12 50 M M 3 12 16 20
13 51 39 45 -3 20 0 0.78 0.0 0 6.4 14 80 M M 7 1 18 60
14 53 39 46 -2 19 0 0.05 0.0 0 10.5 21 30 M M 9 1 29 30
15 52 44 48 1 17 0 T 0.0 0 10.1 20 320 M M 9 31 340
16 54 33 44 -3 21 0 0.00 0.0 0 6.9 14 310 M M 6 21 330
17 51 34 43 -3 22 0 0.00 0.0 0 5.0 10 170 M M 10 14 170
18 61 37 49 3 16 0 T 0.0 0 6.7 14 170 M M 4 1 21 170
19 54 49 52 6 13 0 0.29 0.0 0 6.0 14 190 M M 10 1 20 160
20 52 43 48 3 17 0 0.07 0.0 0 9.2 18 310 M M 10 1 29 340
21 52 37 45 0 20 0 0.00 0.0 0 8.6 17 320 M M 10 26 340
22 50 27 39 -5 26 0 0.00 0.0 0 8.1 16 330 M M 4 1 26 340
23 46 24 35 -9 30 0 0.11 0.0 0 5.1 14 350 M M 7 123 19 340
24 67 46 57 13 8 0 0.14 0.0 0 7.4 20 220 M M 8 13 31 230
25 65 56 61 18 4 0 0.02 0.0 0 7.0 16 220 M M 9 1 25 210
26 63 56 60 17 5 0 0.30 0.0 0 8.0 14 220 M M 10 1 22 220
27 66 51 59 16 6 0 0.42 0.0 0 10.6 23 300 M M 10 1 36 260
28 51 37 44 2 21 0 T 0.0 0 6.7 18 320 M M 8 1 29 340
29 42 34 38 -4 27 0 0.11 T 0 5.0 10 330 M M 10 1 13 340
30 39 30 35 -7 30 0 0.01 T 0 9.4 21 280 M M 7 1 30 290
31 40 28 34 -7 31 0 0.00 T 0 7.5 17 340 M M 7 27 350
================================================================================
SM 1774 1284 490 12 3.05 T 247.5 M 217
================================================================================
AV 57.2 41.4 8.0 FASTST M M 7 MAX(MPH)
MISC ----> 26 320 40 290
================================================================================
NOTES:
# LAST OF SEVERAL OCCURRENCES
COLUMN 17 PEAK WIND IN M.P.H.
PRELIMINARY LOCAL CLIMATOLOGICAL DATA (WS FORM: F-6) , PAGE 2
STATION: HOUGHTON LAKE MI
MONTH: OCTOBER
YEAR: 2023
LATITUDE: 44 22 N
LONGITUDE: 84 41 W
[TEMPERATURE DATA] [PRECIPITATION DATA] SYMBOLS USED IN COLUMN 16
AVERAGE MONTHLY: 49.3 TOTAL FOR MONTH: 3.05 1 = FOG OR MIST
DPTR FM NORMAL: 2.5 DPTR FM NORMAL: -0.03 2 = FOG REDUCING VISIBILITY
HIGHEST: 83 ON 3, 2 GRTST 24HR 0.83 ON 13-14 TO 1/4 MILE OR LESS
LOWEST: 24 ON 23 3 = THUNDER
SNOW, ICE PELLETS, HAIL 4 = ICE PELLETS
TOTAL MONTH: T 5 = HAIL
GRTST 24HR T ON 29-29 6 = FREEZING RAIN OR DRIZZLE
GRTST DEPTH: 0 7 = DUSTSTORM OR SANDSTORM:
VSBY 1/2 MILE OR LESS
8 = SMOKE OR HAZE
[NO. OF DAYS WITH] [WEATHER - DAYS WITH] 9 = BLOWING SNOW
X = TORNADO
MAX 32 OR BELOW: 0 0.01 INCH OR MORE: 16
MAX 90 OR ABOVE: 0 0.10 INCH OR MORE: 9
MIN 32 OR BELOW: 5 0.50 INCH OR MORE: 1
MIN 0 OR BELOW: 0 1.00 INCH OR MORE: 0
[HDD (BASE 65) ]
TOTAL THIS MO. 490 CLEAR (SCALE 0-3) 5
DPTR FM NORMAL -77 PTCLDY (SCALE 4-7) 12
TOTAL FM JUL 1 777 CLOUDY (SCALE 8-10) 14
DPTR FM NORMAL -123
[CDD (BASE 65) ]
TOTAL THIS MO. 12
DPTR FM NORMAL 10 [PRESSURE DATA]
TOTAL FM JAN 1 276 HIGHEST SLP 30.40 ON 1
DPTR FM NORMAL -61 LOWEST SLP 29.48 ON 20
[REMARKS]
#FINAL-10-23#