000
CXUS51 KRLX 030553
CF6HTS
PRELIMINARY LOCAL CLIMATOLOGICAL DATA (WS FORM: F-6)
STATION: HUNTINGTON WV
MONTH: OCTOBER
YEAR: 2020
LATITUDE: 38 22 N
LONGITUDE: 82 33 W
TEMPERATURE IN F: :PCPN: SNOW: WIND :SUNSHINE: SKY :PK WND
================================================================================
1 2 3 4 5 6A 6B 7 8 9 10 11 12 13 14 15 16 17 18
12Z AVG MX 2MIN
DY MAX MIN AVG DEP HDD CDD WTR SNW DPTH SPD SPD DIR MIN PSBL S-S WX SPD DR
================================================================================
1 70 51 61 -1 4 0 T 0.0 0 4.2 13 230 M M 7 18 250
2 63 43 53 -8 12 0 0.00 0.0 0 3.2 10 340 M M 3 13 350
3 66 38 52 -9 13 0 0.00 0.0 0 1.5 9 320 M M 2 18 13 130
4 70 45 58 -2 7 0 0.18 0.0 0 6.0 15 340 M M 8 25 330
5 62 43 53 -7 12 0 0.00 0.0 0 2.0 8 120 M M 5 12 12 330
6 72 38 55 -5 10 0 0.00 0.0 0 3.5 12 240 M M 0 18 17 230
7 79 53 66 7 0 1 0.00 0.0 0 6.8 16 240 M M 0 26 210
8 75 50 63 4 2 0 0.00 0.0 0 1.3 8 10 M M 0 13 50
9 76 47 62 3 3 0 T 0.0 0 2.9 8 180 M M 1 12 190
10 67 62 65 7 0 0 0.04 0.0 0 3.9 12 190 M M 8 12 15 180
11 66 61 64 6 1 0 0.96 0.0 0 5.8 10 50 M M 8 1 15 60
12 76 62 69 11 0 4 0.02 0.0 0 4.2 16 320 M M 9 12 22 300
13 68 47 58 1 7 0 0.01 0.0 0 5.4 20 330 M M 3 26 340
14 73 45 59 2 6 0 0.00 0.0 0 5.4 12 240 M M 0 15 230
15 75 52 64 7 1 0 0.06 0.0 0 6.9 18 230 M M 5 1 26 190
16 59 36 48 -8 17 0 0.21 0.0 0 4.9 13 330 M M 3 1 17 300
17 62 31 47 -9 18 0 0.00 0.0 0 3.8 9 190 M M 0 13 180
18 63 37 50 -6 15 0 T 0.0 0 3.7 12 190 M M 6 16 170
19 67 54 61 5 4 0 0.06 0.0 0 3.3 12 330 M M 9 12 17 320
20 76 57 67 12 0 2 0.15 0.0 0 2.7 15 180 M M 5 12 27 290
21 82 56 69 14 0 4 0.00 0.0 0 3.9 13 240 M M 2 12 17 240
22 82 52 67 12 0 2 0.00 0.0 0 3.2 9 220 M M 1 1 13 230
23 81 56 69 15 0 4 0.38 0.0 0 4.9 16 300 M M 4 13 25 300
24 64 48 56 2 9 0 T 0.0 0 7.1 18 330 M M 10 1 24 330
25 50 46 48 -6 17 0 0.01 0.0 0 5.4 12 50 M M 10 1 17 50
26 61 49 55 1 10 0 0.01 0.0 0 1.4 6 330 M M 8 1 9 270
27 64 48 56 3 9 0 T 0.0 0 2.9 9 50 M M 5 9 50
28 64 52 58 5 7 0 1.45 0.0 0 2.6 6 70 M M 7 1 6 70
29 61 48 55 2 10 0 0.80 0.0 0 6.4 12 340 M M 10 18 12 340
30 50 43 47 -5 18 0 0.00 0.0 0 6.6 12 330 M M 8 1 18 330
31 59 36 48 -4 17 0 0.00 0.0 0 3.3 8 130 M M 1 8 130
================================================================================
SM 2103 1486 229 17 4.34 0.0 129.1 M 148
================================================================================
AV 67.8 47.9 4.2 FASTST M M 5 MAX(MPH)
MISC ----> 20 330 27 290
================================================================================
NOTES:
# LAST OF SEVERAL OCCURRENCES
COLUMN 17 PEAK WIND IN M.P.H.
PRELIMINARY LOCAL CLIMATOLOGICAL DATA (WS FORM: F-6) , PAGE 2
STATION: HUNTINGTON WV
MONTH: OCTOBER
YEAR: 2020
LATITUDE: 38 22 N
LONGITUDE: 82 33 W
[TEMPERATURE DATA] [PRECIPITATION DATA] SYMBOLS USED IN COLUMN 16
AVERAGE MONTHLY: 57.9 TOTAL FOR MONTH: 4.34 1 = FOG OR MIST
DPTR FM NORMAL: 1.3 DPTR FM NORMAL: 1.53 2 = FOG REDUCING VISIBILITY
HIGHEST: 82 ON 22,21 GRTST 24HR 1.45 ON 28-28 TO 1/4 MILE OR LESS
LOWEST: 31 ON 17 3 = THUNDER
SNOW, ICE PELLETS, HAIL 4 = ICE PELLETS
TOTAL MONTH: 0.0 INCH 5 = HAIL
GRTST 24HR 0.0 6 = FREEZING RAIN OR DRIZZLE
GRTST DEPTH: 0 7 = DUSTSTORM OR SANDSTORM:
VSBY 1/2 MILE OR LESS
8 = SMOKE OR HAZE
[NO. OF DAYS WITH] [WEATHER - DAYS WITH] 9 = BLOWING SNOW
X = TORNADO
MAX 32 OR BELOW: 0 0.01 INCH OR MORE: 14
MAX 90 OR ABOVE: 0 0.10 INCH OR MORE: 7
MIN 32 OR BELOW: 1 0.50 INCH OR MORE: 3
MIN 0 OR BELOW: 0 1.00 INCH OR MORE: 1
[HDD (BASE 65) ]
TOTAL THIS MO. 229 CLEAR (SCALE 0-3) 12
DPTR FM NORMAL -52 PTCLDY (SCALE 4-7) 13
TOTAL FM JUL 1 284 CLOUDY (SCALE 8-10) 6
DPTR FM NORMAL -54
[CDD (BASE 65) ]
TOTAL THIS MO. 17
DPTR FM NORMAL -4 [PRESSURE DATA]
TOTAL FM JAN 1 1327 HIGHEST SLP 30.39 ON 17
DPTR FM NORMAL 195 LOWEST SLP 29.51 ON 29
[REMARKS]
#FINAL-10-20#
BACKUP COOP SITE USED FOR PRECIPITATION 28TH AND 29TH DUE TO POWER OUTAGE AT ASOS.