000
CXUS53 KIND 010700
CF6HUF
PRELIMINARY LOCAL CLIMATOLOGICAL DATA (WS FORM: F-6)
STATION: TERRE HAUTE IN
MONTH: DECEMBER
YEAR: 2023
LATITUDE: 39 27 N
LONGITUDE: 87 18 W
TEMPERATURE IN F: :PCPN: SNOW: WIND :SUNSHINE: SKY :PK WND
================================================================================
1 2 3 4 5 6A 6B 7 8 9 10 11 12 13 14 15 16 17 18
12Z AVG MX 2MIN
DY MAX MIN AVG DEP HDD CDD WTR SNW DPTH SPD SPD DIR MIN PSBL S-S WX SPD DR
================================================================================
1 52 42 47 9 18 0 0.37 M M 9.6 23 200 M M 10 1 36 200
2 51 41 46 9 19 0 0.00 M M 4.2 14 270 M M 9 20 270
3 45 27 36 -1 29 0 T M M 6.7 20 260 M M 7 1 28 260
4 47 27 37 0 28 0 T M M 4.6 12 320 M M 8 15 330
5 46 39 43 7 22 0 0.09 M M 8.3 18 350 M M 10 1 27 350
6 42 33 38 2 27 0 0.00 M M 7.4 13 310 M M 8 20 330
7 58 34 46 10 19 0 0.00 M M 11.7 21 190 M M 1 30 180
8 59 47 53 17 12 0 0.00 M M 15.3 25 190 M M 7 33 170
9 63 42 53 18 12 0 0.01 M M 11.8 24 180 M M 8 33 170
10 42 30 36 1 29 0 0.00 M M 8.6 17 300 M M 10 25 300
11 42 20 31 -4 34 0 0.00 M M 3.7 10 190 M M 0 14 200
12 50 25 38 4 27 0 0.00 M M 6.8 13 280 M M 0 18 290
13 48 24 36 2 29 0 0.00 M M 1.2 7 20 M M 3 9 40
14 55 21 38 4 27 0 0.00 M M 1.8 7 170 M M 0 9 200
15 59 25 42 8 23 0 0.00 M M 3.7 13 180 M M 0 18 160
16 55 41 48 15 17 0 0.74 M M 8.0 17 160 M M 7 1 22 150
17 48 38 43 10 22 0 0.02 M M 7.3 16 300 M M 10 1 23 300
18 39 23 31 -2 34 0 T M M 14.8 30 310 M M 10 1 43 310
19 36 15 26 -6 39 0 0.00 M M 5.0 14 190 M M 0 17 190
20 50 26 38 6 27 0 0.00 M M 7.8 16 180 M M 0 21 190
21 53 34 44 12 21 0 T M M 4.9 10 160 M M 3 13 200
22 50 42 46 14 19 0 0.04 M M 7.2 13 180 M M 10 18 180
23 52 46 49 17 16 0 0.07 M M 6.2 15 210 M M 10 12 23 210
24 65 44 55 24 10 0 0.01 M M 7.3 14 140 M M 5 12 19 160
25 58 51 55 24 10 0 0.46 M M 13.3 23 120 M M 8 1 39 150
26 51 30 41 10 24 0 T M M 5.8 15 190 M M 7 1 22 200
27 47 25 36 5 29 0 0.00 M M 4.6 12 60 M M 5 1 17 60
28 41 34 38 8 27 0 0.10 M M 7.6 14 310 M M 10 1 19 320
29 39 33 36 6 29 0 0.06 M M 4.7 12 290 M M 10 1 17 290
30 42 33 38 8 27 0 0.00 M M 8.0 14 240 M M 7 1 21 300
31 37 31 34 4 31 0 0.00 M M 8.4 18 290 M M 7 29 270
================================================================================
SM 1522 1023 737 0 1.97 M 226.3 M 190
================================================================================
AV 49.1 33.0 7.3 FASTST M M 6 MAX(MPH)
MISC ----> 30 310 43 310
================================================================================
NOTES:
# LAST OF SEVERAL OCCURRENCES
COLUMN 17 PEAK WIND IN M.P.H.
PRELIMINARY LOCAL CLIMATOLOGICAL DATA (WS FORM: F-6) , PAGE 2
STATION: TERRE HAUTE IN
MONTH: DECEMBER
YEAR: 2023
LATITUDE: 39 27 N
LONGITUDE: 87 18 W
[TEMPERATURE DATA] [PRECIPITATION DATA] SYMBOLS USED IN COLUMN 16
AVERAGE MONTHLY: 41.0 TOTAL FOR MONTH: 1.97 1 = FOG OR MIST
DPTR FM NORMAL: 7.5 DPTR FM NORMAL: -0.52 2 = FOG REDUCING VISIBILITY
HIGHEST: 65 ON 24 GRTST 24HR 0.76 ON 16-17 TO 1/4 MILE OR LESS
LOWEST: 15 ON 19 3 = THUNDER
SNOW, ICE PELLETS, HAIL 4 = ICE PELLETS
TOTAL MONTH: M 5 = HAIL
GRTST 24HR M ON M 6 = FREEZING RAIN OR DRIZZLE
GRTST DEPTH: M ON M 7 = DUSTSTORM OR SANDSTORM:
VSBY 1/2 MILE OR LESS
8 = SMOKE OR HAZE
[NO. OF DAYS WITH] [WEATHER - DAYS WITH] 9 = BLOWING SNOW
X = TORNADO
MAX 32 OR BELOW: 0 0.01 INCH OR MORE: 11
MAX 90 OR ABOVE: 0 0.10 INCH OR MORE: 4
MIN 32 OR BELOW: 14 0.50 INCH OR MORE: 1
MIN 0 OR BELOW: 0 1.00 INCH OR MORE: 0
[HDD (BASE 65) ]
TOTAL THIS MO. 737 CLEAR (SCALE 0-3) 8
DPTR FM NORMAL -239 PTCLDY (SCALE 4-7) 13
TOTAL FM JUL 1 1611 CLOUDY (SCALE 8-10) 10
DPTR FM NORMAL -426
[CDD (BASE 65) ]
TOTAL THIS MO. 0
DPTR FM NORMAL 0 [PRESSURE DATA]
TOTAL FM JAN 1 1107 HIGHEST SLP M ON M
DPTR FM NORMAL 31 LOWEST SLP 29.74 ON 9
[REMARKS]
#FINAL-12-23#