000
CXUS56 KMTR 011100
CF6HWD
PRELIMINARY LOCAL CLIMATOLOGICAL DATA (WS FORM: F-6)
STATION: HAYWARD AIRPORT
MONTH: JANUARY
YEAR: 2022
LATITUDE: 37 39 N
LONGITUDE: 122 7 W
TEMPERATURE IN F: :PCPN: SNOW: WIND :SUNSHINE: SKY :PK WND
================================================================================
1 2 3 4 5 6A 6B 7 8 9 10 11 12 13 14 15 16 17 18
12Z AVG MX 2MIN
DY MAX MIN AVG DEP HDD CDD WTR SNW DPTH SPD SPD DIR MIN PSBL S-S WX SPD DR
================================================================================
1 54 33 44 -7 21 0 0.00 M M 3.8 9 40 M M 0 12 40
2 56 33 45 -6 20 0 0.00 M M 3.8 9 310 M M 1 11 280
3 56 44 50 -1 15 0 0.01 M M 9.3 20 160 M M 9 24 150
4 60 52 56 5 9 0 0.27 M M 4.3 13 150 M M 9 1 14 140
5 59 50 55 4 10 0 0.00 M M 4.3 13 290 M M 9 1 14 280
6 56 52 54 3 11 0 0.00 M M 3.7 10 290 M M 10 18 12 310
7 57 47 52 1 13 0 0.02 M M 5.5 13 280 M M 8 18 16 260
8 57 44 51 0 14 0 0.00 M M 4.8 14 90 M M 5 1 16 90
9 59 40 50 -1 15 0 0.00 M M 6.4 16 50 M M 0 21 60
10 62 44 53 2 12 0 0.00 M M 3.2 10 270 M M 1 18 12 280
11 63 43 53 2 12 0 0.00 M M 2.9 12 280 M M 0 15 270
12 62 44 53 2 12 0 0.00 M M 4.3 12 210 M M 0 8 14 190
13 60 46 53 2 12 0 0.00 M M 2.8 12 300 M M 0 18 15 300
14 63 41 52 1 13 0 0.00 M M 3.2 10 50 M M 1 128 12 50
15 68 43 56 5 9 0 0.00 M M 4.2 15 50 M M 1 18 19 50
16 60 51 56 5 9 0 0.00 M M 3.5 9 50 M M 7 8 12 50
17 63 47 55 4 10 0 0.00 M M 2.9 8 200 M M 7 8 9 50
18 57 43 50 -1 15 0 0.00 M M 3.2 10 290 M M 3 1 12 280
19 58 47 53 2 12 0 0.00 M M 2.8 7 40 M M 5 18 8 250
20 62 42 52 1 13 0 0.00 M M 2.3 9 290 M M 4 128 10 290
21 70 41 56 5 9 0 0.00 M M 5.5 17 60 M M 0 18 29 60
22 70 47 59 8 6 0 0.00 M M 10.0 22 10 M M 0 29 40
23 62 40 51 -1 14 0 0.00 M M 4.0 10 40 M M 0 8 12 40
24 62 41 52 0 13 0 0.00 M M 3.8 12 290 M M 0 18 15 300
25 59 42 51 -1 14 0 0.00 M M 3.9 12 300 M M 3 18 14 300
26 59 41 50 -2 15 0 0.00 M M 4.0 9 40 M M 3 128 11 50
27 63 40 52 0 13 0 0.00 M M 4.1 9 40 M M 0 8 11 40
28 69 41 55 3 10 0 0.00 M M 4.3 16 50 M M 0 19 40
29 63 44 54 2 11 0 0.00 M M 2.5 9 280 M M 0 8 11 280
30 60 41 51 -1 14 0 0.00 M M 4.7 13 280 M M 1 18 15 280
31 57 43 50 -2 15 0 0.00 M M 2.0 8 50 M M 2 8 10 270
================================================================================
SM 1886 1347 391 0 0.30 M 130.0 M 89
================================================================================
AV 60.8 43.5 4.2 FASTST M M 3 MAX(MPH)
MISC ----> 22 10 # 29 60
================================================================================
NOTES:
# LAST OF SEVERAL OCCURRENCES
COLUMN 17 PEAK WIND IN M.P.H.
PRELIMINARY LOCAL CLIMATOLOGICAL DATA (WS FORM: F-6) , PAGE 2
STATION: HAYWARD AIRPORT
MONTH: JANUARY
YEAR: 2022
LATITUDE: 37 39 N
LONGITUDE: 122 7 W
[TEMPERATURE DATA] [PRECIPITATION DATA] SYMBOLS USED IN COLUMN 16
AVERAGE MONTHLY: 52.1 TOTAL FOR MONTH: 0.30 1 = FOG OR MIST
DPTR FM NORMAL: 0.9 DPTR FM NORMAL: -2.61 2 = FOG REDUCING VISIBILITY
HIGHEST: 70 ON 22,21 GRTST 24HR 0.27 ON 4- 4 TO 1/4 MILE OR LESS
LOWEST: 33 ON 2, 1 3 = THUNDER
SNOW, ICE PELLETS, HAIL 4 = ICE PELLETS
TOTAL MONTH: M 5 = HAIL
GRTST 24HR M ON M 6 = FREEZING RAIN OR DRIZZLE
GRTST DEPTH: M ON M 7 = DUSTSTORM OR SANDSTORM:
VSBY 1/2 MILE OR LESS
8 = SMOKE OR HAZE
[NO. OF DAYS WITH] [WEATHER - DAYS WITH] 9 = BLOWING SNOW
X = TORNADO
MAX 32 OR BELOW: 0 0.01 INCH OR MORE: 3
MAX 90 OR ABOVE: 0 0.10 INCH OR MORE: 1
MIN 32 OR BELOW: 0 0.50 INCH OR MORE: 0
MIN 0 OR BELOW: 0 1.00 INCH OR MORE: 0
[HDD (BASE 65) ]
TOTAL THIS MO. 391 CLEAR (SCALE 0-3) 20
DPTR FM NORMAL -37 PTCLDY (SCALE 4-7) 7
TOTAL FM JUL 1 1169 CLOUDY (SCALE 8-10) 4
DPTR FM NORMAL -111
[CDD (BASE 65) ]
TOTAL THIS MO. 0
DPTR FM NORMAL 0 [PRESSURE DATA]
TOTAL FM JAN 1 0 HIGHEST SLP 30.49 ON 10
DPTR FM NORMAL 0 LOWEST SLP 29.96 ON 7
[REMARKS]
#FINAL-01-22#