000
CXUS52 KMFL 011030
CF6HWO
PRELIMINARY LOCAL CLIMATOLOGICAL DATA (WS FORM: F-6)
STATION: NORTH PERRY ARPT
MONTH: APRIL
YEAR: 2023
LATITUDE: 26 0 N
LONGITUDE: 80 14 W
TEMPERATURE IN F: :PCPN: SNOW: WIND :SUNSHINE: SKY :PK WND
================================================================================
1 2 3 4 5 6A 6B 7 8 9 10 11 12 13 14 15 16 17 18
12Z AVG MX 2MIN
DY MAX MIN AVG DEP HDD CDD WTR SNW DPTH SPD SPD DIR MIN PSBL S-S WX SPD DR
================================================================================
1 87 72 80 6 0 15 0.03 0.0 0 8.6 18 130 M M 3 24 150
2 89 71 80 6 0 15 0.00 0.0 0 6.4 14 80 M M 3 1 17 160
3 88 72 80 5 0 15 0.00 0.0 0 6.9 16 120 M M 1 21 140
4 87 73 80 5 0 15 0.00 0.0 0 8.5 16 100 M M 1 23 100
5 86 75 81 6 0 16 T 0.0 0 13.1 21 100 M M 3 27 80
6 86 76 81 6 0 16 0.00 0.0 0 13.2 21 100 M M 2 26 120
7 84 75 80 5 0 15 T 0.0 0 11.2 18 100 M M 3 25 90
8 86 74 80 5 0 15 0.02 0.0 0 8.7 17 120 M M 2 27 120
9 89 69 79 3 0 14 0.62 0.0 0 7.8 22 50 M M 4 13 26 50
10 79 68 74 -2 0 9 4.61 M M 12.2 23 40 M M 9 138 30 80
11 77 70 74 -2 0 9 0.59 M M 19.1 30 60 M M 10 1 38 60
12 74 68 71 -5 0 6 5.14 M M 11.5 29 70 M M 10 13 37 80
13 87 69 78 2 0 13 2.54 0.0 0 7.3 31 330 M M 4 13 42 340
14 89 70 80 4 0 15 T 0.0 0 4.2 16 140 M M 2 13 20 140
15 89 73 81 5 0 16 0.00 0.0 0 5.9 15 130 M M 1 18 130
16 88 71 80 4 0 15 0.01 0.0 0 7.2 21 140 M M 4 3 27 290
17 86 68 77 0 0 12 0.62 0.0 0 6.2 17 210 M M 3 13 32 210
18 83 64 74 -3 0 9 0.00 0.0 0 10.0 18 60 M M 2 22 60
19 81 64 73 -4 0 8 0.00 0.0 0 8.7 18 80 M M 3 23 90
20 84 71 78 1 0 13 0.11 0.0 0 11.1 18 60 M M 4 23 60
21 83 70 77 0 0 12 0.74 0.0 0 5.4 16 80 M M 3 13 20 80
22 89 70 80 3 0 15 0.15 0.0 0 4.4 17 80 M M 3 3 20 90
23 86 71 79 1 0 14 0.00 0.0 0 6.5 16 70 M M 1 20 90
24 83 72 78 0 0 13 0.14 0.0 0 7.5 20 100 M M 4 13 23 110
25 87 70 79 1 0 14 0.56 0.0 0 8.8 21 350 M M 3 13 27 350
26 87 69 78 0 0 13 0.06 0.0 0 5.8 24 60 M M 3 3 28 60
27 88 70 79 1 0 14 0.00 0.0 0 7.6 20 140 M M 1 25 140
28 89 71 80 2 0 15 0.02 M M 6.2 20 150 M M 2 3 26 330
29 90 77 84 6 0 19 0.01 0.0 0 8.8 20 200 M M 4 3 27 160
30 86 72 79 1 0 14 0.20 0.0 0 15.8 32 260 M M 2 13 43 260
================================================================================
SM 2567 2125 0 404 16.17 0.0 264.6 M 100
================================================================================
AV 85.6 70.8 8.8 FASTST M M 3 MAX(MPH)
MISC ----> 32 260 43 260
================================================================================
NOTES:
# LAST OF SEVERAL OCCURRENCES
COLUMN 17 PEAK WIND IN M.P.H.
PRELIMINARY LOCAL CLIMATOLOGICAL DATA (WS FORM: F-6) , PAGE 2
STATION: NORTH PERRY ARPT
MONTH: APRIL
YEAR: 2023
LATITUDE: 26 0 N
LONGITUDE: 80 14 W
[TEMPERATURE DATA] [PRECIPITATION DATA] SYMBOLS USED IN COLUMN 16
AVERAGE MONTHLY: 78.2 TOTAL FOR MONTH: 16.17 1 = FOG OR MIST
DPTR FM NORMAL: 1.8 DPTR FM NORMAL: 12.99 2 = FOG REDUCING VISIBILITY
HIGHEST: 90 ON 29 GRTST 24HR 5.16 ON 11-12 TO 1/4 MILE OR LESS
LOWEST: 64 ON 19,18 3 = THUNDER
SNOW, ICE PELLETS, HAIL 4 = ICE PELLETS
TOTAL MONTH: 0.0 INCH 5 = HAIL
GRTST 24HR 0.0 6 = FREEZING RAIN OR DRIZZLE
GRTST DEPTH: 0 7 = DUSTSTORM OR SANDSTORM:
VSBY 1/2 MILE OR LESS
8 = SMOKE OR HAZE
[NO. OF DAYS WITH] [WEATHER - DAYS WITH] 9 = BLOWING SNOW
X = TORNADO
MAX 32 OR BELOW: 0 0.01 INCH OR MORE: 18
MAX 90 OR ABOVE: 1 0.10 INCH OR MORE: 12
MIN 32 OR BELOW: 0 0.50 INCH OR MORE: 8
MIN 0 OR BELOW: 0 1.00 INCH OR MORE: 3
[HDD (BASE 65) ]
TOTAL THIS MO. 0 CLEAR (SCALE 0-3) 19
DPTR FM NORMAL -1 PTCLDY (SCALE 4-7) 8
TOTAL FM JUL 1 81 CLOUDY (SCALE 8-10) 3
DPTR FM NORMAL -38
[CDD (BASE 65) ]
TOTAL THIS MO. 404
DPTR FM NORMAL 61 [PRESSURE DATA]
TOTAL FM JAN 1 1207 HIGHEST SLP 30.19 ON 6
DPTR FM NORMAL 297 LOWEST SLP 29.74 ON 30
[REMARKS]
#FINAL-04-23#