000
CXUS55 KPIH 011457
CF6IDA
PRELIMINARY LOCAL CLIMATOLOGICAL DATA (WS FORM: F-6)
STATION: IDAHO FALLS
MONTH: JUNE
YEAR: 2021
LATITUDE: 43 31 N
LONGITUDE: 112 4 W
TEMPERATURE IN F: :PCPN: SNOW: WIND :SUNSHINE: SKY :PK WND
================================================================================
1 2 3 4 5 6A 6B 7 8 9 10 11 12 13 14 15 16 17 18
12Z AVG MX 2MIN
DY MAX MIN AVG DEP HDD CDD WTR SNW DPTH SPD SPD DIR MIN PSBL S-S WX SPD DR
================================================================================
1 82 40 61 4 4 0 0.00 M M 3.0 14 190 M M 1 17 140
2 88 44 66 9 0 1 0.00 M M 3.4 10 210 M M 0 17 160
3 92 48 70 12 0 5 0.00 M M 5.1 12 150 M M 0 16 230
4 93 50 72 14 0 7 0.00 M M 12.2 28 200 M M 2 18 36 190
5 86 63 75 17 0 10 0.00 M M 17.7 31 200 M M 1 45 220
6 77 51 64 6 1 0 0.00 M M 13.5 29 200 M M 1 40 200
7 80 48 64 6 1 0 0.00 M M 11.3 23 200 M M 0 8 29 200
8 83 50 67 8 0 2 0.00 M M 9.2 22 210 M M 0 27 210
9 86 47 67 8 0 2 0.00 M M 9.1 24 200 M M 2 37 180
10 71 44 58 -1 7 0 0.00 M M 19.4 35 220 M M 4 49 220
11 72 33 53 -6 12 0 0.00 M M 6.5 17 240 M M 1 24 250
12 83 37 60 1 5 0 0.00 M M 8.1 22 190 M M 1 29 190
13 95 45 70 10 0 5 0.00 M M 7.4 17 180 M M 0 25 190
14 95 47 71 11 0 6 0.00 M M 7.3 15 220 M M 0 21 200
15 91 45 68 8 0 3 0.00 M M 10.2 21 210 M M 0 28 210
16 85 55 70 10 0 5 0.00 M M 14.5 26 200 M M 0 35 200
17 88 54 71 10 0 6 0.00 M M 14.0 24 190 M M 0 33 200
18 90 45 68 7 0 3 0.00 M M 5.9 14 200 M M 0 18 220
19 92 47 70 9 0 5 0.00 M M 10.8 31 210 M M 0 43 190
20 82 47 65 4 0 0 0.00 M M 7.8 23 40 M M 1 33 40
21 86 47 67 5 0 2 0.00 M M 8.6 15 260 M M 0 21 220
22 94 47 71 9 0 6 0.00 M M 6.6 20 320 M M 0 25 20
23 87 56 72 10 0 7 0.00 M M 13.2 30 200 M M 1 8 40 200
24 80 52 66 4 0 1 0.16 M M 11.2 28 120 M M 2 1 48 210
25 81 49 65 2 0 0 0.00 M M 5.0 20 30 M M 2 26 70
26 83 54 69 6 0 4 0.00 M M 11.9 23 20 M M 3 32 10
27 87 50 69 6 0 4 0.00 M M 11.1 20 30 M M 0 26 40
28 88 52 70 6 0 5 0.00 M M 6.9 13 360 M M 0 18 10
29 89 51 70 6 0 5 0.00 M M 7.0 23 160 M M 1 3 30 150
30 88 52 70 6 0 5 0.00 M M 5.9 12 360 M M 2 14 350
================================================================================
SM 2574 1450 30 99 0.16 M 283.8 M 25
================================================================================
AV 85.8 48.3 9.5 FASTST M M 1 MAX(MPH)
MISC ----> 35 220 49 220
================================================================================
NOTES:
# LAST OF SEVERAL OCCURRENCES
COLUMN 17 PEAK WIND IN M.P.H.
PRELIMINARY LOCAL CLIMATOLOGICAL DATA (WS FORM: F-6) , PAGE 2
STATION: IDAHO FALLS
MONTH: JUNE
YEAR: 2021
LATITUDE: 43 31 N
LONGITUDE: 112 4 W
[TEMPERATURE DATA] [PRECIPITATION DATA] SYMBOLS USED IN COLUMN 16
AVERAGE MONTHLY: 67.1 TOTAL FOR MONTH: 0.16 1 = FOG OR MIST
DPTR FM NORMAL: 6.7 DPTR FM NORMAL: -0.93 2 = FOG REDUCING VISIBILITY
HIGHEST: 95 ON 14,13 GRTST 24HR 0.16 ON 24-24 TO 1/4 MILE OR LESS
LOWEST: 33 ON 11 3 = THUNDER
SNOW, ICE PELLETS, HAIL 4 = ICE PELLETS
TOTAL MONTH: M 5 = HAIL
GRTST 24HR M ON M 6 = FREEZING RAIN OR DRIZZLE
GRTST DEPTH: M ON M 7 = DUSTSTORM OR SANDSTORM:
VSBY 1/2 MILE OR LESS
8 = SMOKE OR HAZE
[NO. OF DAYS WITH] [WEATHER - DAYS WITH] 9 = BLOWING SNOW
X = TORNADO
MAX 32 OR BELOW: 0 0.01 INCH OR MORE: 1
MAX 90 OR ABOVE: 8 0.10 INCH OR MORE: 1
MIN 32 OR BELOW: 0 0.50 INCH OR MORE: 0
MIN 0 OR BELOW: 0 1.00 INCH OR MORE: 0
[HDD (BASE 65) ]
TOTAL THIS MO. 30 CLEAR (SCALE 0-3) 29
DPTR FM NORMAL -132 PTCLDY (SCALE 4-7) 1
TOTAL FM JUL 1 7682 CLOUDY (SCALE 8-10) 0
DPTR FM NORMAL -110
[CDD (BASE 65) ]
TOTAL THIS MO. 99
DPTR FM NORMAL 75 [PRESSURE DATA]
TOTAL FM JAN 1 99 HIGHEST SLP 30.23 ON 11
DPTR FM NORMAL 73 LOWEST SLP 29.58 ON 6
[REMARKS]
2ND: HIGH OF 88 TIES RECORD SET IN 1986.
3RD: HIGH OF 92 BREAKS OLD RECORD OF 90 SET IN 1957.
4TH: HIGH OF 93 TIES RECORD SET IN 1957.
11TH: LOW OF 33 TIES RECORD SET IN 2008.
13TH: HIGH OF 95 BREAKS OLD RECORD OF 91 SET IN 1974.
14TH: HIGH OF 95 BREAKS OLD RECORD OF 92 SET IN 1987.
22ND: HIGH OF 94 TIES RECORD SET IN 2001.
#FINAL-06-21#