000
CXUS53 KUNR 010930
CF6IEN
PRELIMINARY LOCAL CLIMATOLOGICAL DATA (WS FORM: F-6)
STATION: PINE RIDGE SD
MONTH: APRIL
YEAR: 2021
LATITUDE: 43 1 N
LONGITUDE: 102 31 W
TEMPERATURE IN F: :PCPN: SNOW: WIND :SUNSHINE: SKY :PK WND
================================================================================
1 2 3 4 5 6A 6B 7 8 9 10 11 12 13 14 15 16 17 18
12Z AVG MX 2MIN
DY MAX MIN AVG DEP HDD CDD WTR SNW DPTH SPD SPD DIR MIN PSBL S-S WX SPD DR
================================================================================
1 71 29 50 8 15 0 0.00 M M 10.2 22 180 M M 0 30 180
2 78 35 57 15 8 0 0.00 M M 8.4 21 270 M M 0 29 280
3 81 33 57 15 8 0 0.00 M M 8.6 26 200 M M 0 37 200
4 83 28 56 14 9 0 0.00 M M 3.8 12 290 M M 0 17 260
5 82 38 60 17 5 0 0.00 M M 11.3 24 60 M M 0 36 60
6 48 33 41 -2 24 0 0.19 M M 12.5 35 40 M M 8 136 53 50
7 54 28 41 -2 24 0 0.08 M M 6.7 18 340 M M 5 1 30 350
8 67 25 46 3 19 0 0.00 M M 6.8 29 10 M M 1 43 360
9 50 24 37 -7 28 0 0.14 M M 10.6 31 10 M M 5 1 42 340
10 66 18 42 -2 23 0 0.00 M M 5.8 25 180 M M 0 33 180
11 54 33 44 0 21 0 0.00 M M 19.1 35 300 M M 2 47 300
12 51 22 37 -7 28 0 0.00 M M 6.7 24 300 M M 2 43 280
13 49 19 34 -11 31 0 0.00 M M 7.7 18 20 M M 2 25 290
14 42 19 31 -14 34 0 0.00 M M 2.7 10 60 M M 8 17 20
15 35 30 33 -12 32 0 0.31 M M 6.1 14 80 M M 10 1 19 80
16 41 33 37 -9 28 0 0.10 M M 7.3 18 350 M M 10 1 25 360
17 53 25 39 -7 26 0 T M M 5.8 20 20 M M 5 27 10
18 67 22 45 -1 20 0 T M M 9.2 26 310 M M 4 1 34 40
19 33 25 29 -17 36 0 0.18 M M 8.3 20 350 M M 8 1 28 340
20 40 23 32 -15 33 0 T M M 10.9 24 360 M M 7 34 360
21 48 20 34 -13 31 0 0.00 M M 4.8 14 250 M M 2 18 250
22 57 28 43 -4 22 0 T M M 9.6 25 170 M M 5 37 170
23 48 22 35 -13 30 0 T M M 8.7 22 20 M M 5 31 340
24 59 30 45 -3 20 0 T M M 9.1 22 160 M M 7 34 150
25 74 46 60 12 5 0 0.00 M M 11.3 26 180 M M 3 37 170
26 74 39 57 8 8 0 0.00 M M 6.8 17 60 M M 1 27 50
27 52 40 46 -3 19 0 0.04 M M 9.4 17 30 M M 8 1 23 10
28 68 36 52 3 13 0 0.00 M M 5.0 16 360 M M 3 12 28 50
29 76 32 54 4 11 0 0.00 M M 5.8 18 290 M M 0 24 260
30 86 39 63 13 2 0 0.00 M M 6.9 20 250 M M 0 33 260
================================================================================
SM 1787 874 613 0 1.04 M 245.9 M 111
================================================================================
AV 59.6 29.1 8.2 FASTST M M 4 MAX(MPH)
MISC ----> # 35 40 53 50
================================================================================
NOTES:
# LAST OF SEVERAL OCCURRENCES
COLUMN 17 PEAK WIND IN M.P.H.
PRELIMINARY LOCAL CLIMATOLOGICAL DATA (WS FORM: F-6) , PAGE 2
STATION: PINE RIDGE SD
MONTH: APRIL
YEAR: 2021
LATITUDE: 43 1 N
LONGITUDE: 102 31 W
[TEMPERATURE DATA] [PRECIPITATION DATA] SYMBOLS USED IN COLUMN 16
AVERAGE MONTHLY: 44.4 TOTAL FOR MONTH: 1.04 1 = FOG OR MIST
DPTR FM NORMAL: -1.2 DPTR FM NORMAL: -0.87 2 = FOG REDUCING VISIBILITY
HIGHEST: 86 ON 30 GRTST 24HR 0.36 ON 15-16 TO 1/4 MILE OR LESS
LOWEST: 18 ON 10 3 = THUNDER
SNOW, ICE PELLETS, HAIL 4 = ICE PELLETS
TOTAL MONTH: M 5 = HAIL
GRTST 24HR M ON M 6 = FREEZING RAIN OR DRIZZLE
GRTST DEPTH: M ON M 7 = DUSTSTORM OR SANDSTORM:
VSBY 1/2 MILE OR LESS
8 = SMOKE OR HAZE
[NO. OF DAYS WITH] [WEATHER - DAYS WITH] 9 = BLOWING SNOW
X = TORNADO
MAX 32 OR BELOW: 0 0.01 INCH OR MORE: 7
MAX 90 OR ABOVE: 0 0.10 INCH OR MORE: 5
MIN 32 OR BELOW: 19 0.50 INCH OR MORE: 0
MIN 0 OR BELOW: 0 1.00 INCH OR MORE: 0
[HDD (BASE 65) ]
TOTAL THIS MO. 613 CLEAR (SCALE 0-3) 15
DPTR FM NORMAL 31 PTCLDY (SCALE 4-7) 12
TOTAL FM JUL 1 6507 CLOUDY (SCALE 8-10) 3
DPTR FM NORMAL -314
[CDD (BASE 65) ]
TOTAL THIS MO. 0
DPTR FM NORMAL 0 [PRESSURE DATA]
TOTAL FM JAN 1 0 HIGHEST SLP 30.42 ON 14
DPTR FM NORMAL 0 LOWEST SLP 29.46 ON 26
[REMARKS]
#FINAL-04-21#