000
CXUS51 KPHI 011246
CLMILG
CLIMATE REPORT
NATIONAL WEATHER SERVICE MOUNT HOLLY NJ
846 AM EDT FRI SEP 01 2023
...................................
...THE WILMINGTON DE CLIMATE SUMMARY FOR THE MONTH OF AUGUST 2023...
CLIMATE NORMAL PERIOD: 1991 TO 2020
CLIMATE RECORD PERIOD: 1894 TO 2023
WEATHER OBSERVED NORMAL DEPART LAST YEAR`S
VALUE DATE(S) VALUE FROM VALUE DATE(S)
NORMAL
................................................................
TEMPERATURE (F)
RECORD
HIGH 107 08/07/1918
LOW 43 08/29/1982
HIGHEST 92 93 -1 97
LOWEST 58 54 4 59
AVG. MAXIMUM 85.8 84.9 0.9 88.6
AVG. MINIMUM 67.7 66.6 1.1 69.1
MEAN 76.8 75.8 1.0 78.9
DAYS MAX >= 90 7 5.7 1.3 13
DAYS MAX <= 32 0 0.0 0.0 0
DAYS MIN <= 32 0 0.0 0.0 0
DAYS MIN <= 0 0 0.0 0.0 0
PRECIPITATION (INCHES)
RECORD
MAXIMUM 14.91 1911
MINIMUM 0.25 1972
TOTALS 2.77 3.98 -1.21 2.39
DAILY AVG. 0.09 0.13 -0.04 0.08
DAYS >= .01 9 8.9 0.1 9
DAYS >= .10 6 5.7 0.3 8
DAYS >= .50 2 2.6 -0.6 0
DAYS >= 1.00 1 1.1 -0.1 0
GREATEST
24 HR. TOTAL 1.16 08/06 TO 08/07 0.88
SNOWFALL (INCHES)
RECORDS
TOTAL T 1895, 1951, & 1996
24 HR TOTAL MM
TOTALS 0.0 0.0 0.0 0.0
SINCE 7/1 0.0 0.0 0.0 MM
SNOWDEPTH AVG. 0 0
DAYS >= 1.0 0 0.0 0.0 0
GREATEST
SNOW DEPTH 0 0 MM
24 HR TOTAL MM MM
DEGREE DAYS
HEATING TOTAL 0 1 -1 0
SINCE 7/1 0 0 0 MM
COOLING TOTAL 373 334 39 439
SINCE 1/1 1118 1051 67 MM
................................................................
WIND (MPH)
AVERAGE WIND SPEED 7.3
HIGHEST WIND SPEED/DIRECTION 37/260 DATE 08/07
HIGHEST GUST SPEED/DIRECTION 52/270 DATE 08/07
SKY COVER
POSSIBLE SUNSHINE (PERCENT) MM
AVERAGE SKY COVER 0.35
NUMBER OF DAYS FAIR 16
NUMBER OF DAYS PC 11
NUMBER OF DAYS CLOUDY 4
AVERAGE RH (PERCENT) 67
WEATHER CONDITIONS. NUMBER OF DAYS WITH
THUNDERSTORM 4 MIXED PRECIP 0
HEAVY RAIN 5 RAIN 6
LIGHT RAIN 16 FREEZING RAIN 0
LT FREEZING RAIN 0 HEAVY SNOW 0
SNOW 0 LIGHT SNOW 0
SLEET 0 FOG 12
FOG W/VIS <= 1/4 MILE 1 HAZE 6
- INDICATES NEGATIVE NUMBERS.
R INDICATES RECORD WAS SET OR TIED.
MM INDICATES DATA IS MISSING.
T INDICATES TRACE AMOUNT.
$$