000
CXUS52 KILM 011939
CF6ILM
PRELIMINARY LOCAL CLIMATOLOGICAL DATA (WS FORM: F-6)
STATION: WILMINGTON NORTH CAROLINA
MONTH: NOVEMBER
YEAR: 2022
LATITUDE: 34 16 N
LONGITUDE: 77 55 W
TEMPERATURE IN F: :PCPN: SNOW: WIND :SUNSHINE: SKY :PK WND
================================================================================
1 2 3 4 5 6A 6B 7 8 9 10 11 12 13 14 15 16 17 18
12Z AVG MX 2MIN
DY MAX MIN AVG DEP HDD CDD WTR SNW DPTH SPD SPD DIR MIN PSBL S-S WX SPD DR
================================================================================
1 83 59 71 11 0 6 0.00 0.0 0 6.2 15 290 M M 4 12 20 280
2 79 57 68 8 0 3 0.00 0.0 0 5.8 13 70 M M 0 1 18 70
3 72 56 64 4 1 0 0.00 0.0 0 7.8 17 30 M M 2 1 21 30
4 82 59 71 12 0 6 T 0.0 0 8.4 17 100 M M 3 22 100
5 82 66 74 15 0 9 0.01 0.0 0 6.6 16 130 M M 5 1 23 130
6 84 62 73 14 0 8 0.00 0.0 0 5.4 14 130 M M 3 12 20 120
7 84 60 72 14 0 7 0.00 0.0 0 3.2 10 120 M M 4 12 14 360
8 73 53 63 5 2 0 0.00 0.0 0 16.0 25 30 M M 0 32 40
9 70 52 61 3 4 0 T 0.0 0 18.4 29 40 M M 8 40 40
10 75 59 67 9 0 2 0.88 0.0 0 13.2 20 60 M M 10 18 27 60
11 81 73 77 20 0 12 0.04 0.0 0 14.6 29 210 M M 8 42 210
12 75 67 71 14 0 6 T 0.0 0 9.1 20 230 M M 7 31 210
13 68 45 57 0 8 0 0.00 0.0 0 10.0 18 320 M M 4 24 330
14 59 39 49 -7 16 0 0.00 0.0 0 10.9 16 40 M M 1 21 20
15 72 47 60 4 5 0 0.26 0.0 0 7.8 13 30 M M 7 1 19 120
16 71 49 60 4 5 0 0.06 0.0 0 7.2 20 320 M M 6 23 320
17 54 34 44 -12 21 0 0.00 0.0 0 6.2 18 340 M M 1 26 350
18 56 30 43 -12 22 0 0.00 0.0 0 2.4 12 30 M M 0 1 15 30
19 64 31 48 -7 17 0 0.00 0.0 0 4.6 14 240 M M 0 1 20 240
20 55 37 46 -9 19 0 0.00 0.0 0 7.7 15 320 M M 0 19 320
21 63 31 47 -7 18 0 0.00 0.0 0 6.0 14 40 M M 1 16 30
22 66 45 56 2 9 0 0.00 0.0 0 4.1 10 30 M M 4 14 30
23 63 51 57 3 8 0 0.01 0.0 0 5.4 15 70 M M 10 19 70
24 70 50 60 6 5 0 0.00 0.0 0 8.8 16 50 M M 9 21 50
25 70 55 63 9 2 0 0.22 0.0 0 5.9 13 320 M M 7 1 17 150
26 67 39 53 0 12 0 0.00 0.0 0 3.5 14 50 M M 0 1 20 60
27 81 47 64 11 1 0 0.02 0.0 0 13.6 31 220 M M 5 1 47 220
28 71 48 60 7 5 0 0.00 0.0 0 8.2 20 270 M M 0 25 250
29 68 43 56 3 9 0 0.00 0.0 0 6.5 13 100 M M 1 15 100
30 71 51 61 9 4 0 0.47 0.0 0 6.7 31 290 M M 3 1 40 290
================================================================================
SM 2129 1495 193 59 1.97 0.0 240.2 M 113
================================================================================
AV 71.0 49.8 8.0 FASTST M M 4 MAX(MPH)
MISC ----> # 31 220 47 220
================================================================================
NOTES:
# LAST OF SEVERAL OCCURRENCES
COLUMN 17 PEAK WIND IN M.P.H.
PRELIMINARY LOCAL CLIMATOLOGICAL DATA (WS FORM: F-6) , PAGE 2
STATION: WILMINGTON NORTH CAROLINA
MONTH: NOVEMBER
YEAR: 2022
LATITUDE: 34 16 N
LONGITUDE: 77 55 W
[TEMPERATURE DATA] [PRECIPITATION DATA] SYMBOLS USED IN COLUMN 16
AVERAGE MONTHLY: 60.4 TOTAL FOR MONTH: 1.97 1 = FOG OR MIST
DPTR FM NORMAL: 4.3 DPTR FM NORMAL: -1.59 2 = FOG REDUCING VISIBILITY
HIGHEST: 84 ON 7, 6 GRTST 24HR 0.89 ON 10-11 TO 1/4 MILE OR LESS
LOWEST: 30 ON 18 3 = THUNDER
SNOW, ICE PELLETS, HAIL 4 = ICE PELLETS
TOTAL MONTH: 0.0 INCH 5 = HAIL
GRTST 24HR 0.0 6 = FREEZING RAIN OR DRIZZLE
GRTST DEPTH: 0 7 = DUSTSTORM OR SANDSTORM:
VSBY 1/2 MILE OR LESS
8 = SMOKE OR HAZE
[NO. OF DAYS WITH] [WEATHER - DAYS WITH] 9 = BLOWING SNOW
X = TORNADO
MAX 32 OR BELOW: 0 0.01 INCH OR MORE: 9
MAX 90 OR ABOVE: 0 0.10 INCH OR MORE: 4
MIN 32 OR BELOW: 3 0.50 INCH OR MORE: 1
MIN 0 OR BELOW: 0 1.00 INCH OR MORE: 0
[HDD (BASE 65) ]
TOTAL THIS MO. 193 CLEAR (SCALE 0-3) 14
DPTR FM NORMAL -95 PTCLDY (SCALE 4-7) 13
TOTAL FM JUL 1 263 CLOUDY (SCALE 8-10) 3
DPTR FM NORMAL -110
[CDD (BASE 65) ]
TOTAL THIS MO. 59
DPTR FM NORMAL 37 [PRESSURE DATA]
TOTAL FM JAN 1 2447 HIGHEST SLP 30.49 ON 21
DPTR FM NORMAL 320 LOWEST SLP 29.68 ON 27
[REMARKS]
#FINAL-11-22#