000
CXUS53 KILX 190900
CF6ILX
PRELIMINARY LOCAL CLIMATOLOGICAL DATA (WS FORM: F-6)
STATION: LINCOLN IL
MONTH: MARCH
YEAR: 2024
LATITUDE: 40 9 N
LONGITUDE: 89 20 W
TEMPERATURE IN F: :PCPN: SNOW: WIND :SUNSHINE: SKY :PK WND
================================================================================
1 2 3 4 5 6A 6B 7 8 9 10 11 12 13 14 15 16 17 18
12Z AVG MX 2MIN
DY MAX MIN AVG DEP HDD CDD WTR SNW DPTH SPD SPD DIR MIN PSBL S-S WX SPD DR
================================================================================
1 42 25 34 -2 31 0 T T 0 M M M M M M M M
2 62 25 44 8 21 0 0.00 0.0 0 M M M M M M M M
3 75 40 58 22 7 0 0.00 0.0 0 M M M M M M M M
4 75 47 61 24 4 0 0.00 0.0 0 M M M M M M M M
5 66 41 54 17 11 0 0.41 0.0 0 M M M M M M 3 M M
6 50 34 42 4 23 0 0.00 0.0 0 M M M M M M M M
7 52 34 43 5 22 0 0.16 0.0 0 M M M M M M M M
8 57 41 49 11 16 0 0.64 0.0 0 M M M M M M 1 M M
9 46 32 39 0 26 0 0.00 0.0 0 M M M M M M M M
10 49 28 39 0 26 0 0.00 0.0 0 M M M M M M M M
11 67 28 48 8 17 0 0.00 0.0 0 M M M M M M M M
12 70 41 56 16 9 0 0.00 0.0 0 M M M M M M M M
13 74 42 58 18 7 0 0.05 0.0 0 M M M M M M 3 M M
14 69 46 58 17 7 0 0.43 0.0 0 M M M M M M 13 M M
15 59 36 48 7 17 0 0.00 0.0 0 M M M M M M M M
16 64 35 50 8 15 0 T 0.0 0 M M M M M M M M
17 44 30 37 -5 28 0 0.00 0.0 0 M M M M M M M M
18 37 24 31 -11 34 0 0.00 0.0 0 M M M M M M M M
================================================================================
SM 1058 629 321 0 1.69 T M M M
================================================================================
AV 58.8 34.9 M FASTST M M M MAX(MPH)
MISC ----> M M M M
================================================================================
NOTES:
# LAST OF SEVERAL OCCURRENCES
COLUMN 17 PEAK WIND IN M.P.H.
PRELIMINARY LOCAL CLIMATOLOGICAL DATA (WS FORM: F-6) , PAGE 2
STATION: LINCOLN IL
MONTH: MARCH
YEAR: 2024
LATITUDE: 40 9 N
LONGITUDE: 89 20 W
[TEMPERATURE DATA] [PRECIPITATION DATA] SYMBOLS USED IN COLUMN 16
AVERAGE MONTHLY: 46.9 TOTAL FOR MONTH: 1.69 1 = FOG OR MIST
DPTR FM NORMAL: 7.9 DPTR FM NORMAL: 0.20 2 = FOG REDUCING VISIBILITY
HIGHEST: 75 ON 4, 3 GRTST 24HR 0.64 ON 8- 8 TO 1/4 MILE OR LESS
LOWEST: 24 ON 18 3 = THUNDER
SNOW, ICE PELLETS, HAIL 4 = ICE PELLETS
TOTAL MONTH: T 5 = HAIL
GRTST 24HR T ON 1- 1 6 = FREEZING RAIN OR DRIZZLE
GRTST DEPTH: 0 7 = DUSTSTORM OR SANDSTORM:
VSBY 1/2 MILE OR LESS
8 = SMOKE OR HAZE
[NO. OF DAYS WITH] [WEATHER - DAYS WITH] 9 = BLOWING SNOW
X = TORNADO
MAX 32 OR BELOW: 0 0.01 INCH OR MORE: 5
MAX 90 OR ABOVE: 0 0.10 INCH OR MORE: 4
MIN 32 OR BELOW: 7 0.50 INCH OR MORE: 1
MIN 0 OR BELOW: 0 1.00 INCH OR MORE: 0
[HDD (BASE 65) ]
TOTAL THIS MO. 321 CLEAR (SCALE 0-3) 0
DPTR FM NORMAL -147 PTCLDY (SCALE 4-7) 0
TOTAL FM JUL 1 4105 CLOUDY (SCALE 8-10) 18
DPTR FM NORMAL -723
[CDD (BASE 65) ]
TOTAL THIS MO. 0
DPTR FM NORMAL 0 [PRESSURE DATA]
TOTAL FM JAN 1 0 HIGHEST SLP M ON M
DPTR FM NORMAL 0 LOWEST SLP M ON M
[REMARKS]