000
CXUS53 KILX 010900
CF6ILX
PRELIMINARY LOCAL CLIMATOLOGICAL DATA (WS FORM: F-6)
STATION: LINCOLN IL
MONTH: JUNE
YEAR: 2023
LATITUDE: 40 9 N
LONGITUDE: 89 20 W
TEMPERATURE IN F: :PCPN: SNOW: WIND :SUNSHINE: SKY :PK WND
================================================================================
1 2 3 4 5 6A 6B 7 8 9 10 11 12 13 14 15 16 17 18
12Z AVG MX 2MIN
DY MAX MIN AVG DEP HDD CDD WTR SNW DPTH SPD SPD DIR MIN PSBL S-S WX SPD DR
================================================================================
1 91 64 78 9 0 13 0.04 0.0 0 M M M M M M 3 M M
2 92 64 78 9 0 13 0.00 0.0 0 M M M M M M M M
3 92 61 77 8 0 12 0.00 0.0 0 M M M M M M M M
4 89 59 74 4 0 9 0.00 0.0 0 M M M M M M M M
5 83 51 67 -3 0 2 0.00 0.0 0 M M M M M M M M
6 88 54 71 1 0 6 0.04 0.0 0 M M M M M M M M
7 77 57 67 -3 0 2 0.06 0.0 0 M M M M M M M M
8 79 48 64 -7 1 0 0.00 0.0 0 M M M M M M M M
9 81 47 64 -7 1 0 0.00 0.0 0 M M M M M M M M
10 84 49 67 -4 0 2 T 0.0 0 M M M M M M M M
11 69 56 63 -9 2 0 0.10 0.0 0 M M M M M M M M
12 73 51 62 -10 3 0 0.00 0.0 0 M M M M M M M M
13 82 58 70 -2 0 5 0.00 0.0 0 M M M M M M M M
14 83 60 72 0 0 7 0.00 0.0 0 M M M M M M M M
15 90 54 72 0 0 7 0.00 0.0 0 M M M M M M M M
16 78 52 65 -8 0 0 0.00 0.0 0 M M M M M M M M
17 81 48 65 -8 0 0 0.00 0.0 0 M M M M M M M M
18 84 58 71 -2 0 6 0.00 0.0 0 M M M M M M M M
19 88 61 75 2 0 10 0.00 0.0 0 M M M M M M M M
20 90 60 75 1 0 10 0.00 0.0 0 M M M M M M M M
21 88 63 76 2 0 11 0.00 0.0 0 M M M M M M M M
22 88 60 74 0 0 9 0.00 0.0 0 M M M M M M M M
23 87 56 72 -2 0 7 0.00 0.0 0 M M M M M M M M
24 91 57 74 0 0 9 T 0.0 0 M M M M M M M M
25 87 69 78 4 0 13 0.02 0.0 0 M M M M M M M M
26 79 67 73 -1 0 8 T 0.0 0 M M M M M M M M
27 82 61 72 -2 0 7 0.00 0.0 0 M M M M M M M M
28 81 57 69 -6 0 4 0.03 0.0 0 M M M M M M M M
29 82 62 72 -3 0 7 0.95 0.0 0 M M M M M M M M
30 86 60 73 -2 0 8 0.20 0.0 0 M M M M M M 13 M M
================================================================================
SM 2525 1724 7 187 1.44 0.0 M M M
================================================================================
AV 84.2 57.5 M FASTST M M M MAX(MPH)
MISC ----> M M M M
================================================================================
NOTES:
# LAST OF SEVERAL OCCURRENCES
COLUMN 17 PEAK WIND IN M.P.H.
PRELIMINARY LOCAL CLIMATOLOGICAL DATA (WS FORM: F-6) , PAGE 2
STATION: LINCOLN IL
MONTH: JUNE
YEAR: 2023
LATITUDE: 40 9 N
LONGITUDE: 89 20 W
[TEMPERATURE DATA] [PRECIPITATION DATA] SYMBOLS USED IN COLUMN 16
AVERAGE MONTHLY: 70.8 TOTAL FOR MONTH: 1.44 1 = FOG OR MIST
DPTR FM NORMAL: -1.5 DPTR FM NORMAL: -2.72 2 = FOG REDUCING VISIBILITY
HIGHEST: 92 ON 3, 2 GRTST 24HR 0.95 ON 29-29 TO 1/4 MILE OR LESS
LOWEST: 47 ON 9 3 = THUNDER
SNOW, ICE PELLETS, HAIL 4 = ICE PELLETS
TOTAL MONTH: 0.0 INCH 5 = HAIL
GRTST 24HR 0.0 6 = FREEZING RAIN OR DRIZZLE
GRTST DEPTH: 0 7 = DUSTSTORM OR SANDSTORM:
VSBY 1/2 MILE OR LESS
8 = SMOKE OR HAZE
[NO. OF DAYS WITH] [WEATHER - DAYS WITH] 9 = BLOWING SNOW
X = TORNADO
MAX 32 OR BELOW: 0 0.01 INCH OR MORE: 8
MAX 90 OR ABOVE: 6 0.10 INCH OR MORE: 3
MIN 32 OR BELOW: 0 0.50 INCH OR MORE: 1
MIN 0 OR BELOW: 0 1.00 INCH OR MORE: 0
[HDD (BASE 65) ]
TOTAL THIS MO. 7 CLEAR (SCALE 0-3) 0
DPTR FM NORMAL -8 PTCLDY (SCALE 4-7) 0
TOTAL FM JUL 1 5109 CLOUDY (SCALE 8-10) 30
DPTR FM NORMAL -511
[CDD (BASE 65) ]
TOTAL THIS MO. 187
DPTR FM NORMAL -47 [PRESSURE DATA]
TOTAL FM JAN 1 271 HIGHEST SLP M ON M
DPTR FM NORMAL -64 LOWEST SLP M ON M
[REMARKS]
#FINAL-06-23#