000
CXUS53 KILX 010900
CF6ILX
PRELIMINARY LOCAL CLIMATOLOGICAL DATA (WS FORM: F-6)
STATION: LINCOLN IL
MONTH: APRIL
YEAR: 2023
LATITUDE: 40 9 N
LONGITUDE: 89 20 W
TEMPERATURE IN F: :PCPN: SNOW: WIND :SUNSHINE: SKY :PK WND
================================================================================
1 2 3 4 5 6A 6B 7 8 9 10 11 12 13 14 15 16 17 18
12Z AVG MX 2MIN
DY MAX MIN AVG DEP HDD CDD WTR SNW DPTH SPD SPD DIR MIN PSBL S-S WX SPD DR
================================================================================
1 49 31 40 -7 25 0 T 0.0 0 M M M M M M M M
2 63 29 46 -2 19 0 0.00 0.0 0 M M M M M M M M
3 78 41 60 12 5 0 0.00 0.0 0 M M M M M M M M
4 84 53 69 21 0 4 0.00 0.0 0 M M M M M M 1 M M
5 76 38 57 8 8 0 0.58 0.0 0 M M M M M M 13 M M
6 52 33 43 -6 22 0 0.00 0.0 0 M M M M M M M M
7 62 29 46 -3 19 0 0.00 0.0 0 M M M M M M M M
8 68 35 52 2 13 0 0.00 0.0 0 M M M M M M M M
9 71 36 54 4 11 0 0.00 0.0 0 M M M M M M M M
10 73 37 55 5 10 0 0.00 0.0 0 M M M M M M M M
11 79 44 62 11 3 0 0.00 0.0 0 M M M M M M M M
12 81 52 67 16 0 2 0.00 0.0 0 M M M M M M M M
13 83 44 64 12 1 0 0.00 0.0 0 M M M M M M M M
14 84 50 67 15 0 2 0.00 0.0 0 M M M M M M M M
15 82 54 68 16 0 3 0.29 0.0 0 M M M M M M 13 M M
16 54 38 46 -7 19 0 0.26 T 0 M M M M M M 14 M M
17 60 37 49 -4 16 0 0.02 T 0 M M M M M M M M
18 65 30 48 -6 17 0 0.00 0.0 0 M M M M M M M M
19 82 47 65 11 0 0 T 0.0 0 M M M M M M 3 M M
20 81 49 65 11 0 0 0.01 0.0 0 M M M M M M 8 M M
21 67 41 54 -1 11 0 0.00 0.0 0 M M M M M M M M
22 44 36 40 -15 25 0 T T 0 M M M M M M 4 M M
23 48 28 38 -17 27 0 0.00 0.0 0 M M M M M M M M
24 60 26 43 -13 22 0 0.00 0.0 0 M M M M M M M M
25 63 41 52 -4 13 0 0.01 0.0 0 M M M M M M M M
26 61 31 46 -10 19 0 0.00 0.0 0 M M M M M M M M
27 69 34 52 -5 13 0 0.00 0.0 0 M M M M M M M M
28 73 43 58 1 7 0 0.00 0.0 0 M M M M M M M M
29 66 42 54 -4 11 0 0.35 0.0 0 M M M M M M M M
30 51 42 47 -11 18 0 0.05 0.0 0 M M M M M M M M
================================================================================
SM 2029 1171 354 11 1.57 T M M M
================================================================================
AV 67.6 39.0 M FASTST M M M MAX(MPH)
MISC ----> M M M M
================================================================================
NOTES:
# LAST OF SEVERAL OCCURRENCES
COLUMN 17 PEAK WIND IN M.P.H.
PRELIMINARY LOCAL CLIMATOLOGICAL DATA (WS FORM: F-6) , PAGE 2
STATION: LINCOLN IL
MONTH: APRIL
YEAR: 2023
LATITUDE: 40 9 N
LONGITUDE: 89 20 W
[TEMPERATURE DATA] [PRECIPITATION DATA] SYMBOLS USED IN COLUMN 16
AVERAGE MONTHLY: 53.3 TOTAL FOR MONTH: 1.57 1 = FOG OR MIST
DPTR FM NORMAL: 0.7 DPTR FM NORMAL: -2.67 2 = FOG REDUCING VISIBILITY
HIGHEST: 84 ON 14, 4 GRTST 24HR 0.58 ON 5- 5 TO 1/4 MILE OR LESS
LOWEST: 26 ON 24 3 = THUNDER
SNOW, ICE PELLETS, HAIL 4 = ICE PELLETS
TOTAL MONTH: T 5 = HAIL
GRTST 24HR T ON 16-16 6 = FREEZING RAIN OR DRIZZLE
GRTST DEPTH: 0 7 = DUSTSTORM OR SANDSTORM:
VSBY 1/2 MILE OR LESS
8 = SMOKE OR HAZE
[NO. OF DAYS WITH] [WEATHER - DAYS WITH] 9 = BLOWING SNOW
X = TORNADO
MAX 32 OR BELOW: 0 0.01 INCH OR MORE: 8
MAX 90 OR ABOVE: 0 0.10 INCH OR MORE: 4
MIN 32 OR BELOW: 7 0.50 INCH OR MORE: 1
MIN 0 OR BELOW: 0 1.00 INCH OR MORE: 0
[HDD (BASE 65) ]
TOTAL THIS MO. 354 CLEAR (SCALE 0-3) 0
DPTR FM NORMAL -29 PTCLDY (SCALE 4-7) 0
TOTAL FM JUL 1 5039 CLOUDY (SCALE 8-10) 30
DPTR FM NORMAL -438
[CDD (BASE 65) ]
TOTAL THIS MO. 11
DPTR FM NORMAL 0 [PRESSURE DATA]
TOTAL FM JAN 1 11 HIGHEST SLP M ON M
DPTR FM NORMAL -2 LOWEST SLP M ON M
[REMARKS]
#FINAL-04-23#