000
CXUS53 KILX 011000
CF6ILX
PRELIMINARY LOCAL CLIMATOLOGICAL DATA (WS FORM: F-6)
STATION: LINCOLN IL
MONTH: FEBRUARY
YEAR: 2023
LATITUDE: 40 9 N
LONGITUDE: 89 20 W
TEMPERATURE IN F: :PCPN: SNOW: WIND :SUNSHINE: SKY :PK WND
================================================================================
1 2 3 4 5 6A 6B 7 8 9 10 11 12 13 14 15 16 17 18
12Z AVG MX 2MIN
DY MAX MIN AVG DEP HDD CDD WTR SNW DPTH SPD SPD DIR MIN PSBL S-S WX SPD DR
================================================================================
1 33 4 19 -8 46 0 0.00 0.0 0 M M M M M M M M
2 46 14 30 3 35 0 0.00 0.0 0 M M M M M M M M
3 19 5 12 -15 53 0 0.00 0.0 0 M M M M M M M M
4 51 13 32 5 33 0 0.00 0.0 0 M M M M M M M M
5 53 24 39 11 26 0 0.00 0.0 0 M M M M M M M M
6 52 20 36 8 29 0 0.00 0.0 0 M M M M M M 1 M M
7 52 31 42 14 23 0 0.00 0.0 0 M M M M M M M M
8 42 23 33 5 32 0 0.08 0.0 0 M M M M M M 1 M M
9 54 35 45 16 20 0 0.50 0.0 0 M M M M M M M M
10 40 24 32 3 33 0 0.00 0.0 0 M M M M M M M M
11 46 17 32 3 33 0 0.00 0.0 0 M M M M M M M M
12 55 19 37 7 28 0 0.00 0.0 0 M M M M M M M M
13 57 29 43 13 22 0 0.00 0.0 0 M M M M M M M M
14 55 32 44 14 21 0 0.04 0.0 0 M M M M M M M M
15 53 33 43 13 22 0 0.00 0.0 0 M M M M M M M M
16 37 28 33 2 32 0 0.22 T 0 M M M M M M 1 M M
17 32 21 27 -4 38 0 T T 0 M M M M M M M M
18 51 26 39 7 26 0 0.00 0.0 0 M M M M M M M M
19 58 38 48 16 17 0 0.00 0.0 0 M M M M M M M M
20 56 26 41 9 24 0 0.00 0.0 0 M M M M M M 12 M M
21 46 32 39 6 26 0 T 0.0 0 M M M M M M M M
22 50 40 45 12 20 0 3.40 0.0 0 M M M M M M 13 M M
23 53 23 38 5 27 0 0.00 0.0 0 M M M M M M M M
24 34 19 27 -7 38 0 T T 0 M M M M M M M M
25 40 29 35 1 30 0 0.00 0.0 0 M M M M M M 1 M M
26 55 26 41 7 24 0 0.00 0.0 0 M M M M M M 1 M M
27 58 44 51 16 14 0 0.45 0.0 0 M M M M M M 1 M M
28 49 40 45 10 20 0 0.00 0.0 0 M M M M M M M M
================================================================================
SM 1327 715 792 0 4.69 T M M M
================================================================================
AV 47.4 25.5 M FASTST M M M MAX(MPH)
MISC ----> M M M M
================================================================================
NOTES:
# LAST OF SEVERAL OCCURRENCES
COLUMN 17 PEAK WIND IN M.P.H.
PRELIMINARY LOCAL CLIMATOLOGICAL DATA (WS FORM: F-6) , PAGE 2
STATION: LINCOLN IL
MONTH: FEBRUARY
YEAR: 2023
LATITUDE: 40 9 N
LONGITUDE: 89 20 W
[TEMPERATURE DATA] [PRECIPITATION DATA] SYMBOLS USED IN COLUMN 16
AVERAGE MONTHLY: 36.5 TOTAL FOR MONTH: 4.69 1 = FOG OR MIST
DPTR FM NORMAL: 5.9 DPTR FM NORMAL: 2.77 2 = FOG REDUCING VISIBILITY
HIGHEST: 58 ON 27,19 GRTST 24HR 3.40 ON 22-22 TO 1/4 MILE OR LESS
LOWEST: 4 ON 1 3 = THUNDER
SNOW, ICE PELLETS, HAIL 4 = ICE PELLETS
TOTAL MONTH: T 5 = HAIL
GRTST 24HR T ON 16-16 6 = FREEZING RAIN OR DRIZZLE
GRTST DEPTH: 0 7 = DUSTSTORM OR SANDSTORM:
VSBY 1/2 MILE OR LESS
8 = SMOKE OR HAZE
[NO. OF DAYS WITH] [WEATHER - DAYS WITH] 9 = BLOWING SNOW
X = TORNADO
MAX 32 OR BELOW: 2 0.01 INCH OR MORE: 6
MAX 90 OR ABOVE: 0 0.10 INCH OR MORE: 4
MIN 32 OR BELOW: 22 0.50 INCH OR MORE: 2
MIN 0 OR BELOW: 0 1.00 INCH OR MORE: 1
[HDD (BASE 65) ]
TOTAL THIS MO. 792 CLEAR (SCALE 0-3) 0
DPTR FM NORMAL -172 PTCLDY (SCALE 4-7) 0
TOTAL FM JUL 1 3959 CLOUDY (SCALE 8-10) 28
DPTR FM NORMAL -401
[CDD (BASE 65) ]
TOTAL THIS MO. 0
DPTR FM NORMAL 0 [PRESSURE DATA]
TOTAL FM JAN 1 0 HIGHEST SLP M ON M
DPTR FM NORMAL 0 LOWEST SLP M ON M
[REMARKS]
#FINAL-02-23#