000
CXUS53 KILX 011000
CF6ILX
PRELIMINARY LOCAL CLIMATOLOGICAL DATA (WS FORM: F-6)
STATION: LINCOLN IL
MONTH: NOVEMBER
YEAR: 2022
LATITUDE: 40 9 N
LONGITUDE: 89 20 W
TEMPERATURE IN F: :PCPN: SNOW: WIND :SUNSHINE: SKY :PK WND
================================================================================
1 2 3 4 5 6A 6B 7 8 9 10 11 12 13 14 15 16 17 18
12Z AVG MX 2MIN
DY MAX MIN AVG DEP HDD CDD WTR SNW DPTH SPD SPD DIR MIN PSBL S-S WX SPD DR
================================================================================
1 70 36 53 5 12 0 0.00 0.0 0 M M M M M M 128 M M
2 74 40 57 10 8 0 0.00 0.0 0 M M M M M M M M
3 73 44 59 12 6 0 0.00 0.0 0 M M M M M M M M
4 78 57 68 22 0 3 0.03 0.0 0 M M M M M M M M
5 66 41 54 8 11 0 0.65 0.0 0 M M M M M M M M
6 66 38 52 6 13 0 0.00 0.0 0 M M M M M M M M
7 58 35 47 2 18 0 0.00 0.0 0 M M M M M M M M
8 64 35 50 5 15 0 0.00 0.0 0 M M M M M M M M
9 77 48 63 19 2 0 0.00 0.0 0 M M M M M M M M
10 75 50 63 19 2 0 0.00 0.0 0 M M M M M M M M
11 54 30 42 -2 23 0 0.00 0.0 0 M M M M M M M M
12 33 30 32 -11 33 0 T T 0 M M M M M M M M
13 40 19 30 -13 35 0 0.00 0.0 0 M M M M M M M M
14 43 16 30 -12 35 0 0.00 0.0 0 M M M M M M M M
15 36 32 34 -8 31 0 0.04 0.6 T M M M M M M 1 M M
16 34 28 31 -11 34 0 0.01 0.1 T M M M M M M 1 M M
17 38 26 32 -9 33 0 T 0.1 0 M M M M M M 1 M M
18 28 19 24 -17 41 0 T T 0 M M M M M M M M
19 32 17 25 -15 40 0 T T 0 M M M M M M M M
20 39 14 27 -13 38 0 0.00 0.0 0 M M M M M M M M
21 54 20 37 -2 28 0 0.00 0.0 0 M M M M M M M M
22 59 18 39 0 26 0 0.00 0.0 0 M M M M M M M M
23 62 23 43 4 22 0 0.00 0.0 0 M M M M M M M M
24 50 36 43 5 22 0 0.01 0.0 0 M M M M M M 1 M M
25 53 24 39 1 26 0 0.00 0.0 0 M M M M M M 12 M M
26 56 21 39 1 26 0 T 0.0 0 M M M M M M M M
27 48 41 45 8 20 0 1.39 0.0 0 M M M M M M M M
28 45 37 41 4 24 0 0.00 0.0 0 M M M M M M 1 M M
29 61 29 45 9 20 0 0.01 0.0 0 M M M M M M M M
30 32 20 26 -10 39 0 0.00 0.0 0 M M M M M M M M
================================================================================
SM 1598 924 683 3 2.14 0.8 M M M
================================================================================
AV 53.3 30.8 M FASTST M M M MAX(MPH)
MISC ----> M M M M
================================================================================
NOTES:
# LAST OF SEVERAL OCCURRENCES
COLUMN 17 PEAK WIND IN M.P.H.
PRELIMINARY LOCAL CLIMATOLOGICAL DATA (WS FORM: F-6) , PAGE 2
STATION: LINCOLN IL
MONTH: NOVEMBER
YEAR: 2022
LATITUDE: 40 9 N
LONGITUDE: 89 20 W
[TEMPERATURE DATA] [PRECIPITATION DATA] SYMBOLS USED IN COLUMN 16
AVERAGE MONTHLY: 42.0 TOTAL FOR MONTH: 2.14 1 = FOG OR MIST
DPTR FM NORMAL: 0.3 DPTR FM NORMAL: -0.74 2 = FOG REDUCING VISIBILITY
HIGHEST: 78 ON 4 GRTST 24HR 1.39 ON 27-27 TO 1/4 MILE OR LESS
LOWEST: 14 ON 20 3 = THUNDER
SNOW, ICE PELLETS, HAIL 4 = ICE PELLETS
TOTAL MONTH: 0.8 INCH 5 = HAIL
GRTST 24HR 0.6 ON 15-15 6 = FREEZING RAIN OR DRIZZLE
GRTST DEPTH: T 7 = DUSTSTORM OR SANDSTORM:
VSBY 1/2 MILE OR LESS
8 = SMOKE OR HAZE
[NO. OF DAYS WITH] [WEATHER - DAYS WITH] 9 = BLOWING SNOW
X = TORNADO
MAX 32 OR BELOW: 3 0.01 INCH OR MORE: 7
MAX 90 OR ABOVE: 0 0.10 INCH OR MORE: 2
MIN 32 OR BELOW: 17 0.50 INCH OR MORE: 2
MIN 0 OR BELOW: 0 1.00 INCH OR MORE: 1
[HDD (BASE 65) ]
TOTAL THIS MO. 683 CLEAR (SCALE 0-3) 0
DPTR FM NORMAL -17 PTCLDY (SCALE 4-7) 0
TOTAL FM JUL 1 1173 CLOUDY (SCALE 8-10) 30
DPTR FM NORMAL 28
[CDD (BASE 65) ]
TOTAL THIS MO. 3
DPTR FM NORMAL 2 [PRESSURE DATA]
TOTAL FM JAN 1 1025 HIGHEST SLP M ON M
DPTR FM NORMAL 11 LOWEST SLP M ON M
[REMARKS]
#FINAL-11-22#