000
CXUS53 KILX 010900
CF6ILX
PRELIMINARY LOCAL CLIMATOLOGICAL DATA (WS FORM: F-6)
STATION: LINCOLN IL
MONTH: JUNE
YEAR: 2022
LATITUDE: 40 9 N
LONGITUDE: 89 20 W
TEMPERATURE IN F: :PCPN: SNOW: WIND :SUNSHINE: SKY :PK WND
================================================================================
1 2 3 4 5 6A 6B 7 8 9 10 11 12 13 14 15 16 17 18
12Z AVG MX 2MIN
DY MAX MIN AVG DEP HDD CDD WTR SNW DPTH SPD SPD DIR MIN PSBL S-S WX SPD DR
================================================================================
1 77 64 71 2 0 6 0.76 0.0 0 M M M M M M 3 M M
2 76 56 66 -3 0 1 0.00 0.0 0 M M M M M M M M
3 82 51 67 -2 0 2 0.00 0.0 0 M M M M M M M M
4 83 53 68 -2 0 3 0.00 0.0 0 M M M M M M M M
5 84 56 70 0 0 5 0.00 0.0 0 M M M M M M M M
6 80 64 72 2 0 7 T 0.0 0 M M M M M M M M
7 79 63 71 1 0 6 0.00 0.0 0 M M M M M M 1 M M
8 74 59 67 -4 0 2 0.13 0.0 0 M M M M M M M M
9 80 52 66 -5 0 1 0.00 0.0 0 M M M M M M M M
10 70 58 64 -7 1 0 0.06 0.0 0 M M M M M M M M
11 82 54 68 -4 0 3 T 0.0 0 M M M M M M M M
12 86 68 77 5 0 12 0.04 0.0 0 M M M M M M M M
13 93 69 81 9 0 16 0.00 0.0 0 M M M M M M M M
14 95 78 87 15 0 22 0.00 0.0 0 M M M M M M M M
15 94 75 85 13 0 20 0.00 0.0 0 M M M M M M M M
16 95 76 86 13 0 21 0.00 0.0 0 M M M M M M M M
17 89 68 79 6 0 14 T 0.0 0 M M M M M M 3 M M
18 82 57 70 -3 0 5 0.00 0.0 0 M M M M M M M M
19 85 48 67 -6 0 2 0.00 0.0 0 M M M M M M M M
20 90 54 72 -2 0 7 0.00 0.0 0 M M M M M M M M
21 94 61 78 4 0 13 0.00 0.0 0 M M M M M M M M
22 88 65 77 3 0 12 0.00 0.0 0 M M M M M M M M
23 88 58 73 -1 0 8 0.00 0.0 0 M M M M M M M M
24 88 57 73 -1 0 8 0.00 0.0 0 M M M M M M M M
25 85 66 76 2 0 11 1.60 0.0 0 M M M M M M 13 M M
26 79 61 70 -4 0 5 0.00 0.0 0 M M M M M M M M
27 78 55 67 -7 0 2 0.00 0.0 0 M M M M M M M M
28 82 56 69 -6 0 4 0.00 0.0 0 M M M M M M M M
29 87 60 74 -1 0 9 0.00 0.0 0 M M M M M M M M
30 87 59 73 -2 0 8 0.00 0.0 0 M M M M M M M M
================================================================================
SM 2532 1821 1 235 2.59 0.0 M M M
================================================================================
AV 84.4 60.7 M FASTST M M M MAX(MPH)
MISC ----> M M M M
================================================================================
NOTES:
# LAST OF SEVERAL OCCURRENCES
COLUMN 17 PEAK WIND IN M.P.H.
PRELIMINARY LOCAL CLIMATOLOGICAL DATA (WS FORM: F-6) , PAGE 2
STATION: LINCOLN IL
MONTH: JUNE
YEAR: 2022
LATITUDE: 40 9 N
LONGITUDE: 89 20 W
[TEMPERATURE DATA] [PRECIPITATION DATA] SYMBOLS USED IN COLUMN 16
AVERAGE MONTHLY: 72.6 TOTAL FOR MONTH: 2.59 1 = FOG OR MIST
DPTR FM NORMAL: 0.3 DPTR FM NORMAL: -1.57 2 = FOG REDUCING VISIBILITY
HIGHEST: 95 ON 16,14 GRTST 24HR 1.60 ON 25-25 TO 1/4 MILE OR LESS
LOWEST: 48 ON 19 3 = THUNDER
SNOW, ICE PELLETS, HAIL 4 = ICE PELLETS
TOTAL MONTH: 0.0 INCH 5 = HAIL
GRTST 24HR 0.0 6 = FREEZING RAIN OR DRIZZLE
GRTST DEPTH: 0 7 = DUSTSTORM OR SANDSTORM:
VSBY 1/2 MILE OR LESS
8 = SMOKE OR HAZE
[NO. OF DAYS WITH] [WEATHER - DAYS WITH] 9 = BLOWING SNOW
X = TORNADO
MAX 32 OR BELOW: 0 0.01 INCH OR MORE: 5
MAX 90 OR ABOVE: 6 0.10 INCH OR MORE: 3
MIN 32 OR BELOW: 0 0.50 INCH OR MORE: 2
MIN 0 OR BELOW: 0 1.00 INCH OR MORE: 1
[HDD (BASE 65) ]
TOTAL THIS MO. 1 CLEAR (SCALE 0-3) 0
DPTR FM NORMAL -14 PTCLDY (SCALE 4-7) 0
TOTAL FM JUL 1 5409 CLOUDY (SCALE 8-10) 30
DPTR FM NORMAL -211
[CDD (BASE 65) ]
TOTAL THIS MO. 235
DPTR FM NORMAL 1 [PRESSURE DATA]
TOTAL FM JAN 1 387 HIGHEST SLP M ON M
DPTR FM NORMAL 52 LOWEST SLP M ON M
[REMARKS]
#FINAL-06-22#