000
CXUS53 KILX 011000
CF6ILX
PRELIMINARY LOCAL CLIMATOLOGICAL DATA (WS FORM: F-6)
STATION: LINCOLN IL
MONTH: DECEMBER
YEAR: 2021
LATITUDE: 40 9 N
LONGITUDE: 89 20 W
TEMPERATURE IN F: :PCPN: SNOW: WIND :SUNSHINE: SKY :PK WND
================================================================================
1 2 3 4 5 6A 6B 7 8 9 10 11 12 13 14 15 16 17 18
12Z AVG MX 2MIN
DY MAX MIN AVG DEP HDD CDD WTR SNW DPTH SPD SPD DIR MIN PSBL S-S WX SPD DR
================================================================================
1 55 34 45 9 20 0 0.29 0.0 0 M M M M M M 1 M M
2 62 35 49 14 16 0 0.00 0.0 0 M M M M M M M M
3 59 33 46 11 19 0 0.00 0.0 0 M M M M M M M M
4 48 29 39 4 26 0 0.00 0.0 0 M M M M M M 1 M M
5 55 29 42 8 23 0 0.03 0.0 0 M M M M M M 1 M M
6 44 15 30 -4 35 0 0.00 0.0 0 M M M M M M M M
7 26 12 19 -15 46 0 0.00 0.0 0 M M M M M M M M
8 40 23 32 -1 33 0 0.00 0.0 0 M M M M M M M M
9 60 26 43 10 22 0 T 0.0 0 M M M M M M 1 M M
10 64 29 47 14 18 0 0.53 0.0 0 M M M M M M 123 M M
11 63 34 49 17 16 0 0.00 0.0 0 M M M M M M M M
12 49 32 41 9 24 0 0.00 0.0 0 M M M M M M M M
13 52 34 43 11 22 0 0.00 0.0 0 M M M M M M M M
14 58 31 45 13 20 0 0.04 0.0 0 M M M M M M M M
15 65 52 59 28 6 0 T 0.0 0 M M M M M M 1 M M
16 64 24 44 13 21 0 0.02 0.0 0 M M M M M M M M
17 37 20 29 -2 36 0 0.19 0.0 0 M M M M M M M M
18 37 26 32 2 33 0 0.31 0.0 0 M M M M M M M M
19 37 19 28 -2 37 0 0.00 0.0 0 M M M M M M M M
20 44 24 34 4 31 0 0.00 0.0 0 M M M M M M M M
21 44 20 32 2 33 0 0.00 0.0 0 M M M M M M M M
22 36 18 27 -2 38 0 0.00 0.0 0 M M M M M M M M
23 54 29 42 13 23 0 0.00 0.0 0 M M M M M M M M
24 61 42 52 23 13 0 0.02 0.0 0 M M M M M M M M
25 61 45 53 24 12 0 T 0.0 0 M M M M M M 1 M M
26 52 32 42 14 23 0 0.02 0.0 0 M M M M M M 1 M M
27 59 34 47 19 18 0 0.00 0.0 0 M M M M M M 1 M M
28 46 34 40 12 25 0 0.50 0.0 0 M M M M M M M M
29 44 31 38 10 27 0 0.06 T 0 M M M M M M 46 M M
30 42 31 37 9 28 0 0.00 0.0 0 M M M M M M 1 M M
31 57 35 46 18 19 0 T 0.0 0 M M M M M M M M
================================================================================
SM 1575 912 763 0 2.01 T M M M
================================================================================
AV 50.8 29.4 M FASTST M M M MAX(MPH)
MISC ----> M M M M
================================================================================
NOTES:
# LAST OF SEVERAL OCCURRENCES
COLUMN 17 PEAK WIND IN M.P.H.
PRELIMINARY LOCAL CLIMATOLOGICAL DATA (WS FORM: F-6) , PAGE 2
STATION: LINCOLN IL
MONTH: DECEMBER
YEAR: 2021
LATITUDE: 40 9 N
LONGITUDE: 89 20 W
[TEMPERATURE DATA] [PRECIPITATION DATA] SYMBOLS USED IN COLUMN 16
AVERAGE MONTHLY: 40.1 TOTAL FOR MONTH: 2.01 1 = FOG OR MIST
DPTR FM NORMAL: 9.0 DPTR FM NORMAL: -0.28 2 = FOG REDUCING VISIBILITY
HIGHEST: 65 ON 15 GRTST 24HR 0.53 ON 10-10 TO 1/4 MILE OR LESS
LOWEST: 12 ON 7 3 = THUNDER
SNOW, ICE PELLETS, HAIL 4 = ICE PELLETS
TOTAL MONTH: T 5 = HAIL
GRTST 24HR T ON 29-29 6 = FREEZING RAIN OR DRIZZLE
GRTST DEPTH: 0 7 = DUSTSTORM OR SANDSTORM:
VSBY 1/2 MILE OR LESS
8 = SMOKE OR HAZE
[NO. OF DAYS WITH] [WEATHER - DAYS WITH] 9 = BLOWING SNOW
X = TORNADO
MAX 32 OR BELOW: 1 0.01 INCH OR MORE: 11
MAX 90 OR ABOVE: 0 0.10 INCH OR MORE: 5
MIN 32 OR BELOW: 20 0.50 INCH OR MORE: 2
MIN 0 OR BELOW: 0 1.00 INCH OR MORE: 0
[HDD (BASE 65) ]
TOTAL THIS MO. 763 CLEAR (SCALE 0-3) 0
DPTR FM NORMAL -286 PTCLDY (SCALE 4-7) 0
TOTAL FM JUL 1 1732 CLOUDY (SCALE 8-10) 31
DPTR FM NORMAL -460
[CDD (BASE 65) ]
TOTAL THIS MO. 0
DPTR FM NORMAL 0 [PRESSURE DATA]
TOTAL FM JAN 1 1192 HIGHEST SLP M ON M
DPTR FM NORMAL 178 LOWEST SLP M ON M
[REMARKS]
#FINAL-12-21#