000
CXUS53 KILX 010900
CF6ILX
PRELIMINARY LOCAL CLIMATOLOGICAL DATA (WS FORM: F-6)
STATION: LINCOLN IL
MONTH: AUGUST
YEAR: 2021
LATITUDE: 40 9 N
LONGITUDE: 89 20 W
TEMPERATURE IN F: :PCPN: SNOW: WIND :SUNSHINE: SKY :PK WND
================================================================================
1 2 3 4 5 6A 6B 7 8 9 10 11 12 13 14 15 16 17 18
12Z AVG MX 2MIN
DY MAX MIN AVG DEP HDD CDD WTR SNW DPTH SPD SPD DIR MIN PSBL S-S WX SPD DR
================================================================================
1 80 58 69 -5 0 4 0.00 0.0 0 M M M M M M M M
2 78 53 66 -8 0 1 0.00 0.0 0 M M M M M M M M
3 80 53 67 -7 0 2 0.00 0.0 0 M M M M M M M M
4 83 55 69 -5 0 4 0.00 0.0 0 M M M M M M M M
5 83 56 70 -4 0 5 0.00 0.0 0 M M M M M M M M
6 82 65 74 1 0 9 0.04 0.0 0 M M M M M M 13 M M
7 88 66 77 4 0 12 0.00 0.0 0 M M M M M M 1 M M
8 88 69 79 6 0 14 0.46 0.0 0 M M M M M M 13 M M
9 87 69 78 5 0 13 0.20 0.0 0 M M M M M M 3 M M
10 91 74 83 10 0 18 0.00 0.0 0 M M M M M M M M
11 89 74 82 9 0 17 0.00 0.0 0 M M M M M M M M
12 85 67 76 3 0 11 1.35 0.0 0 M M M M M M 3 M M
13 83 62 73 0 0 8 0.00 0.0 0 M M M M M M M M
14 82 58 70 -3 0 5 0.00 0.0 0 M M M M M M M M
15 78 56 67 -6 0 2 0.00 0.0 0 M M M M M M M M
16 81 57 69 -4 0 4 0.00 0.0 0 M M M M M M M M
17 85 61 73 0 0 8 0.00 0.0 0 M M M M M M M M
18 87 63 75 2 0 10 0.00 0.0 0 M M M M M M 1 M M
19 87 62 75 2 0 10 0.00 0.0 0 M M M M M M 12 M M
20 87 64 76 4 0 11 0.00 0.0 0 M M M M M M 1 M M
21 84 69 77 5 0 12 0.49 0.0 0 M M M M M M 1 M M
22 85 63 74 2 0 9 0.00 0.0 0 M M M M M M 1 M M
23 88 60 74 2 0 9 T 0.0 0 M M M M M M 13 M M
24 92 68 80 8 0 15 0.36 0.0 0 M M M M M M 3 M M
25 92 68 80 8 0 15 0.50 0.0 0 M M M M M M 3 M M
26 89 69 79 7 0 14 0.02 0.0 0 M M M M M M 3 M M
27 91 66 79 7 0 14 0.07 0.0 0 M M M M M M 3 M M
28 90 70 80 8 0 15 0.00 0.0 0 M M M M M M 1 M M
29 90 71 81 10 0 16 0.00 0.0 0 M M M M M M M M
30 86 66 76 5 0 11 0.00 0.0 0 M M M M M M 1 M M
31 84 65 75 4 0 10 0.29 0.0 0 M M M M M M M M
================================================================================
SM 2655 1977 0 308 3.78 0.0 M M M
================================================================================
AV 85.6 63.8 M FASTST M M M MAX(MPH)
MISC ----> M M M M
================================================================================
NOTES:
# LAST OF SEVERAL OCCURRENCES
COLUMN 17 PEAK WIND IN M.P.H.
PRELIMINARY LOCAL CLIMATOLOGICAL DATA (WS FORM: F-6) , PAGE 2
STATION: LINCOLN IL
MONTH: AUGUST
YEAR: 2021
LATITUDE: 40 9 N
LONGITUDE: 89 20 W
[TEMPERATURE DATA] [PRECIPITATION DATA] SYMBOLS USED IN COLUMN 16
AVERAGE MONTHLY: 74.7 TOTAL FOR MONTH: 3.78 1 = FOG OR MIST
DPTR FM NORMAL: 2.1 DPTR FM NORMAL: 0.31 2 = FOG REDUCING VISIBILITY
HIGHEST: 92 ON 25,24 GRTST 24HR 1.35 ON 12-12 TO 1/4 MILE OR LESS
LOWEST: 53 ON 3, 2 3 = THUNDER
SNOW, ICE PELLETS, HAIL 4 = ICE PELLETS
TOTAL MONTH: 0.0 INCH 5 = HAIL
GRTST 24HR 0.0 6 = FREEZING RAIN OR DRIZZLE
GRTST DEPTH: 0 7 = DUSTSTORM OR SANDSTORM:
VSBY 1/2 MILE OR LESS
8 = SMOKE OR HAZE
[NO. OF DAYS WITH] [WEATHER - DAYS WITH] 9 = BLOWING SNOW
X = TORNADO
MAX 32 OR BELOW: 0 0.01 INCH OR MORE: 10
MAX 90 OR ABOVE: 6 0.10 INCH OR MORE: 7
MIN 32 OR BELOW: 0 0.50 INCH OR MORE: 2
MIN 0 OR BELOW: 0 1.00 INCH OR MORE: 1
[HDD (BASE 65) ]
TOTAL THIS MO. 0 CLEAR (SCALE 0-3) 0
DPTR FM NORMAL -6 PTCLDY (SCALE 4-7) 0
TOTAL FM JUL 1 1 CLOUDY (SCALE 8-10) 31
DPTR FM NORMAL -1
[CDD (BASE 65) ]
TOTAL THIS MO. 308
DPTR FM NORMAL 65 [PRESSURE DATA]
TOTAL FM JAN 1 979 HIGHEST SLP M ON M
DPTR FM NORMAL 100 LOWEST SLP M ON M
[REMARKS]
#FINAL-08-21#