000
CXUS53 KILX 010900
CF6ILX
PRELIMINARY LOCAL CLIMATOLOGICAL DATA (WS FORM: F-6)
STATION: LINCOLN IL
MONTH: JUNE
YEAR: 2021
LATITUDE: 40 9 N
LONGITUDE: 89 20 W
TEMPERATURE IN F: :PCPN: SNOW: WIND :SUNSHINE: SKY :PK WND
================================================================================
1 2 3 4 5 6A 6B 7 8 9 10 11 12 13 14 15 16 17 18
12Z AVG MX 2MIN
DY MAX MIN AVG DEP HDD CDD WTR SNW DPTH SPD SPD DIR MIN PSBL S-S WX SPD DR
================================================================================
1 75 59 67 -2 0 2 T 0.0 0 M M M M M M 1 M M
2 77 58 68 -1 0 3 0.00 0.0 0 M M M M M M M M
3 85 55 70 1 0 5 0.00 0.0 0 M M M M M M M M
4 86 63 75 5 0 10 0.00 0.0 0 M M M M M M M M
5 88 66 77 7 0 12 0.00 0.0 0 M M M M M M M M
6 86 63 75 5 0 10 0.00 0.0 0 M M M M M M M M
7 85 70 78 8 0 13 0.11 0.0 0 M M M M M M M M
8 85 63 74 3 0 9 0.68 0.0 0 M M M M M M 1 M M
9 85 66 76 5 0 11 T 0.0 0 M M M M M M M M
10 91 68 80 9 0 15 0.00 0.0 0 M M M M M M M M
11 94 68 81 9 0 16 0.00 0.0 0 M M M M M M 1 M M
12 95 70 83 11 0 18 0.19 0.0 0 M M M M M M 3 M M
13 89 63 76 4 0 11 0.00 0.0 0 M M M M M M M M
14 87 62 75 3 0 10 0.00 0.0 0 M M M M M M M M
15 87 56 72 0 0 7 0.00 0.0 0 M M M M M M M M
16 84 59 72 -1 0 7 0.00 0.0 0 M M M M M M M M
17 90 56 73 0 0 8 0.00 0.0 0 M M M M M M M M
18 95 72 84 11 0 19 T 0.0 0 M M M M M M M M
19 86 66 76 3 0 11 1.18 0.0 0 M M M M M M 13 M M
20 85 67 76 2 0 11 0.01 0.0 0 M M M M M M M M
21 80 53 67 -7 0 2 0.00 0.0 0 M M M M M M M M
22 76 49 63 -11 2 0 0.00 0.0 0 M M M M M M M M
23 82 58 70 -4 0 5 0.00 0.0 0 M M M M M M M M
24 75 64 70 -4 0 5 0.64 0.0 0 M M M M M M M M
25 84 69 77 3 0 12 1.34 0.0 0 M M M M M M 3 M M
26 85 70 78 4 0 13 1.62 0.0 0 M M M M M M 3 M M
27 85 72 79 5 0 14 0.45 0.0 0 M M M M M M 3 M M
28 86 71 79 4 0 14 0.55 0.0 0 M M M M M M 3 M M
29 89 69 79 4 0 14 0.09 0.0 0 M M M M M M M M
30 80 71 76 1 0 11 0.10 0.0 0 M M M M M M M M
================================================================================
SM 2557 1916 2 298 6.96 0.0 M M M
================================================================================
AV 85.2 63.9 M FASTST M M M MAX(MPH)
MISC ----> M M M M
================================================================================
NOTES:
# LAST OF SEVERAL OCCURRENCES
COLUMN 17 PEAK WIND IN M.P.H.
PRELIMINARY LOCAL CLIMATOLOGICAL DATA (WS FORM: F-6) , PAGE 2
STATION: LINCOLN IL
MONTH: JUNE
YEAR: 2021
LATITUDE: 40 9 N
LONGITUDE: 89 20 W
[TEMPERATURE DATA] [PRECIPITATION DATA] SYMBOLS USED IN COLUMN 16
AVERAGE MONTHLY: 74.5 TOTAL FOR MONTH: 6.96 1 = FOG OR MIST
DPTR FM NORMAL: 2.2 DPTR FM NORMAL: 2.80 2 = FOG REDUCING VISIBILITY
HIGHEST: 95 ON 18,12 GRTST 24HR 1.62 ON 26-26 TO 1/4 MILE OR LESS
LOWEST: 49 ON 22 3 = THUNDER
SNOW, ICE PELLETS, HAIL 4 = ICE PELLETS
TOTAL MONTH: 0.0 INCH 5 = HAIL
GRTST 24HR 0.0 6 = FREEZING RAIN OR DRIZZLE
GRTST DEPTH: 0 7 = DUSTSTORM OR SANDSTORM:
VSBY 1/2 MILE OR LESS
8 = SMOKE OR HAZE
[NO. OF DAYS WITH] [WEATHER - DAYS WITH] 9 = BLOWING SNOW
X = TORNADO
MAX 32 OR BELOW: 0 0.01 INCH OR MORE: 12
MAX 90 OR ABOVE: 5 0.10 INCH OR MORE: 10
MIN 32 OR BELOW: 0 0.50 INCH OR MORE: 6
MIN 0 OR BELOW: 0 1.00 INCH OR MORE: 3
[HDD (BASE 65) ]
TOTAL THIS MO. 2 CLEAR (SCALE 0-3) 0
DPTR FM NORMAL -13 PTCLDY (SCALE 4-7) 0
TOTAL FM JUL 1 5542 CLOUDY (SCALE 8-10) 30
DPTR FM NORMAL -78
[CDD (BASE 65) ]
TOTAL THIS MO. 298
DPTR FM NORMAL 64 [PRESSURE DATA]
TOTAL FM JAN 1 398 HIGHEST SLP M ON M
DPTR FM NORMAL 63 LOWEST SLP M ON M
[REMARKS]
#FINAL-06-21#