000
CXUS53 KILX 011000
CF6ILX
PRELIMINARY LOCAL CLIMATOLOGICAL DATA (WS FORM: F-6)
STATION: LINCOLN IL
MONTH: JANUARY
YEAR: 2021
LATITUDE: 40 9 N
LONGITUDE: 89 20 W
TEMPERATURE IN F: :PCPN: SNOW: WIND :SUNSHINE: SKY :PK WND
================================================================================
1 2 3 4 5 6A 6B 7 8 9 10 11 12 13 14 15 16 17 18
12Z AVG MX 2MIN
DY MAX MIN AVG DEP HDD CDD WTR SNW DPTH SPD SPD DIR MIN PSBL S-S WX SPD DR
================================================================================
1 33 25 29 3 36 0 0.89 0.4 T M M M M M M 46 M M
2 32 30 31 5 34 0 0.06 0.7 T M M M M M M 1 M M
3 32 22 27 1 38 0 0.24 4.1 4 M M M M M M 12 M M
4 32 17 25 -1 40 0 T 0.0 4 M M M M M M 126 M M
5 33 23 28 2 37 0 0.00 0.0 3 M M M M M M 12 M M
6 33 22 28 2 37 0 0.00 0.0 2 M M M M M M 128 M M
7 34 24 29 3 36 0 0.00 0.0 1 M M M M M M 1 M M
8 33 29 31 5 34 0 0.00 0.0 T M M M M M M 1 M M
9 30 27 29 3 36 0 T T T M M M M M M 1 M M
10 27 23 25 -1 40 0 T T T M M M M M M 18 M M
11 32 23 28 2 37 0 T T T M M M M M M M M
12 43 24 34 8 31 0 0.00 0.0 0 M M M M M M M M
13 45 33 39 13 26 0 0.00 0.0 0 M M M M M M M M
14 44 31 38 12 27 0 T 0.0 0 M M M M M M 1 M M
15 35 29 32 6 33 0 0.07 0.2 T M M M M M M 1 M M
16 35 28 32 6 33 0 0.08 0.7 T M M M M M M 1 M M
17 32 28 30 4 35 0 T 0.1 T M M M M M M 1 M M
18 38 26 32 6 33 0 T T 0 M M M M M M M M
19 39 19 29 3 36 0 T T 0 M M M M M M M M
20 37 14 26 0 39 0 0.00 0.0 0 M M M M M M M M
21 50 32 41 15 24 0 0.00 0.0 0 M M M M M M M M
22 32 12 22 -4 43 0 0.00 0.0 0 M M M M M M M M
23 36 6 21 -5 44 0 T T 0 M M M M M M M M
24 38 29 34 8 31 0 0.01 T 0 M M M M M M M M
25 34 30 32 6 33 0 0.29 0.2 0 M M M M M M 16 M M
26 32 23 28 2 37 0 0.04 0.1 T M M M M M M 16 M M
27 27 13 20 -6 45 0 0.04 0.4 T M M M M M M 1 M M
28 29 9 19 -7 46 0 0.00 0.0 T M M M M M M M M
29 33 14 24 -2 41 0 0.00 0.0 T M M M M M M M M
30 36 28 32 6 33 0 1.39 T 0 M M M M M M 14 M M
31 36 31 34 7 31 0 0.31 0.9 0 M M M M M M 1 M M
================================================================================
SM 1082 724 1106 0 3.42 7.8 M M M
================================================================================
AV 34.9 23.4 M FASTST M M M MAX(MPH)
MISC ----> M M M M
================================================================================
NOTES:
# LAST OF SEVERAL OCCURRENCES
COLUMN 17 PEAK WIND IN M.P.H.
PRELIMINARY LOCAL CLIMATOLOGICAL DATA (WS FORM: F-6) , PAGE 2
STATION: LINCOLN IL
MONTH: JANUARY
YEAR: 2021
LATITUDE: 40 9 N
LONGITUDE: 89 20 W
[TEMPERATURE DATA] [PRECIPITATION DATA] SYMBOLS USED IN COLUMN 16
AVERAGE MONTHLY: 29.1 TOTAL FOR MONTH: 3.42 1 = FOG OR MIST
DPTR FM NORMAL: 3.2 DPTR FM NORMAL: 1.49 2 = FOG REDUCING VISIBILITY
HIGHEST: 50 ON 21 GRTST 24HR 1.39 ON 30-30 TO 1/4 MILE OR LESS
LOWEST: 6 ON 23 3 = THUNDER
SNOW, ICE PELLETS, HAIL 4 = ICE PELLETS
TOTAL MONTH: 7.8 INCHES 5 = HAIL
GRTST 24HR 4.1 ON 3- 3 6 = FREEZING RAIN OR DRIZZLE
GRTST DEPTH: 4 ON 4, 3 7 = DUSTSTORM OR SANDSTORM:
VSBY 1/2 MILE OR LESS
8 = SMOKE OR HAZE
[NO. OF DAYS WITH] [WEATHER - DAYS WITH] 9 = BLOWING SNOW
X = TORNADO
MAX 32 OR BELOW: 11 0.01 INCH OR MORE: 11
MAX 90 OR ABOVE: 0 0.10 INCH OR MORE: 5
MIN 32 OR BELOW: 30 0.50 INCH OR MORE: 2
MIN 0 OR BELOW: 0 1.00 INCH OR MORE: 1
[HDD (BASE 65) ]
TOTAL THIS MO. 1106 CLEAR (SCALE 0-3) 0
DPTR FM NORMAL -106 PTCLDY (SCALE 4-7) 0
TOTAL FM JUL 1 3145 CLOUDY (SCALE 8-10) 31
DPTR FM NORMAL -304
[CDD (BASE 65) ]
TOTAL THIS MO. 0
DPTR FM NORMAL 0 [PRESSURE DATA]
TOTAL FM JAN 1 0 HIGHEST SLP M ON M
DPTR FM NORMAL 0 LOWEST SLP M ON M
[REMARKS]
#FINAL-01-21#