000
CXUS53 KILX 011000
CF6ILX
PRELIMINARY LOCAL CLIMATOLOGICAL DATA (WS FORM: F-6)
STATION: LINCOLN IL
MONTH: DECEMBER
YEAR: 2020
LATITUDE: 40 9 N
LONGITUDE: 89 20 W
TEMPERATURE IN F: :PCPN: SNOW: WIND :SUNSHINE: SKY :PK WND
================================================================================
1 2 3 4 5 6A 6B 7 8 9 10 11 12 13 14 15 16 17 18
12Z AVG MX 2MIN
DY MAX MIN AVG DEP HDD CDD WTR SNW DPTH SPD SPD DIR MIN PSBL S-S WX SPD DR
================================================================================
1 37 19 28 -7 37 0 0.00 0.0 0 M M M M M M M M
2 45 15 30 -4 35 0 0.00 0.0 0 M M M M M M M M
3 48 19 34 0 31 0 0.00 0.0 0 M M M M M M M M
4 49 27 38 5 27 0 0.00 0.0 0 M M M M M M 1 M M
5 46 20 33 0 32 0 0.00 0.0 0 M M M M M M 1 M M
6 43 30 37 5 28 0 T T 0 M M M M M M M M
7 42 31 37 5 28 0 0.00 0.0 0 M M M M M M M M
8 38 29 34 2 31 0 0.00 0.0 0 M M M M M M 1 M M
9 57 28 43 12 22 0 0.00 0.0 0 M M M M M M 1 M M
10 63 25 44 13 21 0 0.00 0.0 0 M M M M M M M M
11 53 30 42 12 23 0 0.24 0.0 0 M M M M M M M M
12 54 33 44 14 21 0 0.38 0.0 0 M M M M M M 13 M M
13 36 28 32 2 33 0 0.00 0.0 0 M M M M M M M M
14 34 23 29 -1 36 0 T T 0 M M M M M M M M
15 33 20 27 -2 38 0 0.00 0.0 0 M M M M M M M M
16 30 25 28 -1 37 0 0.02 0.5 T M M M M M M M M
17 35 21 28 -1 37 0 0.00 0.0 0 M M M M M M M M
18 40 20 30 2 35 0 T 0.0 0 M M M M M M M M
19 49 35 42 14 23 0 0.00 0.0 0 M M M M M M M M
20 45 25 35 7 30 0 0.00 0.0 0 M M M M M M M M
21 52 35 44 16 21 0 0.00 0.0 0 M M M M M M M M
22 49 26 38 10 27 0 0.00 0.0 0 M M M M M M M M
23 60 23 42 14 23 0 0.10 T 0 M M M M M M M M
24 24 10 17 -10 48 0 T 0.1 0 M M M M M M M M
25 21 7 14 -13 51 0 T T 0 M M M M M M M M
26 40 18 29 2 36 0 0.00 0.0 0 M M M M M M M M
27 53 26 40 13 25 0 T 0.0 0 M M M M M M M M
28 31 16 24 -3 41 0 0.00 0.0 0 M M M M M M M M
29 37 13 25 -2 40 0 T T 0 M M M M M M 46 M M
30 41 25 33 7 32 0 0.29 0.0 0 M M M M M M M M
31 27 23 25 -1 40 0 0.00 0.0 0 M M M M M M M M
================================================================================
SM 1312 725 989 0 1.03 0.6 M M M
================================================================================
AV 42.3 23.4 M FASTST M M M MAX(MPH)
MISC ----> M M M M
================================================================================
NOTES:
# LAST OF SEVERAL OCCURRENCES
COLUMN 17 PEAK WIND IN M.P.H.
PRELIMINARY LOCAL CLIMATOLOGICAL DATA (WS FORM: F-6) , PAGE 2
STATION: LINCOLN IL
MONTH: DECEMBER
YEAR: 2020
LATITUDE: 40 9 N
LONGITUDE: 89 20 W
[TEMPERATURE DATA] [PRECIPITATION DATA] SYMBOLS USED IN COLUMN 16
AVERAGE MONTHLY: 32.9 TOTAL FOR MONTH: 1.03 1 = FOG OR MIST
DPTR FM NORMAL: 3.4 DPTR FM NORMAL: -1.61 2 = FOG REDUCING VISIBILITY
HIGHEST: 63 ON 10 GRTST 24HR 0.38 ON 12-12 TO 1/4 MILE OR LESS
LOWEST: 7 ON 25 3 = THUNDER
SNOW, ICE PELLETS, HAIL 4 = ICE PELLETS
TOTAL MONTH: 0.6 INCH 5 = HAIL
GRTST 24HR 0.5 ON 16-16 6 = FREEZING RAIN OR DRIZZLE
GRTST DEPTH: T 7 = DUSTSTORM OR SANDSTORM:
VSBY 1/2 MILE OR LESS
8 = SMOKE OR HAZE
[NO. OF DAYS WITH] [WEATHER - DAYS WITH] 9 = BLOWING SNOW
X = TORNADO
MAX 32 OR BELOW: 5 0.01 INCH OR MORE: 5
MAX 90 OR ABOVE: 0 0.10 INCH OR MORE: 4
MIN 32 OR BELOW: 28 0.50 INCH OR MORE: 0
MIN 0 OR BELOW: 0 1.00 INCH OR MORE: 0
[HDD (BASE 65) ]
TOTAL THIS MO. 989 CLEAR (SCALE 0-3) 0
DPTR FM NORMAL -110 PTCLDY (SCALE 4-7) 0
TOTAL FM JUL 1 2039 CLOUDY (SCALE 8-10) 31
DPTR FM NORMAL -202
[CDD (BASE 65) ]
TOTAL THIS MO. 0
DPTR FM NORMAL 0 [PRESSURE DATA]
TOTAL FM JAN 1 1023 HIGHEST SLP M ON M
DPTR FM NORMAL 6 LOWEST SLP M ON M
[REMARKS]
#FINAL-12-20#