420
CXUS53 KILX 012300
CF6ILX
PRELIMINARY LOCAL CLIMATOLOGICAL DATA (WS FORM: F-6)
STATION: LINCOLN IL
MONTH: AUGUST
YEAR: 2020
LATITUDE: 40 9 N
LONGITUDE: 89 20 W
TEMPERATURE IN F: :PCPN: SNOW: WIND :SUNSHINE: SKY :PK WND
================================================================================
1 2 3 4 5 6A 6B 7 8 9 10 11 12 13 14 15 16 17 18
12Z AVG MX 2MIN
DY MAX MIN AVG DEP HDD CDD WTR SNW DPTH SPD SPD DIR MIN PSBL S-S WX SPD DR
================================================================================
1 75 61 68 -6 0 3 0.85 0.0 0 M M M M M M 1 M M
2 84 59 72 -2 0 7 0.01 0.0 0 M M M M M M 1 M M
3 75 58 67 -7 0 2 0.00 0.0 0 M M M M M M 1 M M
4 74 53 64 -10 1 0 0.00 0.0 0 M M M M M M M M
5 77 49 63 -11 2 0 0.00 0.0 0 M M M M M M 1 M M
6 79 52 66 -8 0 1 0.00 0.0 0 M M M M M M M M
7 81 54 68 -6 0 3 0.00 0.0 0 M M M M M M 1 M M
8 84 60 72 -2 0 7 0.00 0.0 0 M M M M M M 3 M M
9 85 67 76 2 0 11 0.07 0.0 0 M M M M M M M M
10 94 65 80 7 0 15 0.41 0.0 0 M M M M M M 3 M M
11 82 64 73 0 0 8 0.00 0.0 0 M M M M M M 12 M M
12 84 62 73 0 0 8 0.00 0.0 0 M M M M M M M M
13 86 61 74 1 0 9 0.00 0.0 0 M M M M M M M M
14 86 60 73 0 0 8 0.00 0.0 0 M M M M M M M M
15 87 60 74 1 0 9 0.04 0.0 0 M M M M M M 3 M M
16 83 59 71 -2 0 6 0.00 0.0 0 M M M M M M M M
17 86 60 73 0 0 8 T 0.0 0 M M M M M M M M
18 82 57 70 -3 0 5 0.03 0.0 0 M M M M M M M M
19 79 53 66 -7 0 1 0.00 0.0 0 M M M M M M M M
20 81 50 66 -7 0 1 0.00 0.0 0 M M M M M M M M
21 83 51 67 -6 0 2 0.00 0.0 0 M M M M M M M M
22 84 53 69 -4 0 4 0.00 0.0 0 M M M M M M M M
23 90 59 75 2 0 10 0.00 0.0 0 M M M M M M M M
24 93 63 78 5 0 13 0.00 0.0 0 M M M M M M M M
25 92 64 78 6 0 13 0.00 0.0 0 M M M M M M M M
26 91 67 79 7 0 14 0.00 0.0 0 M M M M M M M M
27 88 73 81 9 0 16 T 0.0 0 M M M M M M M M
28 90 68 79 7 0 14 0.00 0.0 0 M M M M M M M M
29 81 54 68 -4 0 3 0.00 0.0 0 M M M M M M M M
30 80 49 65 -7 0 0 0.00 0.0 0 M M M M M M M M
31 81 58 70 -1 0 5 0.03 0.0 0 M M M M M M 1 M M
================================================================================
SM 2597 1823 3 206 1.44 0.0 M M M
================================================================================
AV 83.8 58.8 M FASTST M M 2 MAX(MPH)
MISC ----> M M M M
================================================================================
NOTES:
# LAST OF SEVERAL OCCURRENCES
COLUMN 17 PEAK WIND IN M.P.H.
PRELIMINARY LOCAL CLIMATOLOGICAL DATA (WS FORM: F-6) , PAGE 2
STATION: LINCOLN IL
MONTH: AUGUST
YEAR: 2020
LATITUDE: 40 9 N
LONGITUDE: 89 20 W
[TEMPERATURE DATA] [PRECIPITATION DATA] SYMBOLS USED IN COLUMN 16
AVERAGE MONTHLY: 71.3 TOTAL FOR MONTH: 1.44 1 = FOG OR MIST
DPTR FM NORMAL: -1.7 DPTR FM NORMAL: -2.48 2 = FOG REDUCING VISIBILITY
HIGHEST: 94 ON 10 GRTST 24HR 0.85 ON 1- 1 TO 1/4 MILE OR LESS
LOWEST: 49 ON 30, 5 3 = THUNDER
SNOW, ICE PELLETS, HAIL 4 = ICE PELLETS
TOTAL MONTH: 0.0 INCH 5 = HAIL
GRTST 24HR 0.0 6 = FREEZING RAIN OR DRIZZLE
GRTST DEPTH: 0 7 = DUSTSTORM OR SANDSTORM:
VSBY 1/2 MILE OR LESS
8 = SMOKE OR HAZE
[NO. OF DAYS WITH] [WEATHER - DAYS WITH] 9 = BLOWING SNOW
X = TORNADO
MAX 32 OR BELOW: 0 0.01 INCH OR MORE: 7
MAX 90 OR ABOVE: 6 0.10 INCH OR MORE: 2
MIN 32 OR BELOW: 0 0.50 INCH OR MORE: 1
MIN 0 OR BELOW: 0 1.00 INCH OR MORE: 0
[HDD (BASE 65) ]
TOTAL THIS MO. 3 CLEAR (SCALE 0-3) 0
DPTR FM NORMAL -4 PTCLDY (SCALE 4-7) 0
TOTAL FM JUL 1 3 CLOUDY (SCALE 8-10) 0
DPTR FM NORMAL -6
[CDD (BASE 65) ]
TOTAL THIS MO. 206
DPTR FM NORMAL -49 [PRESSURE DATA]
TOTAL FM JAN 1 935 HIGHEST SLP M ON M
DPTR FM NORMAL 46 LOWEST SLP M ON M
[REMARKS]
#FINAL-08-20#