000
CXUS53 KILX 012300
CF6ILX
PRELIMINARY LOCAL CLIMATOLOGICAL DATA (WS FORM: F-6)
STATION: LINCOLN IL
MONTH: MARCH
YEAR: 2020
LATITUDE: 40 9 N
LONGITUDE: 89 20 W
TEMPERATURE IN F: :PCPN: SNOW: WIND :SUNSHINE: SKY :PK WND
================================================================================
1 2 3 4 5 6A 6B 7 8 9 10 11 12 13 14 15 16 17 18
12Z AVG MX 2MIN
DY MAX MIN AVG DEP HDD CDD WTR SNW DPTH SPD SPD DIR MIN PSBL S-S WX SPD DR
================================================================================
1 62 34 48 13 17 0 0.00 0.0 0 M M M M M M M M
2 55 35 45 9 20 0 T 0.0 0 M M M M M M M M
3 56 29 43 7 22 0 T 0.0 0 M M M M M M 1 M M
4 53 29 41 4 24 0 T 0.0 0 M M M M M M M M
5 58 29 44 7 21 0 T T 0 M M M M M M M M
6 48 24 36 -1 29 0 T T 0 M M M M M M M M
7 56 22 39 1 26 0 0.00 0.0 0 M M M M M M M M
8 67 34 51 13 14 0 0.00 0.0 0 M M M M M M M M
9 59 48 54 15 11 0 0.74 0.0 0 M M M M M M 1 M M
10 51 38 45 6 20 0 0.02 0.0 0 M M M M M M 1 M M
11 48 37 43 4 22 0 T 0.0 0 M M M M M M 1 M M
12 56 34 45 5 20 0 0.06 0.0 0 M M M M M M 12 M M
13 52 33 43 3 22 0 0.00 0.0 0 M M M M M M M M
14 42 32 37 -3 28 0 0.33 0.5 T M M M M M M 1 M M
15 45 30 38 -3 27 0 0.00 0.0 0 M M M M M M M M
16 41 35 38 -3 27 0 0.05 0.0 0 M M M M M M 1 M M
17 50 38 44 2 21 0 0.00 0.0 0 M M M M M M 1 M M
18 49 38 44 2 21 0 0.47 0.0 0 M M M M M M 1 M M
19 67 46 57 15 8 0 0.77 0.0 0 M M M M M M 12 M M
20 64 34 49 6 16 0 T 0.0 0 M M M M M M M M
21 39 28 34 -9 31 0 T T 0 M M M M M M M M
22 33 26 30 -13 35 0 0.16 0.6 0 M M M M M M 1 M M
23 40 33 37 -7 28 0 T T 0 M M M M M M 1 M M
24 46 34 40 -4 25 0 T 0.0 0 M M M M M M 1 M M
25 58 36 47 3 18 0 0.00 0.0 0 M M M M M M 12 M M
26 60 39 50 5 15 0 0.01 0.0 0 M M M M M M 18 M M
27 60 44 52 7 13 0 0.18 0.0 0 M M M M M M 1 M M
28 72 58 65 19 0 0 0.19 0.0 0 M M M M M M 13 M M
29 63 45 54 8 11 0 T 0.0 0 M M M M M M M M
30 63 42 53 7 12 0 0.00 0.0 0 M M M M M M M M
31 47 38 43 -4 22 0 0.00 0.0 0 M M M M M M M M
================================================================================
SM 1660 1102 626 0 2.98 1.1 M M M
================================================================================
AV 53.6 35.6 M FASTST M M 6 MAX(MPH)
MISC ----> M M M M
================================================================================
NOTES:
# LAST OF SEVERAL OCCURRENCES
COLUMN 17 PEAK WIND IN M.P.H.
PRELIMINARY LOCAL CLIMATOLOGICAL DATA (WS FORM: F-6) , PAGE 2
STATION: LINCOLN IL
MONTH: MARCH
YEAR: 2020
LATITUDE: 40 9 N
LONGITUDE: 89 20 W
[TEMPERATURE DATA] [PRECIPITATION DATA] SYMBOLS USED IN COLUMN 16
AVERAGE MONTHLY: 44.6 TOTAL FOR MONTH: 2.98 1 = FOG OR MIST
DPTR FM NORMAL: 3.4 DPTR FM NORMAL: 0.38 2 = FOG REDUCING VISIBILITY
HIGHEST: 72 ON 28 GRTST 24HR 0.77 ON 19-19 TO 1/4 MILE OR LESS
LOWEST: 22 ON 7 3 = THUNDER
SNOW, ICE PELLETS, HAIL 4 = ICE PELLETS
TOTAL MONTH: 1.1 INCHES 5 = HAIL
GRTST 24HR 0.6 ON 22-22 6 = FREEZING RAIN OR DRIZZLE
GRTST DEPTH: T 7 = DUSTSTORM OR SANDSTORM:
VSBY 1/2 MILE OR LESS
8 = SMOKE OR HAZE
[NO. OF DAYS WITH] [WEATHER - DAYS WITH] 9 = BLOWING SNOW
X = TORNADO
MAX 32 OR BELOW: 0 0.01 INCH OR MORE: 11
MAX 90 OR ABOVE: 0 0.10 INCH OR MORE: 7
MIN 32 OR BELOW: 9 0.50 INCH OR MORE: 2
MIN 0 OR BELOW: 0 1.00 INCH OR MORE: 0
[HDD (BASE 65) ]
TOTAL THIS MO. 626 CLEAR (SCALE 0-3) 0
DPTR FM NORMAL -115 PTCLDY (SCALE 4-7) 0
TOTAL FM JUL 1 4821 CLOUDY (SCALE 8-10) 0
DPTR FM NORMAL -343
[CDD (BASE 65) ]
TOTAL THIS MO. 0
DPTR FM NORMAL -2 [PRESSURE DATA]
TOTAL FM JAN 1 0 HIGHEST SLP M ON M
DPTR FM NORMAL -2 LOWEST SLP M ON M
[REMARKS]
#FINAL-03-20#