000
CXUS55 KLBF 011510
CF6IML
PRELIMINARY LOCAL CLIMATOLOGICAL DATA (WS FORM: F-6)
STATION: IMPERIAL
MONTH: FEBRUARY
YEAR: 2023
LATITUDE: 40 31 N
LONGITUDE: 101 37 W
TEMPERATURE IN F: :PCPN: SNOW: WIND :SUNSHINE: SKY :PK WND
================================================================================
1 2 3 4 5 6A 6B 7 8 9 10 11 12 13 14 15 16 17 18
12Z AVG MX 2MIN
DY MAX MIN AVG DEP HDD CDD WTR SNW DPTH SPD SPD DIR MIN PSBL S-S WX SPD DR
================================================================================
1 33 -5 14 -16 51 0 0.00 M M 7.1 15 280 M M 0 22 280
2 30 12 21 -9 44 0 0.00 M M 10.3 21 320 M M 3 128 30 300
3 40 9 25 -5 40 0 0.00 M M 6.6 13 260 M M 0 8 16 240
4 46 21 34 4 31 0 0.00 M M 11.5 35 320 M M 0 49 310
5 39 21 30 0 35 0 0.00 M M 8.9 18 150 M M 0 31 140
6 39 19 29 -1 36 0 0.00 M M 14.3 25 310 M M 4 42 330
7 39 22 31 1 34 0 0.00 M M 10.3 17 300 M M 0 28 310
8 38 14 26 -4 39 0 0.00 M M 11.5 24 340 M M 0 32 310
9 34 14 24 -6 41 0 T M M 20.0 33 340 M M 7 42 350
10 35 6 21 -9 44 0 0.00 M M 7.8 13 190 M M 0 17 210
11 39 13 26 -4 39 0 0.00 M M 3.5 9 360 M M 0 11 360
12 38 21 30 -1 35 0 0.00 M M 11.5 18 330 M M 0 8 24 320
13 46 20 33 2 32 0 0.00 M M 8.4 20 160 M M 2 25 160
14 39 27 33 2 32 0 0.00 M M 12.8 27 340 M M 4 39 340
15 27 16 22 -9 43 0 0.01 M M 21.5 30 360 M M 10 128 37 360
16 25 13 19 -12 46 0 T M M 11.6 20 350 M M 4 8 26 280
17 39 4 22 -10 43 0 0.00 M M 7.7 15 240 M M 0 18 240
18 43 16 30 -2 35 0 0.00 M M 5.1 13 300 M M 0 17 290
19 42 19 31 -1 34 0 0.00 M M 7.1 16 280 M M 1 21 280
20 46 24 35 3 30 0 0.00 M M 6.5 18 350 M M 3 25 360
21 48 22 35 2 30 0 0.00 M M 10.8 37 20 M M 1 1 46 20
22 22 -3 10 -23 55 0 T M M 22.4 39 10 M M 10 189 47 10
23 5 -8 -1 -34 66 0 0.00 M M 12.5 28 330 M M 2 8 36 310
24 25 0 13 -21 52 0 0.00 M M 9.9 21 150 M M 5 18 29 140
25 42 11 27 -7 38 0 0.00 M M 2.5 10 30 M M 0 13 190
26 47 21 34 0 31 0 0.00 M M 6.9 26 330 M M 2 36 320
27 46 34 40 5 25 0 0.00 M M 12.5 29 300 M M 2 46 290
28 53 28 41 6 24 0 0.00 M M 10.6 22 320 M M 2 37 290
================================================================================
SM 1045 411 1085 0 0.01 M 292.1 M 62
================================================================================
AV 37.3 14.7 10.4 FASTST M M 2 MAX(MPH)
MISC ----> 39 10 49 310
================================================================================
NOTES:
# LAST OF SEVERAL OCCURRENCES
COLUMN 17 PEAK WIND IN M.P.H.
PRELIMINARY LOCAL CLIMATOLOGICAL DATA (WS FORM: F-6) , PAGE 2
STATION: IMPERIAL
MONTH: FEBRUARY
YEAR: 2023
LATITUDE: 40 31 N
LONGITUDE: 101 37 W
[TEMPERATURE DATA] [PRECIPITATION DATA] SYMBOLS USED IN COLUMN 16
AVERAGE MONTHLY: 26.0 TOTAL FOR MONTH: 0.01 1 = FOG OR MIST
DPTR FM NORMAL: -5.5 DPTR FM NORMAL: -0.35 2 = FOG REDUCING VISIBILITY
HIGHEST: 53 ON 28 GRTST 24HR 0.01 ON 15-15 TO 1/4 MILE OR LESS
LOWEST: -8 ON 23 3 = THUNDER
SNOW, ICE PELLETS, HAIL 4 = ICE PELLETS
TOTAL MONTH: M 5 = HAIL
GRTST 24HR M ON M 6 = FREEZING RAIN OR DRIZZLE
GRTST DEPTH: M ON M 7 = DUSTSTORM OR SANDSTORM:
VSBY 1/2 MILE OR LESS
8 = SMOKE OR HAZE
[NO. OF DAYS WITH] [WEATHER - DAYS WITH] 9 = BLOWING SNOW
X = TORNADO
MAX 32 OR BELOW: 6 0.01 INCH OR MORE: 1
MAX 90 OR ABOVE: 0 0.10 INCH OR MORE: 0
MIN 32 OR BELOW: 27 0.50 INCH OR MORE: 0
MIN 0 OR BELOW: 4 1.00 INCH OR MORE: 0
[HDD (BASE 65) ]
TOTAL THIS MO. 1085 CLEAR (SCALE 0-3) 21
DPTR FM NORMAL 149 PTCLDY (SCALE 4-7) 5
TOTAL FM JUL 1 4890 CLOUDY (SCALE 8-10) 2
DPTR FM NORMAL 411
[CDD (BASE 65) ]
TOTAL THIS MO. 0
DPTR FM NORMAL 0 [PRESSURE DATA]
TOTAL FM JAN 1 0 HIGHEST SLP 30.63 ON 23
DPTR FM NORMAL 0 LOWEST SLP 29.18 ON 14
[REMARKS]
#FINAL-02-23#