000
CXUS53 KLBF 011410
CF6IML
PRELIMINARY LOCAL CLIMATOLOGICAL DATA (WS FORM: F-6)
STATION: IMPERIAL
MONTH: AUGUST
YEAR: 2023
LATITUDE: 40 31 N
LONGITUDE: 101 37 W
TEMPERATURE IN F: :PCPN: SNOW: WIND :SUNSHINE: SKY :PK WND
================================================================================
1 2 3 4 5 6A 6B 7 8 9 10 11 12 13 14 15 16 17 18
12Z AVG MX 2MIN
DY MAX MIN AVG DEP HDD CDD WTR SNW DPTH SPD SPD DIR MIN PSBL S-S WX SPD DR
================================================================================
1 91 68 80 3 0 15 0.18 M M 7.2 35 240 M M 2 138 49 230
2 93 64 79 2 0 14 0.05 M M 5.7 15 290 M M 1 138 23 280
3 90 63 77 1 0 12 0.74 M M 7.2 33 280 M M 4 13 51 280
4 91 61 76 0 0 11 0.35 M M 6.7 39 310 M M 1 138 60 290
5 88 60 74 -2 0 9 0.03 M M 11.0 28 340 M M 1 38 36 330
6 83 58 71 -5 0 6 0.00 M M 12.0 26 340 M M 0 38 340
7 84 55 70 -6 0 5 0.02 M M 8.0 22 170 M M 3 13 29 160
8 83 57 70 -6 0 5 T M M 7.3 14 130 M M 2 1 36 150
9 86 59 73 -3 0 8 T M M 7.2 18 340 M M 1 18 24 340
10 95 57 76 0 0 11 0.00 M M 6.2 20 10 M M 0 33 230
11 97 60 79 4 0 14 0.00 M M 7.8 18 330 M M 0 25 320
12 79 63 71 -4 0 6 T M M 10.2 18 140 M M 3 32 140
13 81 52 67 -8 0 2 T M M 12.1 25 340 M M 1 18 37 40
14 83 52 68 -7 0 3 0.00 M M 8.8 21 330 M M 0 27 330
15 91 48 70 -5 0 5 0.00 M M 5.0 14 180 M M 0 8 20 180
16 104 58 81 7 0 16 0.00 M M 6.2 18 10 M M 0 23 10
17 86 60 73 -1 0 8 0.00 M M 8.1 17 180 M M 0 27 160
18 102 61 82 8 0 17 0.00 M M 10.2 17 180 M M 0 28 180
19 101 70 86 12 0 21 0.00 M M 10.5 15 330 M M 0 25 330
20 100 70 85 11 0 20 0.00 M M 11.8 16 170 M M 4 24 160
21 104 64 84 11 0 19 0.00 M M 14.4 24 190 M M 0 39 230
22 105 70 88 15 0 23 0.00 M M 15.8 29 200 M M 0 45 230
23 104 71 88 15 0 23 0.00 M M 11.6 21 200 M M 0 36 240
24 100 68 84 11 0 19 0.00 M M 7.9 17 200 M M 0 24 190
25 90 62 76 4 0 11 T M M 14.5 29 360 M M 3 45 30
26 84 56 70 -2 0 5 0.00 M M 6.2 12 60 M M 1 20 350
27 89 52 71 -1 0 6 T M M 6.1 23 310 M M 0 3 35 300
28 88 60 74 2 0 9 0.02 M M 6.6 15 10 M M 1 3 23 360
29 92 57 75 4 0 10 0.00 M M 8.7 17 10 M M 0 8 22 20
30 94 52 73 2 0 8 0.00 M M 9.7 22 160 M M 0 8 33 150
31 96 57 77 6 0 12 0.00 M M 10.2 21 160 M M 0 8 34 150
================================================================================
SM 2854 1865 0 353 1.39 M 280.9 M 28
================================================================================
AV 92.1 60.2 9.1 FASTST M M 1 MAX(MPH)
MISC ----> 39 310 60 290
================================================================================
NOTES:
# LAST OF SEVERAL OCCURRENCES
COLUMN 17 PEAK WIND IN M.P.H.
PRELIMINARY LOCAL CLIMATOLOGICAL DATA (WS FORM: F-6) , PAGE 2
STATION: IMPERIAL
MONTH: AUGUST
YEAR: 2023
LATITUDE: 40 31 N
LONGITUDE: 101 37 W
[TEMPERATURE DATA] [PRECIPITATION DATA] SYMBOLS USED IN COLUMN 16
AVERAGE MONTHLY: 76.1 TOTAL FOR MONTH: 1.39 1 = FOG OR MIST
DPTR FM NORMAL: 1.9 DPTR FM NORMAL: -0.77 2 = FOG REDUCING VISIBILITY
HIGHEST: 105 ON 22 GRTST 24HR 1.09 ON 3- 4 TO 1/4 MILE OR LESS
LOWEST: 48 ON 15 3 = THUNDER
SNOW, ICE PELLETS, HAIL 4 = ICE PELLETS
TOTAL MONTH: M 5 = HAIL
GRTST 24HR M ON M 6 = FREEZING RAIN OR DRIZZLE
GRTST DEPTH: M ON M 7 = DUSTSTORM OR SANDSTORM:
VSBY 1/2 MILE OR LESS
8 = SMOKE OR HAZE
[NO. OF DAYS WITH] [WEATHER - DAYS WITH] 9 = BLOWING SNOW
X = TORNADO
MAX 32 OR BELOW: 0 0.01 INCH OR MORE: 7
MAX 90 OR ABOVE: 19 0.10 INCH OR MORE: 3
MIN 32 OR BELOW: 0 0.50 INCH OR MORE: 1
MIN 0 OR BELOW: 0 1.00 INCH OR MORE: 0
[HDD (BASE 65) ]
TOTAL THIS MO. 0 CLEAR (SCALE 0-3) 29
DPTR FM NORMAL -7 PTCLDY (SCALE 4-7) 2
TOTAL FM JUL 1 6 CLOUDY (SCALE 8-10) 0
DPTR FM NORMAL 0
[CDD (BASE 65) ]
TOTAL THIS MO. 353
DPTR FM NORMAL 61 [PRESSURE DATA]
TOTAL FM JAN 1 822 HIGHEST SLP 30.29 ON 14
DPTR FM NORMAL -81 LOWEST SLP 29.68 ON 18
[REMARKS]
#FINAL-08-23#