000
CXUS53 KIND 010600
CF6IND
PRELIMINARY LOCAL CLIMATOLOGICAL DATA (WS FORM: F-6)
STATION: INDIANAPOLIS IN
MONTH: MARCH
YEAR: 2021
LATITUDE: 39 43 N
LONGITUDE: 86 17 W
TEMPERATURE IN F: :PCPN: SNOW: WIND :SUNSHINE: SKY :PK WND
================================================================================
1 2 3 4 5 6A 6B 7 8 9 10 11 12 13 14 15 16 17 18
12Z AVG MX 2MIN
DY MAX MIN AVG DEP HDD CDD WTR SNW DPTH SPD SPD DIR MIN PSBL S-S WX SPD DR
================================================================================
1 44 27 36 -1 29 0 0.00 0.0 0 13.0 25 280 M M 5 8 32 280
2 44 21 33 -4 32 0 0.00 0.0 0 8.1 15 230 M M 0 26 230
3 62 28 45 8 20 0 0.00 0.0 0 9.0 17 310 M M 0 23 200
4 49 30 40 2 25 0 0.00 0.0 0 10.1 17 360 M M 1 26 320
5 48 24 36 -2 29 0 0.00 0.0 0 7.4 14 330 M M 3 M M
6 49 25 37 -1 28 0 0.00 0.0 0 5.3 15 330 M M 2 21 330
7 52 26 39 0 26 0 0.00 0.0 0 5.1 15 40 M M 3 20 50
8 67 32 50 11 15 0 0.00 0.0 0 10.4 23 230 M M 4 33 240
9 68 42 55 15 10 0 0.00 0.0 0 9.7 21 180 M M 5 25 210
10 71 52 62 22 3 0 0.00 0.0 0 19.6 37 200 M M 8 49 200
11 66 46 56 16 9 0 0.62 0.0 0 15.4 31 210 M M 9 1 41 200
12 60 38 49 8 16 0 0.00 0.0 0 7.9 16 340 M M 7 21 350
13 52 37 45 4 20 0 0.00 0.0 0 5.8 15 40 M M 7 20 30
14 54 33 44 2 21 0 0.00 0.0 0 7.4 24 90 M M 8 35 70
15 44 32 38 -4 27 0 0.33 T 0 17.8 35 90 M M 10 1346 48 100
16 50 35 43 1 22 0 0.35 0.0 0 5.1 15 320 M M 10 123 21 120
17 62 41 52 9 13 0 T 0.0 0 10.1 16 130 M M 10 12 21 140
18 55 37 46 3 19 0 1.23 T 0 21.3 33 30 M M 10 134 48 30
19 49 30 40 -3 25 0 0.00 0.0 0 17.0 24 60 M M 4 38 30
20 58 27 43 -1 22 0 0.00 0.0 0 7.0 15 70 M M 0 21 80
21 66 31 49 5 16 0 0.00 0.0 0 6.8 14 130 M M 2 22 140
22 67 43 55 11 10 0 0.00 0.0 0 7.7 18 190 M M 8 25 190
23 64 49 57 12 8 0 0.08 0.0 0 11.5 23 180 M M 8 29 180
24 72 49 61 16 4 0 0.01 0.0 0 15.3 32 220 M M 6 48 210
25 61 44 53 7 12 0 0.61 0.0 0 10.1 37 200 M M 8 13 51 190
26 58 45 52 6 13 0 0.00 0.0 0 10.4 41 220 M M 9 57 230
27 74 44 59 13 6 0 0.47 0.0 0 10.0 24 340 M M 5 13 31 350
28 53 33 43 -4 22 0 0.11 0.0 0 16.8 32 290 M M 8 1 45 280
29 59 29 44 -3 21 0 0.00 0.0 0 9.0 18 140 M M 1 25 140
30 74 40 57 10 8 0 0.06 0.0 0 15.2 38 200 M M 6 1 49 200
31 54 32 43 -5 22 0 T 0.0 0 17.3 31 310 M M 7 1 40 310
================================================================================
SM 1806 1102 553 0 3.87 T 342.6 M 174
================================================================================
AV 58.3 35.5 11.1 FASTST M M 6 MAX(MPH)
MISC ----> 41 220 57 230
================================================================================
NOTES:
# LAST OF SEVERAL OCCURRENCES
COLUMN 17 PEAK WIND IN M.P.H.
PRELIMINARY LOCAL CLIMATOLOGICAL DATA (WS FORM: F-6) , PAGE 2
STATION: INDIANAPOLIS IN
MONTH: MARCH
YEAR: 2021
LATITUDE: 39 43 N
LONGITUDE: 86 17 W
[TEMPERATURE DATA] [PRECIPITATION DATA] SYMBOLS USED IN COLUMN 16
AVERAGE MONTHLY: 46.9 TOTAL FOR MONTH: 3.87 1 = FOG OR MIST
DPTR FM NORMAL: 4.7 DPTR FM NORMAL: 0.31 2 = FOG REDUCING VISIBILITY
HIGHEST: 74 ON 30,27 GRTST 24HR 1.23 ON 18-18 TO 1/4 MILE OR LESS
LOWEST: 21 ON 2 3 = THUNDER
SNOW, ICE PELLETS, HAIL 4 = ICE PELLETS
TOTAL MONTH: T 5 = HAIL
GRTST 24HR T ON 15-15 6 = FREEZING RAIN OR DRIZZLE
GRTST DEPTH: 0 7 = DUSTSTORM OR SANDSTORM:
VSBY 1/2 MILE OR LESS
8 = SMOKE OR HAZE
[NO. OF DAYS WITH] [WEATHER - DAYS WITH] 9 = BLOWING SNOW
X = TORNADO
MAX 32 OR BELOW: 0 0.01 INCH OR MORE: 10
MAX 90 OR ABOVE: 0 0.10 INCH OR MORE: 7
MIN 32 OR BELOW: 14 0.50 INCH OR MORE: 3
MIN 0 OR BELOW: 0 1.00 INCH OR MORE: 1
[HDD (BASE 65) ]
TOTAL THIS MO. 553 CLEAR (SCALE 0-3) 9
DPTR FM NORMAL -154 PTCLDY (SCALE 4-7) 15
TOTAL FM JUL 1 4496 CLOUDY (SCALE 8-10) 7
DPTR FM NORMAL -353
[CDD (BASE 65) ]
TOTAL THIS MO. 0
DPTR FM NORMAL -2 [PRESSURE DATA]
TOTAL FM JAN 1 0 HIGHEST SLP M ON M
DPTR FM NORMAL -2 LOWEST SLP 29.40 ON 25
[REMARKS]
#FINAL-03-21#