000
CXUS53 KDLH 010635
CF6INL
PRELIMINARY LOCAL CLIMATOLOGICAL DATA (WS FORM: F-6)
STATION: INTERNATIONAL FALLS
MONTH: APRIL
YEAR: 2020
LATITUDE: 48 34 N
LONGITUDE: 93 23 W
TEMPERATURE IN F: :PCPN: SNOW: WIND :SUNSHINE: SKY :PK WND
================================================================================
1 2 3 4 5 6A 6B 7 8 9 10 11 12 13 14 15 16 17 18
12Z AVG MX 2MIN
DY MAX MIN AVG DEP HDD CDD WTR SNW DPTH SPD SPD DIR MIN PSBL S-S WX SPD DR
================================================================================
1 47 24 36 4 29 0 0.00 0.0 7 9.6 17 120 M M 2 24 140
2 50 34 42 10 23 0 0.30 0.0 4 9.1 18 120 M M 9 1 24 120
3 41 16 29 -4 36 0 0.27 T 3 9.1 18 290 M M 8 18 25 270
4 38 5 22 -12 43 0 T T 3 3.0 10 290 M M 1 15 290
5 53 22 38 4 27 0 0.00 0.0 3 4.2 15 220 M M 5 24 210
6 49 32 41 7 24 0 0.00 0.0 2 8.5 16 130 M M 9 21 130
7 53 34 44 9 21 0 0.01 0.0 T 7.5 20 290 M M 7 8 28 270
8 46 26 36 0 29 0 0.05 0.1 T 10.1 23 290 M M 7 1 36 260
9 35 25 30 -6 35 0 T T T 12.2 23 330 M M 9 18 33 320
10 47 18 33 -4 32 0 0.00 0.0 T 5.6 15 260 M M 5 25 250
11 44 27 36 -1 29 0 0.01 T T 12.1 22 320 M M 6 31 290
12 36 20 28 -10 37 0 0.00 0.0 0 11.5 18 330 M M 3 26 310
13 30 14 22 -16 43 0 0.00 0.0 T 12.2 28 320 M M 2 36 300
14 28 14 21 -18 44 0 0.01 0.4 T 8.7 17 330 M M 9 18 23 300
15 34 11 23 -16 42 0 0.00 0.0 T 9.2 20 290 M M 2 29 290
16 39 17 28 -12 37 0 0.00 0.0 T 9.5 22 300 M M 4 33 270
17 47 14 31 -9 34 0 0.00 0.0 T 7.4 17 260 M M 4 29 230
18 54 32 43 2 22 0 0.00 0.0 T 12.7 25 320 M M 8 34 320
19 40 20 30 -11 35 0 0.00 0.0 T 10.4 20 210 M M 3 30 200
20 43 22 33 -9 32 0 T T T 14.5 32 330 M M 7 8 43 310
21 39 14 27 -15 38 0 0.00 0.0 T 7.4 15 330 M M 3 20 10
22 44 28 36 -7 29 0 T T T 12.0 18 120 M M 7 26 120
23 55 25 40 -3 25 0 0.00 0.0 T 6.8 14 40 M M 6 20 20
24 63 25 44 0 21 0 0.00 0.0 T 5.1 14 40 M M 1 20 30
25 59 34 47 3 18 0 0.00 0.0 T 7.4 14 360 M M 0 19 10
26 64 29 47 3 18 0 T 0.0 T 10.1 21 130 M M 6 29 130
27 68 36 52 7 13 0 0.21 0.0 T 5.6 14 340 M M 5 1 23 140
28 63 33 48 3 17 0 0.00 0.0 0 5.8 16 120 M M 1 21 130
29 57 28 43 -3 22 0 0.00 0.0 0 6.6 16 360 M M 2 22 350
30 70 23 47 1 18 0 0.00 0.0 0 3.1 13 290 M M 0 8 17 270
================================================================================
SM 1436 702 873 0 0.86 0.5 257.0 M 141
================================================================================
AV 47.9 23.4 8.6 FASTST M M 5 MAX(MPH)
MISC ----> # 32 330 # 43 310
================================================================================
NOTES:
# LAST OF SEVERAL OCCURRENCES
COLUMN 17 PEAK WIND IN M.P.H.
PRELIMINARY LOCAL CLIMATOLOGICAL DATA (WS FORM: F-6) , PAGE 2
STATION: INTERNATIONAL FALLS
MONTH: APRIL
YEAR: 2020
LATITUDE: 48 34 N
LONGITUDE: 93 23 W
[TEMPERATURE DATA] [PRECIPITATION DATA] SYMBOLS USED IN COLUMN 16
AVERAGE MONTHLY: 35.6 TOTAL FOR MONTH: 0.86 1 = FOG OR MIST
DPTR FM NORMAL: -3.7 DPTR FM NORMAL: -0.67 2 = FOG REDUCING VISIBILITY
HIGHEST: 70 ON 30 GRTST 24HR 0.30 ON 2- 2 TO 1/4 MILE OR LESS
LOWEST: 5 ON 4 3 = THUNDER
SNOW, ICE PELLETS, HAIL 4 = ICE PELLETS
TOTAL MONTH: 0.5 INCH 5 = HAIL
GRTST 24HR 0.4 ON 14-14 6 = FREEZING RAIN OR DRIZZLE
GRTST DEPTH: 7 ON 1 7 = DUSTSTORM OR SANDSTORM:
VSBY 1/2 MILE OR LESS
8 = SMOKE OR HAZE
[NO. OF DAYS WITH] [WEATHER - DAYS WITH] 9 = BLOWING SNOW
X = TORNADO
MAX 32 OR BELOW: 2 0.01 INCH OR MORE: 7
MAX 90 OR ABOVE: 0 0.10 INCH OR MORE: 3
MIN 32 OR BELOW: 25 0.50 INCH OR MORE: 0
MIN 0 OR BELOW: 0 1.00 INCH OR MORE: 0
[HDD (BASE 65) ]
TOTAL THIS MO. 873 CLEAR (SCALE 0-3) 11
DPTR FM NORMAL 101 PTCLDY (SCALE 4-7) 14
TOTAL FM JUL 1 9351 CLOUDY (SCALE 8-10) 5
DPTR FM NORMAL -287
[CDD (BASE 65) ]
TOTAL THIS MO. 0
DPTR FM NORMAL -1 [PRESSURE DATA]
TOTAL FM JAN 1 0 HIGHEST SLP M ON M
DPTR FM NORMAL -1 LOWEST SLP 29.49 ON 20
[REMARKS]
#FINAL-04-20#