000
CXUS55 KDVN 011000
CF6IOW
PRELIMINARY LOCAL CLIMATOLOGICAL DATA (WS FORM: F-6)
STATION: IOWA CITY IA
MONTH: JUNE
YEAR: 2022
LATITUDE: 41 37 N
LONGITUDE: 91 33 W
TEMPERATURE IN F: :PCPN: SNOW: WIND :SUNSHINE: SKY :PK WND
================================================================================
1 2 3 4 5 6A 6B 7 8 9 10 11 12 13 14 15 16 17 18
12Z AVG MX 2MIN
DY MAX MIN AVG DEP HDD CDD WTR SNW DPTH SPD SPD DIR MIN PSBL S-S WX SPD DR
================================================================================
1 76 55 66 -2 0 1 T M M 6.7 16 340 M M 1 22 340
2 80 54 67 -2 0 2 0.00 M M 7.9 18 300 M M 0 27 300
3 83 54 69 0 0 4 0.00 M M 6.2 20 300 M M 0 25 310
4 78 56 67 -3 0 2 0.11 M M 6.8 16 70 M M 7 24 50
5 86 55 71 1 0 6 0.90 M M 7.2 22 340 M M 5 13 31 340
6 81 64 73 3 0 8 0.11 M M 6.1 15 310 M M 7 1 21 10
7 81 60 71 1 0 6 T M M 4.2 12 10 M M 3 8 14 150
8 76 58 67 -4 0 2 0.13 M M 8.1 32 160 M M 5 41 150
9 81 56 69 -2 0 4 0.00 M M 4.9 14 260 M M 3 18 20
10 71 59 65 -6 0 0 0.10 M M 2.8 12 260 M M 8 1 16 260
11 77 59 68 -4 0 3 T M M 4.5 10 40 M M 5 12 16 320
12 87 65 76 4 0 11 0.37 M M 6.5 13 150 M M 4 13 17 140
13 92 69 81 9 0 16 T M M 10.1 20 180 M M 3 138 28 180
14 98 75 87 15 0 22 0.00 M M 12.0 26 180 M M 0 18 34 170
15 95 71 83 11 0 18 T M M 10.6 25 190 M M 3 36 230
16 93 63 78 5 0 13 0.00 M M 7.5 22 260 M M 0 128 29 250
17 90 66 78 5 0 13 0.00 M M 6.5 15 30 M M 0 21 10
18 84 63 74 1 0 9 0.00 M M 8.8 15 130 M M 0 22 140
19 88 55 72 -1 0 7 0.00 M M 8.4 17 160 M M 0 25 130
20 94 61 78 4 0 13 0.00 M M 8.6 17 180 M M 0 24 190
21 98 72 85 11 0 20 0.32 M M 9.2 38 270 M M 1 3 47 270
22 89 68 79 5 0 14 0.00 M M 7.5 20 330 M M 1 25 310
23 92 63 78 4 0 13 0.00 M M 3.8 13 210 M M 0 19 210
24 85 70 78 4 0 13 T M M 5.8 14 160 M M 3 3 20 170
25 86 66 76 2 0 11 2.14 M M 9.6 23 340 M M 7 13 32 340
26 77 58 68 -7 0 3 0.00 M M 12.0 24 310 M M 0 34 300
27 83 55 69 -6 0 4 0.00 M M 5.3 15 300 M M 0 21 300
28 85 57 71 -4 0 6 0.00 M M 7.6 17 210 M M 0 26 200
29 92 64 78 3 0 13 0.00 M M 5.2 14 200 M M 0 19 220
30 91 66 79 4 0 14 0.00 M M 10.1 23 200 M M 0 33 220
================================================================================
SM 2569 1857 0 271 4.18 M 220.5 M 66
================================================================================
AV 85.6 61.9 7.4 FASTST M M 2 MAX(MPH)
MISC ----> 38 270 47 270
================================================================================
NOTES:
# LAST OF SEVERAL OCCURRENCES
COLUMN 17 PEAK WIND IN M.P.H.
PRELIMINARY LOCAL CLIMATOLOGICAL DATA (WS FORM: F-6) , PAGE 2
STATION: IOWA CITY IA
MONTH: JUNE
YEAR: 2022
LATITUDE: 41 37 N
LONGITUDE: 91 33 W
[TEMPERATURE DATA] [PRECIPITATION DATA] SYMBOLS USED IN COLUMN 16
AVERAGE MONTHLY: 73.8 TOTAL FOR MONTH: 4.18 1 = FOG OR MIST
DPTR FM NORMAL: 1.4 DPTR FM NORMAL: -1.11 2 = FOG REDUCING VISIBILITY
HIGHEST: 98 ON 21,14 GRTST 24HR 2.14 ON 25-25 TO 1/4 MILE OR LESS
LOWEST: 54 ON 3, 2 3 = THUNDER
SNOW, ICE PELLETS, HAIL 4 = ICE PELLETS
TOTAL MONTH: M 5 = HAIL
GRTST 24HR M ON M 6 = FREEZING RAIN OR DRIZZLE
GRTST DEPTH: M ON M 7 = DUSTSTORM OR SANDSTORM:
VSBY 1/2 MILE OR LESS
8 = SMOKE OR HAZE
[NO. OF DAYS WITH] [WEATHER - DAYS WITH] 9 = BLOWING SNOW
X = TORNADO
MAX 32 OR BELOW: 0 0.01 INCH OR MORE: 8
MAX 90 OR ABOVE: 10 0.10 INCH OR MORE: 8
MIN 32 OR BELOW: 0 0.50 INCH OR MORE: 2
MIN 0 OR BELOW: 0 1.00 INCH OR MORE: 1
[HDD (BASE 65) ]
TOTAL THIS MO. 0 CLEAR (SCALE 0-3) 20
DPTR FM NORMAL -13 PTCLDY (SCALE 4-7) 10
TOTAL FM JUL 1 6083 CLOUDY (SCALE 8-10) 0
DPTR FM NORMAL -29
[CDD (BASE 65) ]
TOTAL THIS MO. 271
DPTR FM NORMAL 38 [PRESSURE DATA]
TOTAL FM JAN 1 407 HIGHEST SLP 30.31 ON 27
DPTR FM NORMAL 93 LOWEST SLP 29.65 ON 6
[REMARKS]
#FINAL-06-22#