000
CXUS55 KPSR 011005
CF6IPL
PRELIMINARY LOCAL CLIMATOLOGICAL DATA (WS FORM: F-6)
STATION: IMPERIAL CA
MONTH: DECEMBER
YEAR: 2021
LATITUDE: 32 50 N
LONGITUDE: 115 35 W
TEMPERATURE IN F: :PCPN: SNOW: WIND :SUNSHINE: SKY :PK WND
================================================================================
1 2 3 4 5 6A 6B 7 8 9 10 11 12 13 14 15 16 17 18
12Z AVG MX 2MIN
DY MAX MIN AVG DEP HDD CDD WTR SNW DPTH SPD SPD DIR MIN PSBL S-S WX SPD DR
================================================================================
1 85 49 67 10 0 2 0.00 M M 3.5 9 20 M M 0 8 13 360
2 83 50 67 10 0 2 0.00 M M 3.3 8 270 M M 1 8 10 70
3 81 50 66 9 0 1 0.00 M M 2.1 7 270 M M 1 8 8 270
4 81 48 65 9 0 0 0.00 M M 3.0 8 250 M M 0 8 11 10
5 83 47 65 9 0 0 0.00 M M 4.8 13 20 M M 0 16 360
6 81 47 64 8 1 0 0.00 M M 4.4 12 140 M M 0 8 17 140
7 68 53 61 5 4 0 0.00 M M 4.4 15 290 M M 5 8 20 300
8 74 50 62 6 3 0 0.00 M M 4.5 12 260 M M 0 15 250
9 71 51 61 6 4 0 0.00 M M 11.3 24 260 M M 3 8 31 270
10 66 44 55 0 10 0 0.00 M M 5.8 13 350 M M 0 17 350
11 65 38 52 -3 13 0 0.00 M M 3.5 9 10 M M 0 12 350
12 66 36 51 -4 14 0 0.00 M M 3.8 9 330 M M 0 13 330
13 63 37 50 -5 15 0 0.00 M M 1.9 8 310 M M 0 8 12 300
14 73 49 61 6 4 0 0.00 M M 12.7 39 270 M M 2 8 55 270
15 61 38 50 -4 15 0 0.00 M M 5.0 17 300 M M 0 24 300
16 62 34 48 -6 17 0 0.00 M M 3.4 8 170 M M 0 8 11 140
17 68 39 54 0 11 0 0.00 M M 5.0 15 360 M M 0 20 360
18 66 34 50 -4 15 0 0.00 M M 4.5 10 290 M M 0 13 360
19 67 34 51 -3 14 0 0.00 M M 3.0 8 270 M M 0 10 10
20 67 35 51 -3 14 0 0.00 M M 5.2 9 330 M M 0 11 320
21 68 49 59 5 6 0 0.00 M M 2.8 9 350 M M 0 14 350
22 70 48 59 5 6 0 0.00 M M 1.5 6 290 M M 0 8 210
23 77 53 65 11 0 0 M M M 5.3 18 260 M M 6 8 27 270
24 67 49 58 4 7 0 M M M 13.5 37 260 M M 4 1 53 250
25 66 47 57 3 8 0 0.00 M M 8.1 31 260 M M 2 8 42 260
26 68 47 58 4 7 0 0.00 M M 10.2 24 230 M M 2 34 220
27 61 45 53 -1 12 0 0.00 M M 14.3 30 260 M M 1 39 270
28 64 48 56 2 9 0 0.00 M M 14.8 35 240 M M 1 51 240
29 64 43 54 0 11 0 0.00 0.0 M 5.3 13 130 M M 3 19 290
30 65 45 55 1 10 0 T 0.0 M 3.2 10 120 M M 8 15 130
31 69 55 62 8 3 0 0.00 M M 10.0 28 260 M M 5 1 38 270
================================================================================
SM 2170 1392 233 5 T 0.0 184.1 M 44
================================================================================
AV 70.0 44.9 5.9 FASTST M M 1 MAX(MPH)
MISC ----> 39 270 55 270
================================================================================
NOTES:
# LAST OF SEVERAL OCCURRENCES
COLUMN 17 PEAK WIND IN M.P.H.
PRELIMINARY LOCAL CLIMATOLOGICAL DATA (WS FORM: F-6) , PAGE 2
STATION: IMPERIAL CA
MONTH: DECEMBER
YEAR: 2021
LATITUDE: 32 50 N
LONGITUDE: 115 35 W
[TEMPERATURE DATA] [PRECIPITATION DATA] SYMBOLS USED IN COLUMN 16
AVERAGE MONTHLY: 57.5 TOTAL FOR MONTH: T 1 = FOG OR MIST
DPTR FM NORMAL: 2.6 DPTR FM NORMAL: -0.34 2 = FOG REDUCING VISIBILITY
HIGHEST: 85 ON 1 GRTST 24HR 0.04 ON 23-24 TO 1/4 MILE OR LESS
LOWEST: 34 ON 19,18 3 = THUNDER
SNOW, ICE PELLETS, HAIL 4 = ICE PELLETS
TOTAL MONTH: 0.0 INCH 5 = HAIL
GRTST 24HR 0.0 6 = FREEZING RAIN OR DRIZZLE
GRTST DEPTH: M ON M 7 = DUSTSTORM OR SANDSTORM:
VSBY 1/2 MILE OR LESS
8 = SMOKE OR HAZE
[NO. OF DAYS WITH] [WEATHER - DAYS WITH] 9 = BLOWING SNOW
X = TORNADO
MAX 32 OR BELOW: 0 0.01 INCH OR MORE: 0
MAX 90 OR ABOVE: 0 0.10 INCH OR MORE: 0
MIN 32 OR BELOW: 0 0.50 INCH OR MORE: 0
MIN 0 OR BELOW: 0 1.00 INCH OR MORE: 0
[HDD (BASE 65) ]
TOTAL THIS MO. 233 CLEAR (SCALE 0-3) 26
DPTR FM NORMAL -80 PTCLDY (SCALE 4-7) 5
TOTAL FM JUL 1 253 CLOUDY (SCALE 8-10) 0
DPTR FM NORMAL -177
[CDD (BASE 65) ]
TOTAL THIS MO. 5
DPTR FM NORMAL 4 [PRESSURE DATA]
TOTAL FM JAN 1 4458 HIGHEST SLP M ON M
DPTR FM NORMAL 296 LOWEST SLP 29.57 ON 31
[REMARKS]
#FINAL-12-21#