000
CXUS51 KCTP 010800
CF6IPT
PRELIMINARY LOCAL CLIMATOLOGICAL DATA (WS FORM: F-6)
STATION: WILLIAMSPORT PA
MONTH: JUNE
YEAR: 2023
LATITUDE: 41 15 N
LONGITUDE: 76 55 W
TEMPERATURE IN F: :PCPN: SNOW: WIND :SUNSHINE: SKY :PK WND
================================================================================
1 2 3 4 5 6A 6B 7 8 9 10 11 12 13 14 15 16 17 18
12Z AVG MX 2MIN
DY MAX MIN AVG DEP HDD CDD WTR SNW DPTH SPD SPD DIR MIN PSBL S-S WX SPD DR
================================================================================
1 93 50 72 7 0 7 0.00 0.0 0 3.0 9 20 M M 0 14 170
2 96 58 77 11 0 12 0.00 0.0 0 4.9 15 20 M M 1 19 20
3 90 63 77 11 0 12 0.00 0.0 0 5.9 23 150 M M 4 31 160
4 78 53 66 0 0 1 0.00 0.0 0 7.8 20 350 M M 2 25 340
5 77 49 63 -4 2 0 0.00 0.0 0 5.7 17 330 M M 0 8 22 310
6 82 50 66 -1 0 1 0.00 0.0 0 8.6 21 260 M M 3 8 27 300
7 73 47 60 -7 5 0 0.00 0.0 0 5.2 17 300 M M 6 18 23 310
8 67 41 54 -14 11 0 0.01 0.0 0 3.2 14 330 M M 6 18 18 340
9 70 49 60 -8 5 0 0.14 0.0 0 3.4 20 310 M M 7 1 26 290
10 83 52 68 0 0 3 0.00 0.0 0 4.5 16 240 M M 4 1 20 230
11 86 53 70 2 0 5 0.00 0.0 0 4.4 14 120 M M 1 20 120
12 76 60 68 -1 0 3 0.31 0.0 0 9.8 21 270 M M 9 18 27 290
13 76 53 65 -4 0 0 T 0.0 0 7.1 24 270 M M 3 34 270
14 68 58 63 -6 2 0 0.11 0.0 0 10.7 24 260 M M 9 18 32 270
15 81 56 69 0 0 4 0.00 0.0 0 8.3 15 260 M M 3 21 270
16 72 56 64 -6 1 0 0.14 0.0 0 3.7 12 60 M M 8 1 14 60
17 80 56 68 -2 0 3 T 0.0 0 10.3 22 300 M M 4 28 310
18 82 51 67 -3 0 2 0.00 0.0 0 3.7 12 340 M M 2 8 17 230
19 87 56 72 2 0 7 0.00 0.0 0 5.4 15 160 M M 2 22 170
20 86 66 76 5 0 11 0.00 0.0 0 5.9 24 140 M M 4 8 32 110
21 81 60 71 0 0 6 0.00 0.0 0 7.6 16 120 M M 3 22 100
22 73 60 67 -4 0 2 0.07 0.0 0 4.5 13 120 M M 10 18 14 110
23 71 65 68 -3 0 3 0.16 0.0 0 4.0 9 90 M M 10 18 12 90
24 84 68 76 4 0 11 0.28 0.0 0 3.0 15 320 M M 8 138 20 220
25 84 67 76 4 0 11 0.00 0.0 0 5.3 16 180 M M 7 3 20 200
26 87 65 76 4 0 11 1.07 0.0 0 6.5 25 150 M M 6 138 37 150
27 77 63 70 -2 0 5 0.86 0.0 0 3.9 14 260 M M 7 13 19 260
28 78 61 70 -2 0 5 0.00 0.0 0 8.5 16 260 M M 9 18 20 260
29 84 57 71 -2 0 6 0.00 0.0 0 4.0 12 260 M M 3 18 14 230
30 85 58 72 -1 0 7 0.00 0.0 0 5.5 16 140 M M 2 18 22 170
================================================================================
SM 2407 1701 26 138 3.15 0.0 174.3 M 143
================================================================================
AV 80.2 56.7 5.8 FASTST M M 5 MAX(MPH)
MISC ----> 25 150 37 150
================================================================================
NOTES:
# LAST OF SEVERAL OCCURRENCES
COLUMN 17 PEAK WIND IN M.P.H.
PRELIMINARY LOCAL CLIMATOLOGICAL DATA (WS FORM: F-6) , PAGE 2
STATION: WILLIAMSPORT PA
MONTH: JUNE
YEAR: 2023
LATITUDE: 41 15 N
LONGITUDE: 76 55 W
[TEMPERATURE DATA] [PRECIPITATION DATA] SYMBOLS USED IN COLUMN 16
AVERAGE MONTHLY: 68.5 TOTAL FOR MONTH: 3.15 1 = FOG OR MIST
DPTR FM NORMAL: -0.9 DPTR FM NORMAL: -0.70 2 = FOG REDUCING VISIBILITY
HIGHEST: 96 ON 2 GRTST 24HR 1.90 ON 26-27 TO 1/4 MILE OR LESS
LOWEST: 41 ON 8 3 = THUNDER
SNOW, ICE PELLETS, HAIL 4 = ICE PELLETS
TOTAL MONTH: 0.0 INCH 5 = HAIL
GRTST 24HR 0.0 6 = FREEZING RAIN OR DRIZZLE
GRTST DEPTH: 0 7 = DUSTSTORM OR SANDSTORM:
VSBY 1/2 MILE OR LESS
8 = SMOKE OR HAZE
[NO. OF DAYS WITH] [WEATHER - DAYS WITH] 9 = BLOWING SNOW
X = TORNADO
MAX 32 OR BELOW: 0 0.01 INCH OR MORE: 10
MAX 90 OR ABOVE: 3 0.10 INCH OR MORE: 8
MIN 32 OR BELOW: 0 0.50 INCH OR MORE: 2
MIN 0 OR BELOW: 0 1.00 INCH OR MORE: 1
[HDD (BASE 65) ]
TOTAL THIS MO. 26 CLEAR (SCALE 0-3) 11
DPTR FM NORMAL -2 PTCLDY (SCALE 4-7) 14
TOTAL FM JUL 1 5042 CLOUDY (SCALE 8-10) 5
DPTR FM NORMAL -729
[CDD (BASE 65) ]
TOTAL THIS MO. 138
DPTR FM NORMAL -22 [PRESSURE DATA]
TOTAL FM JAN 1 176 HIGHEST SLP 30.22 ON 21
DPTR FM NORMAL -38 LOWEST SLP 29.43 ON 14
[REMARKS]
#FINAL-06-23#