000
CXUS51 KCTP 010800
CF6IPT
PRELIMINARY LOCAL CLIMATOLOGICAL DATA (WS FORM: F-6)
STATION: WILLIAMSPORT PA
MONTH: JUNE
YEAR: 2020
LATITUDE: 41 15 N
LONGITUDE: 76 55 W
TEMPERATURE IN F: :PCPN: SNOW: WIND :SUNSHINE: SKY :PK WND
================================================================================
1 2 3 4 5 6A 6B 7 8 9 10 11 12 13 14 15 16 17 18
12Z AVG MX 2MIN
DY MAX MIN AVG DEP HDD CDD WTR SNW DPTH SPD SPD DIR MIN PSBL S-S WX SPD DR
================================================================================
1 75 42 59 -6 6 0 0.00 0.0 0 6.0 18 280 M M 2 27 280
2 71 48 60 -5 5 0 T 0.0 0 3.3 13 170 M M 6 16 170
3 84 58 71 6 0 6 0.36 0.0 0 5.2 21 260 M M 3 13 26 270
4 85 58 72 6 0 7 0.16 0.0 0 3.5 13 280 M M 3 1 17 220
5 82 65 74 8 0 9 0.00 0.0 0 3.3 14 170 M M 6 1 18 170
6 87 61 74 8 0 9 0.00 0.0 0 7.0 20 320 M M 5 1 25 310
7 78 55 67 1 0 2 0.00 0.0 0 6.9 18 310 M M 1 23 300
8 80 48 64 -3 1 0 0.00 0.0 0 3.2 12 250 M M 0 17 250
9 89 53 71 4 0 6 0.00 0.0 0 4.1 14 170 M M 0 18 170
10 88 64 76 9 0 11 0.79 0.0 0 5.6 26 210 M M 4 13 37 180
11 82 60 71 3 0 6 0.56 0.0 0 9.0 25 160 M M 4 1 36 160
12 82 54 68 0 0 3 0.00 0.0 0 6.0 16 320 M M 2 22 290
13 71 50 61 -7 4 0 0.00 0.0 0 5.5 14 30 M M 0 18 30
14 74 43 59 -9 6 0 0.00 0.0 0 3.1 10 70 M M 1 15 150
15 76 56 66 -3 0 1 0.00 0.0 0 1.9 10 130 M M 4 12 120
16 80 50 65 -4 0 0 0.00 0.0 0 2.2 9 110 M M 0 13 130
17 84 53 69 0 0 4 T 0.0 0 3.4 12 110 M M 0 15 110
18 80 61 71 1 0 6 0.16 0.0 0 5.4 15 100 M M 5 20 140
19 83 62 73 3 0 8 T 0.0 0 5.5 17 170 M M 3 3 25 180
20 84 64 74 4 0 9 0.00 0.0 0 4.2 15 140 M M 5 21 140
21 85 62 74 4 0 9 0.00 0.0 0 4.2 12 210 M M 3 18 160
22 90 62 76 6 0 11 0.00 0.0 0 3.9 20 270 M M 1 26 280
23 85 67 76 5 0 11 0.01 0.0 0 6.5 20 160 M M 6 29 180
24 82 60 71 0 0 6 0.00 0.0 0 8.9 21 240 M M 4 28 240
25 84 54 69 -2 0 4 0.03 0.0 0 3.3 22 320 M M 3 30 320
26 86 58 72 1 0 7 0.00 0.0 0 4.9 18 280 M M 4 25 320
27 84 60 72 1 0 7 0.88 0.0 0 5.7 20 280 M M 5 1 26 290
28 90 63 77 5 0 12 T 0.0 0 5.4 17 290 M M 4 1 24 310
29 89 63 76 4 0 11 0.00 0.0 0 6.6 15 270 M M 2 20 10
30 81 61 71 -1 0 6 0.00 0.0 0 4.8 12 360 M M 3 17 350
================================================================================
SM 2471 1715 22 171 2.95 0.0 148.5 M 89
================================================================================
AV 82.4 57.2 4.9 FASTST M M 3 MAX(MPH)
MISC ----> 26 210 37 180
================================================================================
NOTES:
# LAST OF SEVERAL OCCURRENCES
COLUMN 17 PEAK WIND IN M.P.H.
PRELIMINARY LOCAL CLIMATOLOGICAL DATA (WS FORM: F-6) , PAGE 2
STATION: WILLIAMSPORT PA
MONTH: JUNE
YEAR: 2020
LATITUDE: 41 15 N
LONGITUDE: 76 55 W
[TEMPERATURE DATA] [PRECIPITATION DATA] SYMBOLS USED IN COLUMN 16
AVERAGE MONTHLY: 69.8 TOTAL FOR MONTH: 2.95 1 = FOG OR MIST
DPTR FM NORMAL: 1.2 DPTR FM NORMAL: -0.97 2 = FOG REDUCING VISIBILITY
HIGHEST: 90 ON 28,22 GRTST 24HR 1.35 ON 10-11 TO 1/4 MILE OR LESS
LOWEST: 42 ON 1 3 = THUNDER
SNOW, ICE PELLETS, HAIL 4 = ICE PELLETS
TOTAL MONTH: 0.0 INCH 5 = HAIL
GRTST 24HR 0.0 6 = FREEZING RAIN OR DRIZZLE
GRTST DEPTH: 0 7 = DUSTSTORM OR SANDSTORM:
VSBY 1/2 MILE OR LESS
8 = SMOKE OR HAZE
[NO. OF DAYS WITH] [WEATHER - DAYS WITH] 9 = BLOWING SNOW
X = TORNADO
MAX 32 OR BELOW: 0 0.01 INCH OR MORE: 8
MAX 90 OR ABOVE: 2 0.10 INCH OR MORE: 6
MIN 32 OR BELOW: 0 0.50 INCH OR MORE: 3
MIN 0 OR BELOW: 0 1.00 INCH OR MORE: 0
[HDD (BASE 65) ]
TOTAL THIS MO. 22 CLEAR (SCALE 0-3) 15
DPTR FM NORMAL -15 PTCLDY (SCALE 4-7) 15
TOTAL FM JUL 1 5418 CLOUDY (SCALE 8-10) 0
DPTR FM NORMAL -576
[CDD (BASE 65) ]
TOTAL THIS MO. 171
DPTR FM NORMAL 25 [PRESSURE DATA]
TOTAL FM JAN 1 235 HIGHEST SLP 30.43 ON 15
DPTR FM NORMAL 46 LOWEST SLP 29.60 ON 23
[REMARKS]
#FINAL-06-20#