000
CXUS53 KEAX 011614
CLSIRK
CLIMATE REPORT
NATIONAL WEATHER SERVICE KANSAS CITY/PLEASANT HILL MO
1008 AM CST FRI DEC 01 2023
...................................
...THE KIRKSVILLE MO CLIMATE SUMMARY FOR THE SEASON, FROM
9/1/2023 TO 11/30/2023...
CLIMATE NORMAL PERIOD: 1991 TO 2020
CLIMATE RECORD PERIOD: 9999 TO 9999
WEATHER OBSERVED NORMAL DEPART LAST YEAR`S
VALUE DATE(S) VALUE FROM VALUE DATE(S)
NORMAL
................................................................
TEMPERATURE (F)
HIGHEST 92 09/04 89 3 96 09/20
LOWEST 8 11/28 14 -6 14 11/20
AVG. MAXIMUM 67.6 64.2 3.4 66.3
AVG. MINIMUM 42.8 42.8 -0.0 40.3
MEAN 55.2 53.5 1.7 53.3
DAYS MAX >= 90 4 2.9 1.1 1
DAYS MAX <= 32 2 1.6 0.4 5
DAYS MIN <= 32 27 21.8 5.2 26
DAYS MIN <= 0 0 0.0 0.0 0
PRECIPITATION (INCHES)
TOTALS 3.91R 9.30 -5.39 5.77
DAILY AVG. 0.04 0.10 -0.06 0.07
DAYS >= .01 17 27.1 -10.1 18
DAYS >= .10 11 14.1 -3.1 11
DAYS >= .50 3 6.0 -3.0 3
DAYS >= 1.00 1 2.6 -1.6 1
GREATEST
24 HR. TOTAL 1.30 10/24 TO 10/25
DEGREE DAYS
HEATING TOTAL 1009 1174 -165 1188
COOLING TOTAL 140 124 16 150
................................................................
WIND (MPH)
AVERAGE WIND SPEED 7.4
HIGHEST WIND SPEED/DIRECTION 28/160 DATE 10/12
HIGHEST GUST SPEED/DIRECTION 39/290 DATE 10/06
SKY COVER
POSSIBLE SUNSHINE (PERCENT) MM
AVERAGE SKY COVER 0.25
NUMBER OF DAYS FAIR 65
NUMBER OF DAYS PC 14
NUMBER OF DAYS CLOUDY 12
AVERAGE RH (PERCENT) 68
WEATHER CONDITIONS. NUMBER OF DAYS WITH
THUNDERSTORM 4 MIXED PRECIP 0
HEAVY RAIN 3 RAIN 4
LIGHT RAIN 15 FREEZING RAIN 0
LT FREEZING RAIN 0 HAIL 0
HEAVY SNOW 0 SNOW 1
LIGHT SNOW 3 SLEET 0
FOG 44 FOG W/VIS <= 1/4 MILE 9
HAZE 13
- INDICATES NEGATIVE NUMBERS.
R INDICATES RECORD WAS SET OR TIED.
MM INDICATES DATA IS MISSING.
T INDICATES TRACE AMOUNT.
$$