000
CXUS52 TJSJ 011431
CF6IST
PRELIMINARY LOCAL CLIMATOLOGICAL DATA (WS FORM: F-6)
STATION: CYRIL E. KING AP/ST THOMAS
MONTH: JANUARY
YEAR: 2022
LATITUDE: 18 19 N
LONGITUDE: 64 58 W
TEMPERATURE IN F: :PCPN: SNOW: WIND :SUNSHINE: SKY :PK WND
================================================================================
1 2 3 4 5 6A 6B 7 8 9 10 11 12 13 14 15 16 17 18
12Z AVG MX 2MIN
DY MAX MIN AVG DEP HDD CDD WTR SNW DPTH SPD SPD DIR MIN PSBL S-S WX SPD DR
================================================================================
1 85 73 79 0 0 14 0.00 M M 11.2 20 70 M M 2 30 40
2 84 74 79 0 0 14 T M M 10.1 17 40 M M 4 22 40
3 86 74 80 1 0 15 0.01 M M 10.0 18 130 M M 4 23 130
4 85 73 79 0 0 14 0.10 M M 9.5 17 80 M M 3 1 23 60
5 83 71 77 -2 0 12 0.06 M M 9.5 17 130 M M 5 1 23 110
6 86 73 80 1 0 15 T M M 11.5 20 60 M M 4 30 40
7 83 74 79 0 0 14 0.01 M M 11.4 20 130 M M 2 25 130
8 86 75 81 2 0 16 0.22 M M 10.4 22 90 M M 1 8 28 80
9 84 74 79 0 0 14 0.05 M M 12.9 23 80 M M 3 30 50
10 83 73 78 -1 0 13 0.01 M M 9.5 24 80 M M 4 29 80
11 83 72 78 -1 0 13 0.09 M M 7.2 17 150 M M 3 22 120
12 84 71 78 -1 0 13 0.56 M M 6.3 16 70 M M 4 8 20 80
13 81 73 77 -2 0 12 0.19 M M 9.9 31 210 M M 3 37 220
14 81 77 79 0 0 14 0.00 M M 10.3 16 150 M M 2 20 170
15 83 73 78 -1 0 13 T M M 5.7 13 20 M M 1 19 10
16 83 73 78 -1 0 13 0.02 M M 9.0 20 120 M M 2 1 26 110
17 83 74 79 0 0 14 0.00 M M 10.6 17 120 M M 2 23 130
18 82 73 78 -1 0 13 T M M 7.9 14 130 M M 2 M M
19 85 73 79 0 0 14 T M M 9.8 18 130 M M 2 23 140
20 85 74 80 1 0 15 T M M 12.5 21 90 M M 2 28 40
21 84 74 79 0 0 14 0.00 M M 12.0 21 90 M M 1 29 110
22 86 72 79 0 0 14 0.01 M M 9.7 20 70 M M 2 1 26 60
23 84 72 78 -1 0 13 0.00 M M 9.3 16 140 M M 0 20 140
24 82 71 77 -2 0 12 0.00 M M 7.6 14 120 M M 1 18 120
25 83 73 78 -1 0 13 0.00 M M 10.0 18 130 M M 2 23 110
26 84 73 79 0 0 14 T M M 9.2 16 130 M M 2 20 140
27 85 73 79 0 0 14 0.00 M M 9.2 16 140 M M 2 24 100
28 84 72 78 -1 0 13 T M M 7.8 15 130 M M 2 22 30
29 82 70 76 -3 0 11 0.00 M M 7.6 15 150 M M 0 18 150
30 82 70 76 -3 0 11 0.00 M M 7.9 17 130 M M 1 20 140
31 82 73 78 -1 0 13 0.01 M M 7.6 18 210 M M 4 22 160
================================================================================
SM 2593 2260 0 417 1.34 M 293.1 M 72
================================================================================
AV 83.6 72.9 9.5 FASTST M M 2 MAX(MPH)
MISC ----> 31 210 37 220
================================================================================
NOTES:
# LAST OF SEVERAL OCCURRENCES
COLUMN 17 PEAK WIND IN M.P.H.
PRELIMINARY LOCAL CLIMATOLOGICAL DATA (WS FORM: F-6) , PAGE 2
STATION: CYRIL E. KING AP/ST THOMAS
MONTH: JANUARY
YEAR: 2022
LATITUDE: 18 19 N
LONGITUDE: 64 58 W
[TEMPERATURE DATA] [PRECIPITATION DATA] SYMBOLS USED IN COLUMN 16
AVERAGE MONTHLY: 78.3 TOTAL FOR MONTH: 1.34 1 = FOG OR MIST
DPTR FM NORMAL: -0.5 DPTR FM NORMAL: -1.30 2 = FOG REDUCING VISIBILITY
HIGHEST: 86 ON 22, 8 GRTST 24HR 0.56 ON 12-12 TO 1/4 MILE OR LESS
LOWEST: 70 ON 30,29 3 = THUNDER
SNOW, ICE PELLETS, HAIL 4 = ICE PELLETS
TOTAL MONTH: M 5 = HAIL
GRTST 24HR M ON M 6 = FREEZING RAIN OR DRIZZLE
GRTST DEPTH: M ON M 7 = DUSTSTORM OR SANDSTORM:
VSBY 1/2 MILE OR LESS
8 = SMOKE OR HAZE
[NO. OF DAYS WITH] [WEATHER - DAYS WITH] 9 = BLOWING SNOW
X = TORNADO
MAX 32 OR BELOW: 0 0.01 INCH OR MORE: 13
MAX 90 OR ABOVE: 0 0.10 INCH OR MORE: 4
MIN 32 OR BELOW: 0 0.50 INCH OR MORE: 1
MIN 0 OR BELOW: 0 1.00 INCH OR MORE: 0
[HDD (BASE 65) ]
TOTAL THIS MO. 0 CLEAR (SCALE 0-3) 23
DPTR FM NORMAL 0 PTCLDY (SCALE 4-7) 8
TOTAL FM JUL 1 0 CLOUDY (SCALE 8-10) 0
DPTR FM NORMAL 0
[CDD (BASE 65) ]
TOTAL THIS MO. 417
DPTR FM NORMAL -12 [PRESSURE DATA]
TOTAL FM JAN 1 417 HIGHEST SLP 30.18 ON 8
DPTR FM NORMAL -12 LOWEST SLP 29.91 ON 29
[REMARKS]
#FINAL-01-22#