000
CXUS55 KGLD 010800
CF6ITR
PRELIMINARY LOCAL CLIMATOLOGICAL DATA (WS FORM: F-6)
STATION: BURLINGTON CO
MONTH: FEBRUARY
YEAR: 2023
LATITUDE: 39 15 N
LONGITUDE: 102 17 W
TEMPERATURE IN F: :PCPN: SNOW: WIND :SUNSHINE: SKY :PK WND
================================================================================
1 2 3 4 5 6A 6B 7 8 9 10 11 12 13 14 15 16 17 18
12Z AVG MX 2MIN
DY MAX MIN AVG DEP HDD CDD WTR SNW DPTH SPD SPD DIR MIN PSBL S-S WX SPD DR
================================================================================
1 30 4 17 -14 48 0 0.00 M M 9.3 16 280 M M 0 20 290
2 36 11 24 -7 41 0 0.00 M M 10.5 20 230 M M 0 25 230
3 42 21 32 1 33 0 0.00 M M 11.3 22 220 M M 0 27 220
4 42 19 31 0 34 0 0.00 M M 10.0 18 300 M M 0 22 310
5 40 20 30 -1 35 0 0.00 M M 9.6 17 170 M M 0 M M
6 39 21 30 -1 35 0 0.00 M M M M M M M M M M
7 39 19 29 -2 36 0 0.00 M M M M M M M M M M
8 38 12 25 -6 40 0 0.00 M M 10.2 20 320 M M 0 28 320
9 32 12 22 -9 43 0 T M M 19.7 31 350 M M 8 1 44 340
10 34 4 19 -12 46 0 0.00 M M 11.4 17 200 M M 0 21 200
11 43 20 32 1 33 0 0.00 M M 12.7 17 180 M M 0 23 220
12 40 23 32 1 33 0 0.00 M M 12.5 22 320 M M 0 27 300
13 50 22 36 4 29 0 0.00 M M 14.8 22 190 M M 0 29 170
14 44 29 37 5 28 0 T M M 14.6 26 330 M M 5 38 340
15 29 13 21 -11 44 0 0.30 M M 20.4 30 10 M M 10 1289 42 360
16 22 4 13 -19 52 0 0.05 M M 14.8 22 330 M M 7 1 30 330
17 40 3 22 -10 43 0 0.00 M M 13.3 23 220 M M 0 29 220
18 41 21 31 -1 34 0 0.00 M M 10.5 20 240 M M 0 24 240
19 41 16 29 -4 36 0 0.00 M M 8.1 16 330 M M 0 M M
20 47 21 34 1 31 0 0.00 M M 8.1 16 190 M M 1 20 190
21 55 28 42 9 23 0 0.00 M M 14.9 26 190 M M 0 34 190
22 35 -2 17 -16 48 0 T M M 19.7 33 10 M M 9 128 45 10
23 13 -6 4 -30 61 0 T M M 11.5 22 330 M M 2 8 29 330
24 33 5 19 -15 46 0 T M M 14.7 32 180 M M 4 18 39 180
25 48 18 33 -1 32 0 0.00 M M 9.5 17 210 M M 0 21 220
26 61 26 44 9 21 0 0.00 M M 12.2 35 260 M M 1 47 280
27 54 29 42 7 23 0 0.00 M M 12.0 23 280 M M 0 29 280
28 56 25 41 6 24 0 0.00 M M 15.6 39 250 M M 0 51 260
================================================================================
SM 1124 438 1032 0 0.35 M 331.9 M 47
================================================================================
AV 40.1 15.6 12.8 FASTST M M 2 MAX(MPH)
MISC ----> 39 250 51 260
================================================================================
NOTES:
# LAST OF SEVERAL OCCURRENCES
COLUMN 17 PEAK WIND IN M.P.H.
PRELIMINARY LOCAL CLIMATOLOGICAL DATA (WS FORM: F-6) , PAGE 2
STATION: BURLINGTON CO
MONTH: FEBRUARY
YEAR: 2023
LATITUDE: 39 15 N
LONGITUDE: 102 17 W
[TEMPERATURE DATA] [PRECIPITATION DATA] SYMBOLS USED IN COLUMN 16
AVERAGE MONTHLY: 27.9 TOTAL FOR MONTH: 0.35 1 = FOG OR MIST
DPTR FM NORMAL: -4.3 DPTR FM NORMAL: 0.08 2 = FOG REDUCING VISIBILITY
HIGHEST: 61 ON 26 GRTST 24HR 0.30 ON 15-15 TO 1/4 MILE OR LESS
LOWEST: -6 ON 23 3 = THUNDER
SNOW, ICE PELLETS, HAIL 4 = ICE PELLETS
TOTAL MONTH: M 5 = HAIL
GRTST 24HR M ON M 6 = FREEZING RAIN OR DRIZZLE
GRTST DEPTH: M ON M 7 = DUSTSTORM OR SANDSTORM:
VSBY 1/2 MILE OR LESS
8 = SMOKE OR HAZE
[NO. OF DAYS WITH] [WEATHER - DAYS WITH] 9 = BLOWING SNOW
X = TORNADO
MAX 32 OR BELOW: 5 0.01 INCH OR MORE: 2
MAX 90 OR ABOVE: 0 0.10 INCH OR MORE: 1
MIN 32 OR BELOW: 28 0.50 INCH OR MORE: 0
MIN 0 OR BELOW: 2 1.00 INCH OR MORE: 0
[HDD (BASE 65) ]
TOTAL THIS MO. 1032 CLEAR (SCALE 0-3) 20
DPTR FM NORMAL 114 PTCLDY (SCALE 4-7) 4
TOTAL FM JUL 1 4589 CLOUDY (SCALE 8-10) 4
DPTR FM NORMAL 218
[CDD (BASE 65) ]
TOTAL THIS MO. 0
DPTR FM NORMAL 0 [PRESSURE DATA]
TOTAL FM JAN 1 0 HIGHEST SLP M ON M
DPTR FM NORMAL 0 LOWEST SLP 29.11 ON 14
[REMARKS]
#FINAL-02-23#