000
CXUS53 KIWX 010910
CF6IWX
PRELIMINARY LOCAL CLIMATOLOGICAL DATA (WS FORM: F-6)
STATION: NORTH WEBSTER WFO
MONTH: OCTOBER
YEAR: 2020
LATITUDE: 41 21 N
LONGITUDE: 85 42 W
TEMPERATURE IN F: :PCPN: SNOW: WIND :SUNSHINE: SKY :PK WND
================================================================================
1 2 3 4 5 6A 6B 7 8 9 10 11 12 13 14 15 16 17 18
12Z AVG MX 2MIN
DY MAX MIN AVG DEP HDD CDD WTR SNW DPTH SPD SPD DIR MIN PSBL S-S WX SPD DR
================================================================================
1 63 42 53 -5 12 0 0.10 0.0 0 M M M M M M 3 M M
2 56 36 46 -11 19 0 0.00 0.0 0 M M M M M M M M
3 57 38 48 -9 17 0 0.03 0.0 0 M M M M M M M M
4 54 40 47 -10 18 0 0.34 0.0 0 M M M M M M 1 M M
5 60 35 48 -8 17 0 0.00 0.0 0 M M M M M M 12 M M
6 71 48 60 4 5 0 0.00 0.0 0 M M M M M M 12 M M
7 76 47 62 7 3 0 0.00 0.0 0 M M M M M M 1 M M
8 73 42 58 3 7 0 0.00 0.0 0 M M M M M M M M
9 82 46 64 9 1 0 0.00 0.0 0 M M M M M M M M
10 79 61 70 16 0 5 0.00 0.0 0 M M M M M M M M
11 73 54 64 10 1 0 0.00 0.0 0 M M M M M M M M
12 71 45 58 4 7 0 0.00 0.0 0 M M M M M M 3 M M
13 68 41 55 2 10 0 0.00 0.0 0 M M M M M M M M
14 73 42 58 5 7 0 0.00 0.0 0 M M M M M M M M
15 65 39 52 -1 13 0 0.01 0.0 0 M M M M M M M M
16 57 31 44 -8 21 0 0.00 0.0 0 M M M M M M M M
17 58 33 46 -6 19 0 0.00 0.0 0 M M M M M M M M
18 66 42 54 2 11 0 0.02 0.0 0 M M M M M M M M
19 46 40 43 -8 22 0 0.33 0.0 0 M M M M M M M M
20 54 38 46 -5 19 0 0.34 0.0 0 M M M M M M M M
21 58 49 54 3 11 0 0.05 0.0 0 M M M M M M M M
22 78 49 64 14 1 0 0.27 0.0 0 M M M M M M M M
23 73 41 57 7 8 0 0.22 0.0 0 M M M M M M 3 M M
24 48 33 41 -9 24 0 0.02 0.0 0 M M M M M M M M
25 48 37 43 -7 22 0 0.00 0.0 0 M M M M M M M M
26 48 39 44 -5 21 0 T 0.0 0 M M M M M M M M
27 40 37 39 -10 26 0 0.08 0.0 0 M M M M M M 1 M M
28 50 35 43 -6 22 0 T 0.0 0 M M M M M M M M
29 52 40 46 -2 19 0 0.03 0.0 0 M M M M M M M M
30 43 29 36 -12 29 0 T 0.0 0 M M M M M M M M
31 M M M M M M 0.00 0.0 M M M M M M M M M
================================================================================
SM 1840 1229 412 5 1.84 0.0 M M M
================================================================================
AV 61.3 41.0 M FASTST M M M MAX(MPH)
MISC ----> M M M M
================================================================================
NOTES:
# LAST OF SEVERAL OCCURRENCES
COLUMN 17 PEAK WIND IN M.P.H.
PRELIMINARY LOCAL CLIMATOLOGICAL DATA (WS FORM: F-6) , PAGE 2
STATION: NORTH WEBSTER WFO
MONTH: OCTOBER
YEAR: 2020
LATITUDE: 41 21 N
LONGITUDE: 85 42 W
[TEMPERATURE DATA] [PRECIPITATION DATA] SYMBOLS USED IN COLUMN 16
AVERAGE MONTHLY: 51.2 TOTAL FOR MONTH: 1.84 1 = FOG OR MIST
DPTR FM NORMAL: -1.3 DPTR FM NORMAL: -1.29 2 = FOG REDUCING VISIBILITY
HIGHEST: 82 ON 9 GRTST 24HR 0.34 ON 4- 4 TO 1/4 MILE OR LESS
LOWEST: 29 ON 30 3 = THUNDER
SNOW, ICE PELLETS, HAIL 4 = ICE PELLETS
TOTAL MONTH: 0.0 INCH 5 = HAIL
GRTST 24HR 0.0 6 = FREEZING RAIN OR DRIZZLE
GRTST DEPTH: 0 7 = DUSTSTORM OR SANDSTORM:
VSBY 1/2 MILE OR LESS
8 = SMOKE OR HAZE
[NO. OF DAYS WITH] [WEATHER - DAYS WITH] 9 = BLOWING SNOW
X = TORNADO
MAX 32 OR BELOW: 0 0.01 INCH OR MORE: 13
MAX 90 OR ABOVE: 0 0.10 INCH OR MORE: 6
MIN 32 OR BELOW: 2 0.50 INCH OR MORE: 0
MIN 0 OR BELOW: 0 1.00 INCH OR MORE: 0
[HDD (BASE 65) ]
TOTAL THIS MO. 412 CLEAR (SCALE 0-3) 0
DPTR FM NORMAL 22 PTCLDY (SCALE 4-7) 0
TOTAL FM JUL 1 505 CLOUDY (SCALE 8-10) 31
DPTR FM NORMAL 34
[CDD (BASE 65) ]
TOTAL THIS MO. 5
DPTR FM NORMAL 4 [PRESSURE DATA]
TOTAL FM JAN 1 809 HIGHEST SLP M ON M
DPTR FM NORMAL 96 LOWEST SLP M ON M
[REMARKS]
#FINAL-10-20#