000
CXUS53 KIWX 010800
CF6IWX
PRELIMINARY LOCAL CLIMATOLOGICAL DATA (WS FORM: F-6)
STATION: NORTH WEBSTER WFO
MONTH: FEBRUARY
YEAR: 2020
LATITUDE: 41 21 N
LONGITUDE: 85 42 W
TEMPERATURE IN F: :PCPN: SNOW: WIND :SUNSHINE: SKY :PK WND
================================================================================
1 2 3 4 5 6A 6B 7 8 9 10 11 12 13 14 15 16 17 18
12Z AVG MX 2MIN
DY MAX MIN AVG DEP HDD CDD WTR SNW DPTH SPD SPD DIR MIN PSBL S-S WX SPD DR
================================================================================
1 34 29 32 8 33 0 0.01 T 0 M M M M M M M M
2 56 31 44 19 21 0 0.00 0.0 0 M M M M M M M M
3 55 29 42 17 23 0 T 0.0 0 M M M M M M M M
4 48 32 40 15 25 0 0.00 0.0 0 M M M M M M M M
5 33 23 28 3 37 0 0.19 1.8 0 M M M M M M 16 M M
6 25 22 24 -2 41 0 0.06 1.0 2 M M M M M M M M
7 34 17 26 0 39 0 T T 2 M M M M M M M M
8 36 22 29 3 36 0 0.01 0.2 2 M M M M M M M M
9 34 23 29 3 36 0 0.19 0.7 2 M M M M M M 18 M M
10 34 29 32 6 33 0 0.00 0.0 1 M M M M M M 12 M M
11 37 25 31 4 34 0 0.00 M T M M M M M M M M
12 34 23 29 2 36 0 0.14 1.5 T M M M M M M 1 M M
13 32 13 23 -4 42 0 0.03 1.0 2 M M M M M M 1 M M
14 18 3 11 -17 54 0 T T 2 M M M M M M M M
15 34 5 20 -8 45 0 T T 1 M M M M M M M M
16 39 20 30 2 35 0 0.00 M 1 M M M M M M 1 M M
17 36 24 30 2 35 0 0.09 0.2 T M M M M M M 1 M M
18 39 25 32 3 33 0 0.02 0.0 T M M M M M M M M
19 35 17 26 -3 39 0 0.00 0.0 0 M M M M M M M M
20 30 14 22 -7 43 0 0.00 0.0 0 M M M M M M M M
21 34 12 23 -7 42 0 0.00 0.0 0 M M M M M M M M
22 47 23 35 5 30 0 0.00 0.0 0 M M M M M M M M
23 53 29 41 11 24 0 0.00 0.0 0 M M M M M M M M
24 43 34 39 8 26 0 0.27 0.0 0 M M M M M M M M
25 37 30 34 3 31 0 0.28 1.8 0 M M M M M M M M
26 30 24 27 -4 38 0 0.32 5.5 2 M M M M M M M M
27 29 16 23 -9 42 0 0.01 0.7 7 M M M M M M M M
28 28 11 20 -12 45 0 T T 5 M M M M M M M M
29 29 12 21 -11 44 0 0.00 0.0 3 M M M M M M M M
================================================================================
SM 1053 617 1042 0 1.62 14.4 M M M
================================================================================
AV 36.3 21.3 M FASTST M M 6 MAX(MPH)
MISC ----> M M M M
================================================================================
NOTES:
# LAST OF SEVERAL OCCURRENCES
COLUMN 17 PEAK WIND IN M.P.H.
PRELIMINARY LOCAL CLIMATOLOGICAL DATA (WS FORM: F-6) , PAGE 2
STATION: NORTH WEBSTER WFO
MONTH: FEBRUARY
YEAR: 2020
LATITUDE: 41 21 N
LONGITUDE: 85 42 W
[TEMPERATURE DATA] [PRECIPITATION DATA] SYMBOLS USED IN COLUMN 16
AVERAGE MONTHLY: 28.8 TOTAL FOR MONTH: 1.62 1 = FOG OR MIST
DPTR FM NORMAL: 0.9 DPTR FM NORMAL: -1.12 2 = FOG REDUCING VISIBILITY
HIGHEST: 56 ON 2 GRTST 24HR 0.32 ON 26-26 TO 1/4 MILE OR LESS
LOWEST: 3 ON 14 3 = THUNDER
SNOW, ICE PELLETS, HAIL 4 = ICE PELLETS
TOTAL MONTH: 14.4 INCHES 5 = HAIL
GRTST 24HR 5.5 ON 26-26 6 = FREEZING RAIN OR DRIZZLE
GRTST DEPTH: 7 ON 27 7 = DUSTSTORM OR SANDSTORM:
VSBY 1/2 MILE OR LESS
8 = SMOKE OR HAZE
[NO. OF DAYS WITH] [WEATHER - DAYS WITH] 9 = BLOWING SNOW
X = TORNADO
MAX 32 OR BELOW: 8 0.01 INCH OR MORE: 13
MAX 90 OR ABOVE: 0 0.10 INCH OR MORE: 6
MIN 32 OR BELOW: 28 0.50 INCH OR MORE: 0
MIN 0 OR BELOW: 0 1.00 INCH OR MORE: 0
[HDD (BASE 65) ]
TOTAL THIS MO. 1042 CLEAR (SCALE 0-3) 0
DPTR FM NORMAL 4 PTCLDY (SCALE 4-7) 0
TOTAL FM JUL 1 4312 CLOUDY (SCALE 8-10) 0
DPTR FM NORMAL -359
[CDD (BASE 65) ]
TOTAL THIS MO. 0
DPTR FM NORMAL 0 [PRESSURE DATA]
TOTAL FM JAN 1 0 HIGHEST SLP M ON M
DPTR FM NORMAL 0 LOWEST SLP M ON M
[REMARKS]
#FINAL-02-20#