000
CXUS55 KRIW 011010
CF6JAC
PRELIMINARY LOCAL CLIMATOLOGICAL DATA (WS FORM: F-6)
STATION: JACKSON WY
MONTH: JULY
YEAR: 2023
LATITUDE: 43 35 N
LONGITUDE: 110 44 W
TEMPERATURE IN F: :PCPN: SNOW: WIND :SUNSHINE: SKY :PK WND
================================================================================
1 2 3 4 5 6A 6B 7 8 9 10 11 12 13 14 15 16 17 18
12Z AVG MX 2MIN
DY MAX MIN AVG DEP HDD CDD WTR SNW DPTH SPD SPD DIR MIN PSBL S-S WX SPD DR
================================================================================
1 80 41 61 2 4 0 T M M 6.6 31 300 M M 2 3 45 290
2 78 41 60 1 5 0 0.00 M M 5.4 16 230 M M 3 1 21 240
3 81 42 62 2 3 0 T M M 8.2 23 240 M M 1 3 39 230
4 74 42 58 -2 7 0 0.00 M M 8.2 16 80 M M 1 25 80
5 74 40 57 -3 8 0 0.00 M M 6.2 15 230 M M 0 M M
6 76 37 57 -3 8 0 M M M 7.0 23 40 M M 1 31 20
7 76 42 59 -2 6 0 M M M 7.7 16 230 M M 3 30 210
8 72 46 59 -2 6 0 0.00 M M 5.8 15 360 M M 1 20 40
9 80 40 60 -1 5 0 0.00 M M 5.1 14 210 M M 0 M M
10 85 43 64 3 1 0 0.00 M M 6.5 18 190 M M 0 24 200
11 81 48 65 3 0 0 0.00 M M 8.8 18 240 M M 0 35 230
12 81 39 60 -2 5 0 0.00 M M 8.0 16 260 M M 0 27 250
13 79 48 64 2 1 0 0.00 M M 6.5 14 290 M M 1 21 290
14 M M M M M M 0.00 M M 5.2 7 20 M M 3 M M
15 M M M M M M M M M 7.6 16 170 M M 0 22 170
16 M M M M M M M M M 5.8 14 290 M M 0 16 270
17 M M M M M M M M M 9.5 16 220 M M 1 24 210
18 M M M M M M M M M 10.3 17 250 M M 0 35 260
19 M M M M M M 0.00 M M 8.7 14 280 M M 0 21 220
20 84 43 64 1 1 0 T M M 8.6 16 270 M M 1 3 45 M
21 86 43 65 2 0 0 0.00 M M 5.5 13 270 M M 1 22 260
22 89 45 67 4 0 2 0.00 M M 5.4 10 20 M M 0 20 230
23 90 48 69 6 0 4 M M M 8.1 30 250 M M 1 3 44 270
24 82 55 69 6 0 4 T M M 6.8 33 250 M M 4 3 61 210
25 81 51 66 3 0 1 T M M 6.9 18 280 M M 4 12 30 270
26 84 42 63 0 2 0 0.00 M M 8.0 22 180 M M 0 32 200
27 80 54 67 4 0 2 M M M 6.5 16 90 M M 4 13 20 210
28 85 44 65 2 0 0 M M M 7.0 16 210 M M 0 23 200
29 88 45 67 4 0 2 0.00 M M 5.0 9 190 M M 0 M M
30 88 46 67 4 0 2 0.00 M M 6.6 20 220 M M 1 28 220
31 84 48 66 3 0 1 0.00 M M 6.6 30 320 M M 2 44 320
================================================================================
SM 2038 1113 62 18 T M 218.1 M 35
================================================================================
AV 81.5 44.5 7.0 FASTST M M 1 MAX(MPH)
MISC ----> 33 250 61 210
================================================================================
NOTES:
# LAST OF SEVERAL OCCURRENCES
COLUMN 17 PEAK WIND IN M.P.H.
PRELIMINARY LOCAL CLIMATOLOGICAL DATA (WS FORM: F-6) , PAGE 2
STATION: JACKSON WY
MONTH: JULY
YEAR: 2023
LATITUDE: 43 35 N
LONGITUDE: 110 44 W
[TEMPERATURE DATA] [PRECIPITATION DATA] SYMBOLS USED IN COLUMN 16
AVERAGE MONTHLY: 63.0 TOTAL FOR MONTH: T 1 = FOG OR MIST
DPTR FM NORMAL: 1.2 DPTR FM NORMAL: -1.29 2 = FOG REDUCING VISIBILITY
HIGHEST: 90 ON 23 GRTST 24HR T ON 1- 1 TO 1/4 MILE OR LESS
LOWEST: 37 ON 6 3 = THUNDER
SNOW, ICE PELLETS, HAIL 4 = ICE PELLETS
TOTAL MONTH: M 5 = HAIL
GRTST 24HR M ON M 6 = FREEZING RAIN OR DRIZZLE
GRTST DEPTH: M ON M 7 = DUSTSTORM OR SANDSTORM:
VSBY 1/2 MILE OR LESS
8 = SMOKE OR HAZE
[NO. OF DAYS WITH] [WEATHER - DAYS WITH] 9 = BLOWING SNOW
X = TORNADO
MAX 32 OR BELOW: 0 0.01 INCH OR MORE: 0
MAX 90 OR ABOVE: 1 0.10 INCH OR MORE: 0
MIN 32 OR BELOW: 0 0.50 INCH OR MORE: 0
MIN 0 OR BELOW: 0 1.00 INCH OR MORE: 0
[HDD (BASE 65) ]
TOTAL THIS MO. 62 CLEAR (SCALE 0-3) 25
DPTR FM NORMAL -62 PTCLDY (SCALE 4-7) 6
TOTAL FM JUL 1 62 CLOUDY (SCALE 8-10) 0
DPTR FM NORMAL -60
[CDD (BASE 65) ]
TOTAL THIS MO. 18
DPTR FM NORMAL -8 [PRESSURE DATA]
TOTAL FM JAN 1 18 HIGHEST SLP 30.26 ON 21
DPTR FM NORMAL -11 LOWEST SLP 29.92 ON 17
[REMARKS]
#FINAL-07-23#