000
CXUS54 KJAN 011925
CF6JAN
PRELIMINARY LOCAL CLIMATOLOGICAL DATA (WS FORM: F-6)
STATION: JACKSON
MONTH: NOVEMBER
YEAR: 2022
LATITUDE: 32 19 N
LONGITUDE: 90 5 W
TEMPERATURE IN F: :PCPN: SNOW: WIND :SUNSHINE: SKY :PK WND
================================================================================
1 2 3 4 5 6A 6B 7 8 9 10 11 12 13 14 15 16 17 18
12Z AVG MX 2MIN
DY MAX MIN AVG DEP HDD CDD WTR SNW DPTH SPD SPD DIR MIN PSBL S-S WX SPD DR
================================================================================
1 74 48 61 1 4 0 0.00 0.0 0 1.9 12 330 M M 5 128 13 340
2 81 52 67 7 0 2 T 0.0 0 2.4 9 350 M M 2 12 13 30
3 83 50 67 8 0 2 0.00 0.0 0 3.2 14 140 M M 1 1 17 160
4 80 58 69 10 0 4 0.00 0.0 0 11.9 24 150 M M 6 18 33 130
5 71 56 64 6 1 0 1.98 0.0 0 5.8 24 320 M M 10 13 37 330
6 87 62 75 17 0 10 1.79 0.0 0 4.4 16 180 M M 7 1 23 220
7 86 61 74 16 0 9 0.00 0.0 0 3.8 10 10 M M 3 12 14 40
8 87 63 75 18 0 10 0.00 0.0 0 3.7 10 360 M M 2 12 13 360
9 80 53 67 10 0 2 0.00 0.0 0 5.1 14 120 M M 1 19 110
10 76 48 62 5 3 0 0.00 0.0 0 3.3 12 20 M M 2 18 350
11 76 52 64 8 1 0 0.10 0.0 0 3.3 14 320 M M 2 1 21 300
12 62 36 49 -7 16 0 0.06 0.0 0 10.1 21 350 M M 7 1 30 350
13 47 31 39 -17 26 0 0.00 0.0 0 8.1 16 360 M M 2 21 10
14 60 32 46 -10 19 0 0.43 0.0 0 4.8 13 20 M M 5 13 16 100
15 49 40 45 -10 20 0 0.43 0.0 0 8.3 17 340 M M 9 1 23 320
16 54 33 44 -11 21 0 0.00 0.0 0 6.9 17 360 M M 2 22 350
17 50 28 39 -16 26 0 0.00 0.0 0 4.6 15 350 M M 1 22 310
18 58 26 42 -12 23 0 0.00 0.0 0 2.0 10 30 M M 1 13 30
19 47 33 40 -14 25 0 0.00 0.0 0 3.9 12 10 M M 4 14 360
20 53 31 42 -12 23 0 0.00 0.0 0 5.1 13 50 M M 1 19 60
21 55 29 42 -12 23 0 T T 0 3.5 9 20 M M 7 5 14 340
22 66 44 55 1 10 0 T 0.0 0 2.3 8 10 M M 7 12 50
23 73 36 55 2 10 0 0.00 0.0 0 3.0 10 110 M M 2 14 100
24 72 55 64 11 1 0 0.27 0.0 0 6.8 16 130 M M 6 1 22 130
25 64 55 60 7 5 0 0.02 0.0 0 6.6 15 340 M M 9 12 21 350
26 68 55 62 9 3 0 0.53 0.0 0 10.2 20 220 M M 8 12 29 220
27 70 46 58 6 7 0 0.00 0.0 0 8.8 20 230 M M 1 32 240
28 70 39 55 3 10 0 0.00 0.0 0 1.7 8 160 M M 0 128 10 150
29 77 49 63 11 2 0 0.07 0.0 0 12.3 23 170 M M 6 13 32 260
30 74 38 56 4 9 0 0.18 0.0 0 12.1 23 350 M M 3 13 34 340
================================================================================
SM 2050 1339 288 39 5.86 T 169.9 M 122
================================================================================
AV 68.3 44.6 5.7 FASTST M M 4 MAX(MPH)
MISC ----> # 24 150 37 330
================================================================================
NOTES:
# LAST OF SEVERAL OCCURRENCES
COLUMN 17 PEAK WIND IN M.P.H.
PRELIMINARY LOCAL CLIMATOLOGICAL DATA (WS FORM: F-6) , PAGE 2
STATION: JACKSON
MONTH: NOVEMBER
YEAR: 2022
LATITUDE: 32 19 N
LONGITUDE: 90 5 W
[TEMPERATURE DATA] [PRECIPITATION DATA] SYMBOLS USED IN COLUMN 16
AVERAGE MONTHLY: 56.5 TOTAL FOR MONTH: 5.86 1 = FOG OR MIST
DPTR FM NORMAL: 1.1 DPTR FM NORMAL: 1.46 2 = FOG REDUCING VISIBILITY
HIGHEST: 87 ON 8, 6 GRTST 24HR 1.98 ON 5- 5 TO 1/4 MILE OR LESS
LOWEST: 26 ON 18 3 = THUNDER
SNOW, ICE PELLETS, HAIL 4 = ICE PELLETS
TOTAL MONTH: T 5 = HAIL
GRTST 24HR T ON 21-21 6 = FREEZING RAIN OR DRIZZLE
GRTST DEPTH: 0 7 = DUSTSTORM OR SANDSTORM:
VSBY 1/2 MILE OR LESS
8 = SMOKE OR HAZE
[NO. OF DAYS WITH] [WEATHER - DAYS WITH] 9 = BLOWING SNOW
X = TORNADO
MAX 32 OR BELOW: 0 0.01 INCH OR MORE: 11
MAX 90 OR ABOVE: 0 0.10 INCH OR MORE: 8
MIN 32 OR BELOW: 6 0.50 INCH OR MORE: 3
MIN 0 OR BELOW: 0 1.00 INCH OR MORE: 2
[HDD (BASE 65) ]
TOTAL THIS MO. 288 CLEAR (SCALE 0-3) 16
DPTR FM NORMAL -20 PTCLDY (SCALE 4-7) 11
TOTAL FM JUL 1 366 CLOUDY (SCALE 8-10) 3
DPTR FM NORMAL -31
[CDD (BASE 65) ]
TOTAL THIS MO. 39
DPTR FM NORMAL 19 [PRESSURE DATA]
TOTAL FM JAN 1 2454 HIGHEST SLP 30.48 ON 20
DPTR FM NORMAL 60 LOWEST SLP 29.70 ON 26
[REMARKS]
#FINAL-11-22#