000
CXUS54 KJAN 011410
CF6JAN
PRELIMINARY LOCAL CLIMATOLOGICAL DATA (WS FORM: F-6)
STATION: JACKSON
MONTH: MAY
YEAR: 2021
LATITUDE: 32 19 N
LONGITUDE: 90 5 W
TEMPERATURE IN F: :PCPN: SNOW: WIND :SUNSHINE: SKY :PK WND
================================================================================
1 2 3 4 5 6A 6B 7 8 9 10 11 12 13 14 15 16 17 18
12Z AVG MX 2MIN
DY MAX MIN AVG DEP HDD CDD WTR SNW DPTH SPD SPD DIR MIN PSBL S-S WX SPD DR
================================================================================
1 82 56 69 0 0 4 T 0.0 0 3.8 18 140 M M 3 1 24 130
2 78 64 71 2 0 6 0.45 0.0 0 10.6 24 180 M M 7 1 30 180
3 88 70 79 10 0 14 T 0.0 0 10.8 20 190 M M 6 27 190
4 85 64 75 5 0 10 0.56 0.0 0 8.2 36 330 M M 8 13 58 330
5 74 57 66 -4 0 1 T 0.0 0 6.6 13 20 M M 7 17 340
6 80 54 67 -3 0 2 0.00 0.0 0 5.6 14 350 M M 0 22 360
7 78 52 65 -5 0 0 0.00 0.0 0 4.7 17 20 M M 0 23 30
8 85 52 69 -2 0 4 0.00 0.0 0 8.9 20 180 M M 1 26 170
9 82 65 74 3 0 9 1.08 0.0 0 11.1 26 150 M M 5 13 35 150
10 77 64 71 0 0 6 0.01 0.0 0 5.3 12 10 M M 8 15 10
11 75 63 69 -3 0 4 0.25 0.0 0 6.9 20 10 M M 10 18 28 10
12 69 60 65 -7 0 0 0.03 0.0 0 6.5 14 30 M M 10 18 19 360
13 77 56 67 -5 0 2 0.00 0.0 0 7.1 15 30 M M 3 21 60
14 79 51 65 -7 0 0 0.00 0.0 0 2.1 13 350 M M 2 21 20
15 81 53 67 -6 0 2 0.00 0.0 0 4.4 13 180 M M 3 19 180
16 83 61 72 -1 0 7 0.00 0.0 0 6.9 18 170 M M 4 25 120
17 78 67 73 0 0 8 0.96 0.0 0 9.7 20 150 M M 7 1 27 230
18 74 69 72 -2 0 7 2.63 0.0 0 10.4 22 100 M M 9 1 32 140
19 82 67 75 1 0 10 T 0.0 0 12.4 26 140 M M 6 35 130
20 84 70 77 3 0 12 T 0.0 0 11.7 24 140 M M 7 33 120
21 85 64 75 1 0 10 0.00 0.0 0 9.8 23 120 M M 3 31 120
22 87 61 74 -1 0 9 0.00 0.0 0 5.0 15 120 M M 4 21 130
23 88 61 75 0 0 10 0.00 0.0 0 3.7 14 150 M M 2 18 150
24 88 63 76 1 0 11 0.00 0.0 0 2.9 12 180 M M 4 18 16 170
25 89 63 76 1 0 11 0.00 0.0 0 6.8 16 180 M M 3 23 190
26 87 70 79 3 0 14 T 0.0 0 5.5 13 340 M M 6 19 230
27 91 66 79 3 0 14 0.00 0.0 0 3.9 13 180 M M 4 18 17 200
28 84 67 76 0 0 11 T 0.0 0 7.3 20 280 M M 5 27 240
29 80 59 70 -6 0 5 0.00 0.0 0 9.3 18 10 M M 3 28 10
30 76 55 66 -11 0 1 0.00 0.0 0 6.7 15 360 M M 2 23 30
31 85 56 71 -6 0 6 0.00 0.0 0 4.0 12 140 M M 4 15 180
================================================================================
SM 2531 1900 0 210 5.97 0.0 218.6 M 146
================================================================================
AV 81.6 61.3 7.1 FASTST M M 5 MAX(MPH)
MISC ----> 36 330 58 330
================================================================================
NOTES:
# LAST OF SEVERAL OCCURRENCES
COLUMN 17 PEAK WIND IN M.P.H.
PRELIMINARY LOCAL CLIMATOLOGICAL DATA (WS FORM: F-6) , PAGE 2
STATION: JACKSON
MONTH: MAY
YEAR: 2021
LATITUDE: 32 19 N
LONGITUDE: 90 5 W
[TEMPERATURE DATA] [PRECIPITATION DATA] SYMBOLS USED IN COLUMN 16
AVERAGE MONTHLY: 71.5 TOTAL FOR MONTH: 5.97 1 = FOG OR MIST
DPTR FM NORMAL: -1.4 DPTR FM NORMAL: 1.61 2 = FOG REDUCING VISIBILITY
HIGHEST: 91 ON 27 GRTST 24HR 2.63 ON 18-18 TO 1/4 MILE OR LESS
LOWEST: 51 ON 14 3 = THUNDER
SNOW, ICE PELLETS, HAIL 4 = ICE PELLETS
TOTAL MONTH: 0.0 INCH 5 = HAIL
GRTST 24HR 0.0 6 = FREEZING RAIN OR DRIZZLE
GRTST DEPTH: 0 7 = DUSTSTORM OR SANDSTORM:
VSBY 1/2 MILE OR LESS
8 = SMOKE OR HAZE
[NO. OF DAYS WITH] [WEATHER - DAYS WITH] 9 = BLOWING SNOW
X = TORNADO
MAX 32 OR BELOW: 0 0.01 INCH OR MORE: 8
MAX 90 OR ABOVE: 1 0.10 INCH OR MORE: 6
MIN 32 OR BELOW: 0 0.50 INCH OR MORE: 4
MIN 0 OR BELOW: 0 1.00 INCH OR MORE: 2
[HDD (BASE 65) ]
TOTAL THIS MO. 0 CLEAR (SCALE 0-3) 12
DPTR FM NORMAL -12 PTCLDY (SCALE 4-7) 15
TOTAL FM JUL 1 2106 CLOUDY (SCALE 8-10) 4
DPTR FM NORMAL -115
[CDD (BASE 65) ]
TOTAL THIS MO. 210
DPTR FM NORMAL -48 [PRESSURE DATA]
TOTAL FM JAN 1 375 HIGHEST SLP 30.31 ON 22
DPTR FM NORMAL -20 LOWEST SLP 29.64 ON 2
[REMARKS]
#FINAL-05-21#