000
CXUS54 KMEG 010900
CF6JBR
PRELIMINARY LOCAL CLIMATOLOGICAL DATA (WS FORM: F-6)
STATION: JONESBORO
MONTH: MARCH
YEAR: 2024
LATITUDE: 35 49 N
LONGITUDE: 90 39 W
TEMPERATURE IN F: :PCPN: SNOW: WIND :SUNSHINE: SKY :PK WND
================================================================================
1 2 3 4 5 6A 6B 7 8 9 10 11 12 13 14 15 16 17 18
12Z AVG MX 2MIN
DY MAX MIN AVG DEP HDD CDD WTR SNW DPTH SPD SPD DIR MIN PSBL S-S WX SPD DR
================================================================================
1 48 37 43 -3 22 0 0.06 M M 5.2 10 120 M M 8 14 170
2 64 34 49 2 16 0 0.00 M M 3.8 13 150 M M 4 12 19 190
3 73 47 60 13 5 0 0.00 M M 9.2 23 220 M M 4 1 31 230
4 79 57 68 21 0 3 M M M M M M M M M 13 M M
5 73 M M M M M T M M 5.8 20 20 M M 1 26 10
6 65 51 58 10 7 0 0.00 M M M M M M M M 8 M M
7 59 48 54 6 11 0 0.37 M M 6.3 16 270 M M 7 1 23 280
8 65 55 60 12 5 0 0.15 M M 6.8 16 360 M M 7 13 22 360
9 57 43 50 1 15 0 0.06 M M 8.8 16 360 M M 7 18 25 330
10 59 38 49 0 16 0 0.00 M M 4.2 13 330 M M 0 19 10
11 65 35 50 1 15 0 0.00 M M 6.9 20 190 M M 0 26 230
12 70 40 55 5 10 0 0.00 M M 8.8 22 200 M M 0 30 220
13 77 51 64 14 1 0 0.00 M M 11.0 23 220 M M 1 30 220
14 76 61 69 19 0 4 1.00 M M 12.5 31 290 M M 8 13 46 310
15 63 45 54 3 11 0 0.36 M M 6.4 16 30 M M 6 13 22 10
16 66 41 54 3 11 0 0.00 M M 6.5 14 220 M M 0 1 19 200
17 63 46 55 4 10 0 T M M 8.3 16 360 M M 5 25 10
18 49 34 42 -10 23 0 0.00 M M 8.3 22 310 M M 0 31 330
19 59 29 44 -8 21 0 0.00 M M 11.8 24 210 M M 0 33 220
20 74 47 61 9 4 0 0.08 M M 7.5 16 50 M M 2 22 20
21 67 45 56 3 9 0 0.00 M M 11.5 18 60 M M 2 24 50
22 71 51 61 8 4 0 0.00 M M 6.7 22 360 M M 5 35 10
23 55 41 48 -5 17 0 0.00 M M 12.9 22 20 M M 3 33 20
24 67 40 54 0 11 0 0.00 M M 9.0 17 160 M M 0 24 150
25 69 52 61 7 4 0 0.92 M M 18.3 39 150 M M 9 1 56 150
26 54 40 47 -7 18 0 0.00 M M 12.3 25 250 M M 3 12 36 260
27 56 33 45 -10 20 0 0.00 M M 4.7 14 50 M M 0 19 70
28 65 36 51 -4 14 0 0.00 M M 2.8 15 220 M M 1 19 220
29 73 40 57 2 8 0 0.00 M M 10.4 25 230 M M 0 34 220
30 78 56 67 11 0 2 0.00 M M 13.7 25 190 M M 1 33 190
31 77 59 68 12 0 3 0.00 M M 13.8 26 200 M M 5 35 190
================================================================================
SM 2036 1332 308 12 3.00 M 254.2 M 89
================================================================================
AV 65.7 44.4 8.8 FASTST M M 3 MAX(MPH)
MISC ----> 39 150 56 150
================================================================================
NOTES:
# LAST OF SEVERAL OCCURRENCES
COLUMN 17 PEAK WIND IN M.P.H.
PRELIMINARY LOCAL CLIMATOLOGICAL DATA (WS FORM: F-6) , PAGE 2
STATION: JONESBORO
MONTH: MARCH
YEAR: 2024
LATITUDE: 35 49 N
LONGITUDE: 90 39 W
[TEMPERATURE DATA] [PRECIPITATION DATA] SYMBOLS USED IN COLUMN 16
AVERAGE MONTHLY: 55.0 TOTAL FOR MONTH: 3.00 1 = FOG OR MIST
DPTR FM NORMAL: 3.9 DPTR FM NORMAL: -1.73 2 = FOG REDUCING VISIBILITY
HIGHEST: 79 ON 4 GRTST 24HR 1.36 ON 14-15 TO 1/4 MILE OR LESS
LOWEST: 29 ON 19 3 = THUNDER
SNOW, ICE PELLETS, HAIL 4 = ICE PELLETS
TOTAL MONTH: M 5 = HAIL
GRTST 24HR M ON M 6 = FREEZING RAIN OR DRIZZLE
GRTST DEPTH: M ON M 7 = DUSTSTORM OR SANDSTORM:
VSBY 1/2 MILE OR LESS
8 = SMOKE OR HAZE
[NO. OF DAYS WITH] [WEATHER - DAYS WITH] 9 = BLOWING SNOW
X = TORNADO
MAX 32 OR BELOW: 0 0.01 INCH OR MORE: 8
MAX 90 OR ABOVE: 0 0.10 INCH OR MORE: 5
MIN 32 OR BELOW: 1 0.50 INCH OR MORE: 2
MIN 0 OR BELOW: 0 1.00 INCH OR MORE: 1
[HDD (BASE 65) ]
TOTAL THIS MO. 308 CLEAR (SCALE 0-3) 16
DPTR FM NORMAL -133 PTCLDY (SCALE 4-7) 11
TOTAL FM JUL 1 2789 CLOUDY (SCALE 8-10) 4
DPTR FM NORMAL -450
[CDD (BASE 65) ]
TOTAL THIS MO. 12
DPTR FM NORMAL 3 [PRESSURE DATA]
TOTAL FM JAN 1 17 HIGHEST SLP 30.32 ON 11
DPTR FM NORMAL 7 LOWEST SLP 29.43 ON 25
[REMARKS]
#FINAL-03-24#