000
CXUS54 KSJT 011504
CF6JCT
PRELIMINARY LOCAL CLIMATOLOGICAL DATA (WS FORM: F-6)
STATION: JUNCTION
MONTH: MARCH
YEAR: 2021
LATITUDE: 30 18 N
LONGITUDE: 99 28 W
TEMPERATURE IN F: :PCPN: SNOW: WIND :SUNSHINE: SKY :PK WND
================================================================================
1 2 3 4 5 6A 6B 7 8 9 10 11 12 13 14 15 16 17 18
12Z AVG MX 2MIN
DY MAX MIN AVG DEP HDD CDD WTR SNW DPTH SPD SPD DIR MIN PSBL S-S WX SPD DR
================================================================================
1 55 44 50 -4 15 0 T 0.0 0 11.9 25 40 M M 9 33 50
2 64 32 48 -6 17 0 0.00 0.0 0 3.3 12 140 M M 0 15 130
3 74 31 53 -2 12 0 0.00 0.0 0 4.6 14 210 M M 0 8 21 220
4 77 38 58 3 7 0 0.00 0.0 0 6.5 22 200 M M 1 8 30 200
5 74 47 61 6 4 0 0.00 0.0 0 12.1 28 330 M M 1 8 39 360
6 65 45 55 0 10 0 0.00 0.0 0 7.4 15 30 M M 3 18 50
7 68 34 51 -5 14 0 0.00 0.0 0 5.6 15 140 M M 2 8 22 170
8 70 38 54 -2 11 0 0.00 0.0 0 8.1 21 160 M M 4 8 28 150
9 73 57 65 9 0 0 0.00 0.0 0 11.9 25 180 M M 7 37 190
10 70 60 65 8 0 0 0.00 0.0 0 8.1 18 180 M M 6 18 33 170
11 79 62 71 14 0 6 0.00 0.0 0 8.7 20 170 M M 6 8 27 170
12 79 66 73 16 0 8 0.00 0.0 0 12.5 24 170 M M 8 18 34 170
13 79 50 65 7 0 0 0.10 0.0 0 14.5 41 310 M M 10 18 58 310
14 73 46 60 2 5 0 0.07 0.0 0 5.4 20 250 M M 4 18 30 250
15 81 35 58 0 7 0 0.00 0.0 0 5.4 16 240 M M 0 8 27 240
16 79 45 62 4 3 0 0.00 0.0 0 6.8 18 170 M M 2 8 24 160
17 70 46 58 -1 7 0 T 0.0 0 15.4 31 310 M M 6 8 46 300
18 68 35 52 -7 13 0 0.00 0.0 0 7.3 18 10 M M 0 8 25 360
19 69 33 51 -8 14 0 0.00 0.0 0 6.1 14 70 M M 0 8 20 30
20 75 32 54 -6 11 0 0.00 0.0 0 4.2 13 160 M M 0 8 17 170
21 75 47 61 1 4 0 0.00 0.0 0 10.2 20 170 M M 0 29 150
22 69 57 63 3 2 0 0.00 0.0 0 10.2 25 160 M M 8 8 34 170
23 80 36 58 -2 7 0 0.00 0.0 0 3.5 15 230 M M 0 8 27 270
24 81 46 64 3 1 0 1.11 0.0 0 7.5 39 10 M M 5 138 55 20
25 72 47 60 -1 5 0 0.09 0.0 0 5.9 24 20 M M 2 1 35 10
26 83 45 64 3 1 0 0.00 0.0 0 7.8 22 180 M M 0 33 170
27 87 50 69 7 0 4 0.00 0.0 0 7.8 23 30 M M 3 18 29 30
28 74 46 60 -2 5 0 0.00 0.0 0 12.9 25 70 M M 3 34 30
29 78 38 58 -4 7 0 0.00 0.0 0 6.6 16 190 M M 1 25 160
30 80 57 69 7 0 4 0.00 0.0 0 7.2 18 190 M M 3 27 210
31 71 47 59 -3 6 0 0.00 0.0 0 11.6 23 20 M M 5 18 31 60
================================================================================
SM 2292 1392 188 22 1.37 0.0 257.0 M 99
================================================================================
AV 73.9 44.9 8.3 FASTST M M 3 MAX(MPH)
MISC ----> 41 310 58 310
================================================================================
NOTES:
# LAST OF SEVERAL OCCURRENCES
COLUMN 17 PEAK WIND IN M.P.H.
PRELIMINARY LOCAL CLIMATOLOGICAL DATA (WS FORM: F-6) , PAGE 2
STATION: JUNCTION
MONTH: MARCH
YEAR: 2021
LATITUDE: 30 18 N
LONGITUDE: 99 28 W
[TEMPERATURE DATA] [PRECIPITATION DATA] SYMBOLS USED IN COLUMN 16
AVERAGE MONTHLY: 59.4 TOTAL FOR MONTH: 1.37 1 = FOG OR MIST
DPTR FM NORMAL: 1.1 DPTR FM NORMAL: -1.04 2 = FOG REDUCING VISIBILITY
HIGHEST: 87 ON 27 GRTST 24HR 1.20 ON 24-25 TO 1/4 MILE OR LESS
LOWEST: 31 ON 3 3 = THUNDER
SNOW, ICE PELLETS, HAIL 4 = ICE PELLETS
TOTAL MONTH: 0.0 INCH 5 = HAIL
GRTST 24HR 0.0 6 = FREEZING RAIN OR DRIZZLE
GRTST DEPTH: 0 7 = DUSTSTORM OR SANDSTORM:
VSBY 1/2 MILE OR LESS
8 = SMOKE OR HAZE
[NO. OF DAYS WITH] [WEATHER - DAYS WITH] 9 = BLOWING SNOW
X = TORNADO
MAX 32 OR BELOW: 0 0.01 INCH OR MORE: 4
MAX 90 OR ABOVE: 0 0.10 INCH OR MORE: 2
MIN 32 OR BELOW: 3 0.50 INCH OR MORE: 1
MIN 0 OR BELOW: 0 1.00 INCH OR MORE: 1
[HDD (BASE 65) ]
TOTAL THIS MO. 188 CLEAR (SCALE 0-3) 18
DPTR FM NORMAL -52 PTCLDY (SCALE 4-7) 11
TOTAL FM JUL 1 2046 CLOUDY (SCALE 8-10) 2
DPTR FM NORMAL -89
[CDD (BASE 65) ]
TOTAL THIS MO. 22
DPTR FM NORMAL -12 [PRESSURE DATA]
TOTAL FM JAN 1 26 HIGHEST SLP 30.40 ON 31
DPTR FM NORMAL -14 LOWEST SLP 29.47 ON 24
[REMARKS]
#FINAL-03-21#