235
CXUS54 KSJT 011449
CF6JCT
PRELIMINARY LOCAL CLIMATOLOGICAL DATA (WS FORM: F-6)
STATION: JUNCTION
MONTH: FEBRUARY
YEAR: 2021
LATITUDE: 30 18 N
LONGITUDE: 99 28 W
TEMPERATURE IN F: :PCPN: SNOW: WIND :SUNSHINE: SKY :PK WND
================================================================================
1 2 3 4 5 6A 6B 7 8 9 10 11 12 13 14 15 16 17 18
12Z AVG MX 2MIN
DY MAX MIN AVG DEP HDD CDD WTR SNW DPTH SPD SPD DIR MIN PSBL S-S WX SPD DR
================================================================================
1 65 28 47 -2 18 0 0.00 0.0 0 2.9 9 90 M M 0 18 14 70
2 69 34 52 3 13 0 0.00 0.0 0 4.4 17 200 M M 0 8 24 210
3 78 36 57 8 8 0 0.00 0.0 0 5.5 17 200 M M 0 8 25 200
4 80 51 66 17 0 1 0.00 0.0 0 8.6 23 10 M M 0 18 30 10
5 72 45 59 10 6 0 0.00 0.0 0 6.9 14 70 M M 2 20 70
6 71 36 54 5 11 0 0.00 0.0 0 7.7 24 320 M M 2 18 36 310
7 72 27 50 1 15 0 0.00 0.0 0 6.6 22 210 M M 0 8 33 220
8 79 40 60 10 5 0 0.00 0.0 0 6.8 16 210 M M 2 8 23 210
9 71 44 58 8 7 0 0.00 0.0 0 7.6 17 70 M M 3 128 23 70
10 49 32 41 -9 24 0 0.00 0.0 0 10.2 15 40 M M 10 128 20 60
11 32 28 30 -20 35 0 3.33 0.0 0 10.4 22 30 M M 10 12368 29 10
12 30 26 28 -22 37 0 0.00 0.0 0 10.0 17 20 M M 10 18 24 10
13 26 23 25 -25 40 0 T 0.0 0 10.4 16 80 M M 10 168 21 30
14 25 8 17 -34 48 0 0.07 0.0 0 12.9 21 40 M M 10 18 29 350
15 22 7 15 -36 50 0 T 0.0 0 7.8 20 340 M M 6 8 27 360
16 32 8 20 -31 45 0 0.17 0.0 0 5.1 15 130 M M 7 16 19 140
17 38 26 32 -19 33 0 0.02 0.0 0 6.0 21 180 M M 7 128 30 180
18 27 15 21 -30 44 0 0.09 0.0 0 8.5 17 330 M M 9 128 24 350
19 45 10 28 -24 37 0 0.00 0.0 0 2.0 9 190 M M 0 18 12 190
20 59 21 40 -12 25 0 0.00 0.0 0 5.0 18 170 M M 0 18 25 170
21 74 32 53 1 12 0 0.00 0.0 0 8.0 23 200 M M 3 33 200
22 73 31 52 0 13 0 0.00 0.0 0 4.7 17 210 M M 0 18 24 230
23 77 34 56 4 9 0 0.00 0.0 0 7.0 20 190 M M 1 8 28 200
24 80 48 64 11 1 0 0.00 0.0 0 5.8 14 40 M M 2 128 19 40
25 62 46 54 1 11 0 0.00 0.0 0 8.7 16 60 M M 9 8 21 70
26 72 43 58 5 7 0 0.00 0.0 0 3.6 12 130 M M 7 18 15 180
27 74 57 66 12 0 1 T 0.0 0 4.7 17 180 M M 7 128 26 180
28 79 55 67 13 0 2 0.00 0.0 0 6.7 20 40 M M 6 18 26 40
================================================================================
SM 1633 891 554 4 3.68 0.0 194.5 M 123
================================================================================
AV 58.3 31.8 6.9 FASTST M M 4 MAX(MPH)
MISC ----> 24 320 36 310
================================================================================
NOTES:
# LAST OF SEVERAL OCCURRENCES
COLUMN 17 PEAK WIND IN M.P.H.
PRELIMINARY LOCAL CLIMATOLOGICAL DATA (WS FORM: F-6) , PAGE 2
STATION: JUNCTION
MONTH: FEBRUARY
YEAR: 2021
LATITUDE: 30 18 N
LONGITUDE: 99 28 W
[TEMPERATURE DATA] [PRECIPITATION DATA] SYMBOLS USED IN COLUMN 16
AVERAGE MONTHLY: 45.1 TOTAL FOR MONTH: 3.68 1 = FOG OR MIST
DPTR FM NORMAL: -5.7 DPTR FM NORMAL: 2.11 2 = FOG REDUCING VISIBILITY
HIGHEST: 80 ON 4,24 GRTST 24HR 3.33 ON 11-11 TO 1/4 MILE OR LESS
LOWEST: 7 ON 15 3 = THUNDER
SNOW, ICE PELLETS, HAIL 4 = ICE PELLETS
TOTAL MONTH: 0.0 INCH 5 = HAIL
GRTST 24HR 0.0 6 = FREEZING RAIN OR DRIZZLE
GRTST DEPTH: 0 7 = DUSTSTORM OR SANDSTORM:
VSBY 1/2 MILE OR LESS
8 = SMOKE OR HAZE
[NO. OF DAYS WITH] [WEATHER - DAYS WITH] 9 = BLOWING SNOW
X = TORNADO
MAX 32 OR BELOW: 7 0.01 INCH OR MORE: 5
MAX 90 OR ABOVE: 0 0.10 INCH OR MORE: 2
MIN 32 OR BELOW: 15 0.50 INCH OR MORE: 1
MIN 0 OR BELOW: 0 1.00 INCH OR MORE: 1
[HDD (BASE 65) ]
TOTAL THIS MO. 554 CLEAR (SCALE 0-3) 14
DPTR FM NORMAL 153 PTCLDY (SCALE 4-7) 7
TOTAL FM JUL 1 1858 CLOUDY (SCALE 8-10) 7
DPTR FM NORMAL -37
[CDD (BASE 65) ]
TOTAL THIS MO. 4
DPTR FM NORMAL -1 [PRESSURE DATA]
TOTAL FM JAN 1 4 HIGHEST SLP 30.55 ON 19
DPTR FM NORMAL 3 LOWEST SLP 29.70 ON 27
[REMARKS]
#FINAL-02-21#