000
CXUS55 KGGW 010810
CF6JDN
PRELIMINARY LOCAL CLIMATOLOGICAL DATA (WS FORM: F-6)
STATION: JORDAN ASOS MT
MONTH: MAY
YEAR: 2023
LATITUDE: 47 19 N
LONGITUDE: 106 50 W
TEMPERATURE IN F: :PCPN: SNOW: WIND :SUNSHINE: SKY :PK WND
================================================================================
1 2 3 4 5 6A 6B 7 8 9 10 11 12 13 14 15 16 17 18
12Z AVG MX 2MIN
DY MAX MIN AVG DEP HDD CDD WTR SNW DPTH SPD SPD DIR MIN PSBL S-S WX SPD DR
================================================================================
1 71 36 54 6 11 0 0.00 M M 12.3 23 100 M M 0 34 110
2 79 39 59 10 6 0 0.00 M M 12.3 22 140 M M 0 32 140
3 82 37 60 11 5 0 0.00 M M 4.0 15 100 M M 0 26 100
4 85 37 61 12 4 0 0.00 M M 10.6 22 100 M M 0 35 130
5 77 50 64 14 1 0 0.05 M M 11.7 24 150 M M 0 33 150
6 62 47 55 5 10 0 0.14 M M 13.3 22 100 M M 0 31 90
7 67 46 57 7 8 0 0.29 M M 6.9 24 350 M M 0 30 260
8 68 41 55 4 10 0 0.00 M M 7.7 28 220 M M 0 35 220
9 70 36 53 2 12 0 0.09 M M 7.3 37 250 M M 0 56 230
10 71 37 54 2 11 0 0.06 M M 6.4 22 190 M M 0 29 180
11 55 52 54 2 11 0 0.43 M M 9.8 16 10 M M 0 20 360
12 57 51 54 2 11 0 0.03 M M 12.5 18 10 M M 0 24 20
13 56 50 53 1 12 0 0.19 M M 12.7 24 50 M M 0 31 50
14 72 50 61 8 4 0 0.01 M M 8.6 22 120 M M 0 29 120
15 76 45 61 8 4 0 0.00 M M 7.3 14 150 M M 0 25 160
16 84 50 67 13 0 2 0.00 M M 5.8 22 310 M M 0 29 300
17 65 46 56 2 9 0 0.01 M M 11.9 30 10 M M 0 37 360
18 58 37 48 -6 17 0 0.00 M M 8.2 17 350 M M 0 24 10
19 72 31 52 -3 13 0 0.00 M M 6.8 15 180 M M 0 33 180
20 83 40 62 7 3 0 0.00 M M 4.8 15 20 M M 0 20 20
21 79 46 63 8 2 0 0.00 M M 4.8 10 90 M M 0 14 120
22 89 45 67 11 0 2 0.54 M M 9.1 31 300 M M 0 41 310
23 79 53 66 10 0 1 0.07 M M 7.8 22 20 M M 0 26 10
24 84 57 71 15 0 6 0.19 M M 8.9 23 340 M M 0 32 340
25 77 55 66 9 0 1 0.28 M M 7.9 32 310 M M 0 44 320
26 72 54 63 6 2 0 0.47 M M 6.9 23 160 M M 0 34 160
27 76 57 67 10 0 2 0.08 M M 5.3 29 290 M M 0 42 270
28 76 54 65 7 0 0 0.00 M M 5.1 16 320 M M 0 23 310
29 78 52 65 7 0 0 0.00 M M 6.0 20 270 M M 0 25 260
30 82 51 67 9 0 2 0.00 M M 3.0 15 290 M M 0 18 300
31 85 51 68 9 0 3 0.00 M M 8.2 21 320 M M 0 32 310
================================================================================
SM 2287 1433 166 19 2.93 M 253.9 M 0
================================================================================
AV 73.8 46.2 8.2 FASTST M M 0 MAX(MPH)
MISC ----> 37 250 56 230
================================================================================
NOTES:
# LAST OF SEVERAL OCCURRENCES
COLUMN 17 PEAK WIND IN M.P.H.
PRELIMINARY LOCAL CLIMATOLOGICAL DATA (WS FORM: F-6) , PAGE 2
STATION: JORDAN ASOS MT
MONTH: MAY
YEAR: 2023
LATITUDE: 47 19 N
LONGITUDE: 106 50 W
[TEMPERATURE DATA] [PRECIPITATION DATA] SYMBOLS USED IN COLUMN 16
AVERAGE MONTHLY: 60.0 TOTAL FOR MONTH: 2.93 1 = FOG OR MIST
DPTR FM NORMAL: 6.5 DPTR FM NORMAL: 0.93 2 = FOG REDUCING VISIBILITY
HIGHEST: 89 ON 22 GRTST 24HR 0.55 ON 26-27 TO 1/4 MILE OR LESS
LOWEST: 31 ON 19 3 = THUNDER
SNOW, ICE PELLETS, HAIL 4 = ICE PELLETS
TOTAL MONTH: M 5 = HAIL
GRTST 24HR M ON M 6 = FREEZING RAIN OR DRIZZLE
GRTST DEPTH: M ON M 7 = DUSTSTORM OR SANDSTORM:
VSBY 1/2 MILE OR LESS
8 = SMOKE OR HAZE
[NO. OF DAYS WITH] [WEATHER - DAYS WITH] 9 = BLOWING SNOW
X = TORNADO
MAX 32 OR BELOW: 0 0.01 INCH OR MORE: 16
MAX 90 OR ABOVE: 0 0.10 INCH OR MORE: 8
MIN 32 OR BELOW: 1 0.50 INCH OR MORE: 1
MIN 0 OR BELOW: 0 1.00 INCH OR MORE: 0
[HDD (BASE 65) ]
TOTAL THIS MO. 166 CLEAR (SCALE 0-3) 31
DPTR FM NORMAL -197 PTCLDY (SCALE 4-7) 0
TOTAL FM JUL 1 7944 CLOUDY (SCALE 8-10) 0
DPTR FM NORMAL 15
[CDD (BASE 65) ]
TOTAL THIS MO. 19
DPTR FM NORMAL 11 [PRESSURE DATA]
TOTAL FM JAN 1 21 HIGHEST SLP M ON M
DPTR FM NORMAL 13 LOWEST SLP 29.66 ON 22
[REMARKS]
#FINAL-05-23#