000
CXUS55 KGGW 010910
CF6JDN
PRELIMINARY LOCAL CLIMATOLOGICAL DATA (WS FORM: F-6)
STATION: JORDAN ASOS MT
MONTH: FEBRUARY
YEAR: 2023
LATITUDE: 47 19 N
LONGITUDE: 106 50 W
TEMPERATURE IN F: :PCPN: SNOW: WIND :SUNSHINE: SKY :PK WND
================================================================================
1 2 3 4 5 6A 6B 7 8 9 10 11 12 13 14 15 16 17 18
12Z AVG MX 2MIN
DY MAX MIN AVG DEP HDD CDD WTR SNW DPTH SPD SPD DIR MIN PSBL S-S WX SPD DR
================================================================================
1 40 10 25 6 40 0 0.00 M M 9.0 21 360 M M 0 30 340
2 17 3 10 -9 55 0 0.00 M M 10.0 14 120 M M 0 M M
3 48 11 30 11 35 0 0.00 M M 5.5 15 260 M M 0 M M
4 49 26 38 18 27 0 0.00 M M 10.3 18 280 M M 0 30 280
5 45 25 35 15 30 0 0.00 M M 4.5 12 170 M M 0 18 170
6 43 32 38 18 27 0 0.00 M M 11.1 23 300 M M 0 35 310
7 48 31 40 20 25 0 0.00 M M 7.9 15 260 M M 0 M M
8 42 28 35 15 30 0 0.01 M M 15.5 29 340 M M 0 44 280
9 40 18 29 8 36 0 0.01 M M 8.5 17 330 M M 0 M M
10 51 30 41 20 24 0 0.00 M M 6.7 14 250 M M 0 M M
11 46 29 38 17 27 0 0.00 M M 5.5 9 340 M M 0 M M
12 48 30 39 18 26 0 0.00 M M 8.0 14 290 M M 0 21 240
13 48 33 41 19 24 0 0.00 M M 5.9 12 240 M M 0 M M
14 35 14 25 3 40 0 0.01 M M 19.3 29 330 M M 0 40 330
15 33 12 23 1 42 0 0.00 M M 10.5 20 240 M M 0 24 230
16 40 15 28 6 37 0 0.00 M M 8.1 16 210 M M 0 M M
17 45 26 36 13 29 0 0.00 M M 9.1 28 290 M M 0 40 290
18 38 25 32 9 33 0 0.00 M M 7.1 16 300 M M 0 20 280
19 40 23 32 9 33 0 0.00 M M 8.8 25 270 M M 0 34 260
20 34 25 30 6 35 0 0.07 M M 10.9 22 350 M M 0 30 330
21 25 -2 12 -12 53 0 0.40 M M 18.6 31 30 M M 0 39 30
22 -2 -8 -5 -29 70 0 0.10 M M 10.8 17 60 M M 0 22 50
23 -2 -24 -13 -38 78 0 0.05 M M 5.3 13 60 M M 0 16 60
24 17 -27 -5 -30 70 0 0.00 M M 6.4 25 230 M M 0 35 220
25 33 9 21 -5 44 0 0.00 M M 6.2 21 260 M M 0 26 260
26 46 12 29 3 36 0 0.01 0.0 M 4.4 33 280 M M 0 50 270
27 39 15 27 1 38 0 0.01 M M 8.8 23 280 M M 0 30 290
28 32 14 23 -4 42 0 0.01 M M 8.4 16 50 M M 0 19 50
================================================================================
SM 1018 435 1086 0 0.68 0.0 251.0 M 0
================================================================================
AV 36.4 15.5 9.0 FASTST M M 0 MAX(MPH)
MISC ----> 33 280 50 270
================================================================================
NOTES:
# LAST OF SEVERAL OCCURRENCES
COLUMN 17 PEAK WIND IN M.P.H.
PRELIMINARY LOCAL CLIMATOLOGICAL DATA (WS FORM: F-6) , PAGE 2
STATION: JORDAN ASOS MT
MONTH: FEBRUARY
YEAR: 2023
LATITUDE: 47 19 N
LONGITUDE: 106 50 W
[TEMPERATURE DATA] [PRECIPITATION DATA] SYMBOLS USED IN COLUMN 16
AVERAGE MONTHLY: 25.9 TOTAL FOR MONTH: 0.68 1 = FOG OR MIST
DPTR FM NORMAL: 3.5 DPTR FM NORMAL: 0.25 2 = FOG REDUCING VISIBILITY
HIGHEST: 51 ON 10 GRTST 24HR 0.46 ON 20-21 TO 1/4 MILE OR LESS
LOWEST: -27 ON 24 3 = THUNDER
SNOW, ICE PELLETS, HAIL 4 = ICE PELLETS
TOTAL MONTH: 0.0 INCH 5 = HAIL
GRTST 24HR 0.0 6 = FREEZING RAIN OR DRIZZLE
GRTST DEPTH: M ON M 7 = DUSTSTORM OR SANDSTORM:
VSBY 1/2 MILE OR LESS
8 = SMOKE OR HAZE
[NO. OF DAYS WITH] [WEATHER - DAYS WITH] 9 = BLOWING SNOW
X = TORNADO
MAX 32 OR BELOW: 6 0.01 INCH OR MORE: 10
MAX 90 OR ABOVE: 0 0.10 INCH OR MORE: 2
MIN 32 OR BELOW: 27 0.50 INCH OR MORE: 0
MIN 0 OR BELOW: 4 1.00 INCH OR MORE: 0
[HDD (BASE 65) ]
TOTAL THIS MO. 1086 CLEAR (SCALE 0-3) 28
DPTR FM NORMAL -108 PTCLDY (SCALE 4-7) 0
TOTAL FM JUL 1 5829 CLOUDY (SCALE 8-10) 0
DPTR FM NORMAL -124
[CDD (BASE 65) ]
TOTAL THIS MO. 0
DPTR FM NORMAL 0 [PRESSURE DATA]
TOTAL FM JAN 1 0 HIGHEST SLP M ON M
DPTR FM NORMAL 0 LOWEST SLP 29.31 ON 26
[REMARKS]
#FINAL-02-23#