000
CXUS51 KOKX 011444
CLMJFK
CLIMATE REPORT
NATIONAL WEATHER SERVICE NEW YORK, NY
1021 AM EDT FRI SEP 01 2023
...................................
...THE KENNEDY NY CLIMATE SUMMARY FOR THE MONTH OF AUGUST 2023...
CLIMATE NORMAL PERIOD 1991 TO 2020
CLIMATE RECORD PERIOD 1948 TO 2023
WEATHER OBSERVED NORMAL DEPART LAST YEAR`S
VALUE DATE(S) VALUE FROM VALUE DATE(S)
NORMAL
................................................................
TEMPERATURE (F)
RECORD
HIGH 101 08/27/1948
LOW 46 08/31/1965
HIGHEST 89 08/13 MM MM 93 08/09
LOWEST 62 08/02 MM MM 63 08/16
AVG. MAXIMUM 80.8 82.2 -1.4 86.4
AVG. MINIMUM 67.4 67.8 -0.4 71.0
MEAN 74.1 75.0 -0.9 78.7
DAYS MAX >= 90 0 3.0 -3.0 5
DAYS MAX <= 32 0 0.0 0.0 0
DAYS MIN <= 32 0 0.0 0.0 0
DAYS MIN <= 0 0 0.0 0.0 0
PRECIPITATION (INCHES)
RECORD
MAXIMUM 17.41 1955
MINIMUM 0.22 1995
TOTALS 4.01 4.11 -0.10 0.85
DAILY AVG. 0.13 0.13 -0.00 0.03
DAYS >= .01 12 9.0 3.0 7
DAYS >= .10 10 5.7 4.3 3
DAYS >= .50 3 2.4 0.6 0
DAYS >= 1.00 0 1.1 -1.1 0
GREATEST
24 HR. TOTAL 0.83 08/07 TO 08/07 0.35 08/11 TO 08/11
STORM TOTAL 0.83 0.35
(MM/DD(HH)) MM
SNOWFALL (INCHES)
RECORDS
TOTAL MM 0
24 HR TOTAL MM
TOTALS 0.0 0.0 0.0 0.0
LIQUID EQUIV 0.00 0.00 0.00 0.00
SINCE 7/1 0.0 0.0 0.0
LIQUID 7/1 0.00 0.00 MM
DAYS >= TRACE 0 0.0 0.0 0
DAYS >= 1.0 0 0.0 0.0 0
GREATEST
SNOW DEPTH 0 0 MM
24 HR TOTAL MM MM
STORM TOTAL 0.0 0.0
(MM/DD(HH)) MM
DEGREE DAYS
HEATING TOTAL 0 1 -1 0
SINCE 7/1 0 0 0 MM
COOLING TOTAL 291 311 -20 431
SINCE 1/1 856 866 -10 MM
................................................................
WIND (MPH)
AVERAGE WIND SPEED 10.4
HIGHEST WIND SPEED/DIRECTION 29/300 DATE 08/08
HIGHEST GUST SPEED/DIRECTION 37/300 DATE 08/08
SKY COVER
POSSIBLE SUNSHINE (PERCENT) MM
AVERAGE SKY COVER 0.67
NUMBER OF DAYS FAIR 2
NUMBER OF DAYS PC 18
NUMBER OF DAYS CLOUDY 11
AVERAGE RH (PERCENT) 72
WEATHER CONDITIONS. NUMBER OF DAYS WITH
THUNDERSTORM 5 MIXED PRECIP 0
HEAVY RAIN 6 RAIN 7
LIGHT RAIN 13 FREEZING RAIN 0
LT FREEZING RAIN 0 HAIL 0
HEAVY SNOW 0 SNOW 0
LIGHT SNOW 0 SLEET 0
FOG 13 FOG W/VIS <= 1/4 MILE 0
HAZE 0
- INDICATES NEGATIVE NUMBERS.
R INDICATES RECORD WAS SET OR TIED.
MM INDICATES DATA IS MISSING.
T INDICATES TRACE AMOUNT.
$$